
--
-- Table structure for table `master_kelamin_pmb`
--

CREATE TABLE `master_kelamin_pmb` (
  `kelamin_id` varchar(11) DEFAULT NULL,
  `kelamin_nama` varchar(50) DEFAULT NULL,
  `remark` varchar(50) DEFAULT NULL,
  `created_by` varchar(50) DEFAULT NULL,
  `created_date` varchar(50) DEFAULT NULL,
  `updated_by` varchar(50) DEFAULT NULL,
  `updated_date` varchar(50) DEFAULT NULL
) ENGINE=MyISAM DEFAULT CHARSET=latin1;

--
-- Dumping data for table `master_kelamin_pmb`
--

INSERT INTO `master_kelamin_pmb` VALUES ('L','LAKI-LAKI',NULL,NULL,NULL,NULL,NULL),('P','PEREMPUAN',NULL,NULL,NULL,NULL,NULL);

--
-- Table structure for table `master_lembaga`
--

CREATE TABLE `master_lembaga` (
  `id_lembaga` int(11) NOT NULL AUTO_INCREMENT,
  `nama_lembaga` varchar(500) DEFAULT NULL,
  `remark` text,
  `created_by` varchar(20) DEFAULT NULL,
  `created_date` varchar(20) DEFAULT NULL,
  `updated_by` varchar(20) DEFAULT NULL,
  `updated_date` varchar(20) DEFAULT NULL,
  PRIMARY KEY (`id_lembaga`)
) ENGINE=MyISAM AUTO_INCREMENT=41 DEFAULT CHARSET=latin1;

--
-- Dumping data for table `master_lembaga`
--

INSERT INTO `master_lembaga` VALUES (23,'SDIT ALAMY SUBANG','Sekolah Mitra Subang','ferirustandi','2017-01-25 11:00:55',NULL,NULL),(4,'KUOTA SUBANG','Kuota Daerah Jalan Cagak, Subang, dan sekitarnya','jupriyanto','2017-01-15 13:44:28','suherman','2017-01-19 14:00:33'),(7,'FERI RUSTANDI','','suherman','2017-01-19 13:56:56',NULL,NULL),(8,'MARHUSIN','','suherman','2017-01-19 13:57:11',NULL,NULL),(31,'farhanmuhammad','','agusnurpurwanto','2019-01-16 21:54:27',NULL,NULL),(10,'ABDULLAH MUADZ','','suherman','2017-01-19 13:57:31',NULL,NULL),(11,'SUDIMAN','','suherman','2017-01-19 13:57:38',NULL,NULL),(13,'LULU LUDIAWATY','','suherman','2017-01-19 13:57:58',NULL,NULL),(14,'LALU AGUS PUJIARTA','','suherman','2017-01-19 13:58:05',NULL,NULL),(15,'BUDI MULIA','','suherman','2017-01-19 13:58:11',NULL,NULL),(16,'ATA SUPARTA','','suherman','2017-01-19 13:58:18',NULL,NULL),(17,'NURUL FATONI','','suherman','2017-01-19 13:58:26',NULL,NULL),(21,'Saudara Pegwai Assyifa','keluarga (adik,ponakan dll)','ferirustandi','2017-01-25 08:21:23',NULL,NULL),(20,'DPD PKS','Pengurus-kader dll','ferirustandi','2017-01-25 08:17:00','ferirustandi','2017-01-25 08:18:27'),(22,'KUOTA DAERAH','anak koord, panitia dll','ferirustandi','2017-01-25 08:23:53','marhusin','2017-01-25 10:13:07'),(24,'KUOTA DR. SULEIMAN QATAR','QATAR','atasuparta','2017-01-25 11:08:14',NULL,NULL),(25,'Ma`rifatussalam','','agusnurpurwanto','2017-01-25 11:09:42',NULL,NULL),(30,'CADANGAN','SUSULAN','ferirustandi','2017-02-09 14:43:04',NULL,NULL),(27,'DR SULAIMAN INDO','DEWAN PEMBINA (KUDU WAJIB)','ferirustandi','2017-01-25 11:46:07',NULL,NULL),(28,'DPW ','kader,familly dll','ferirustandi','2017-01-25 11:55:32',NULL,NULL),(29,'SMPIT AL-UKHUWAH SBG','sekolah mitra subang','ferirustandi','2017-01-25 16:49:41',NULL,NULL),(32,'nurulkomar','','agusnurpurwanto','2019-01-16 22:23:40',NULL,NULL),(33,'herisugianto','','herisugianto','2019-01-17 13:38:14',NULL,NULL),(35,'gozali','','herisugianto','2019-01-17 13:41:48',NULL,NULL),(36,'SDIT IBNU KHALDUN','Sekolah Mitra',NULL,NULL,NULL,NULL),(37,'SMPIT ALAMY','Sekolah Mitra',NULL,NULL,NULL,NULL),(38,'abdurahimcasim','','agusnurpurwanto','2020-01-01 22:23:42',NULL,NULL),(39,'ahmadluthfi','KUOTA DAERAH','herisugianto','2020-01-02 14:10:38','herisugianto','2020-01-02 14:10:59'),(40,'achmadsofwan','KUOTA DAERAH 2','herisugianto','2020-01-02 14:11:50',NULL,NULL);

--
-- Table structure for table `master_negara_pmb`
--

CREATE TABLE `master_negara_pmb` (
  `negara_id` int(11) NOT NULL AUTO_INCREMENT,
  `negara_nama` varchar(50) DEFAULT NULL,
  `remark` varchar(50) DEFAULT NULL,
  `created_by` varchar(50) DEFAULT NULL,
  `created_date` varchar(50) DEFAULT NULL,
  `updated_by` varchar(50) DEFAULT NULL,
  `updated_date` varchar(50) DEFAULT NULL,
  PRIMARY KEY (`negara_id`)
) ENGINE=MyISAM AUTO_INCREMENT=37 DEFAULT CHARSET=latin1;

--
-- Dumping data for table `master_negara_pmb`
--

INSERT INTO `master_negara_pmb` VALUES (1,'INDONESIA',NULL,NULL,NULL,NULL,NULL),(2,'MALAYSIA',NULL,NULL,NULL,NULL,NULL),(4,'QATAR','','','2012-12-03 20:22:40',NULL,NULL),(7,'AUSTRALIA','','Admin','2012-12-15 09:52:47',NULL,NULL),(8,'SELANDIA BARU','','Admin','2012-12-15 09:52:57',NULL,NULL),(18,'THAILAND','','Admin','2013-12-09 10:53:32',NULL,NULL),(23,'UNI EMIRATE ARAB','','','2014-01-04 05:40:19','Admin','2014-01-08 12:44:44'),(22,'JEPANG','','','2013-12-26 08:49:23','Admin','2013-12-26 13:45:05'),(24,'SINGAPURA','','luthfizulhimi','2016-12-18 09:56:08',NULL,NULL),(25,'SAUDI ARABIA','','suherman','2018-10-01 20:31:40',NULL,NULL),(26,'AMERIKA','','suherman','2018-10-01 20:31:49',NULL,NULL),(27,'INGGRIS','','suherman','2018-10-01 20:31:55',NULL,NULL),(28,'PERANCIS','','suherman','2018-10-01 20:32:01',NULL,NULL),(29,'ITALIA','','suherman','2018-10-01 20:32:06',NULL,NULL),(30,'BRUNEI DARUSSALAM','','suherman','2018-10-01 20:32:36',NULL,NULL),(31,'VIETNAM','','suherman','2018-10-01 20:32:44',NULL,NULL),(32,'JERMAN','','suherman','2018-10-01 20:33:12',NULL,NULL),(33,'SPANYOL','','suherman','2018-10-01 20:33:18',NULL,NULL),(34,'BELANDA','OK','suherman','2018-10-08 15:12:06',NULL,NULL),(35,'IRAQ','Ok','suherman','2018-10-08 16:19:01',NULL,NULL),(36,'TIMOR LESTE','TIMOR LESTE','suherman','2018-12-09 05:13:41',NULL,NULL),(0,'-',NULL,NULL,NULL,NULL,NULL),(3,'KUWAIT','KUWAIT','suherman','2018-12-09 05:13:41',NULL,NULL);

--
-- Table structure for table `master_nilai`
--

CREATE TABLE `master_nilai` (
  `kode` varchar(50) DEFAULT NULL,
  `no_id` varchar(50) DEFAULT NULL,
  `nilai_input` varchar(50) DEFAULT NULL,
  `nilai_hasil` varchar(50) DEFAULT NULL,
  `remark` varchar(50) DEFAULT NULL,
  `created_by` varchar(50) DEFAULT NULL,
  `created_date` varchar(50) DEFAULT NULL,
  `updated_by` varchar(50) DEFAULT NULL,
  `updated_date` varchar(50) DEFAULT NULL
) ENGINE=MyISAM DEFAULT CHARSET=latin1;

--
-- Dumping data for table `master_nilai`
--

INSERT INTO `master_nilai` VALUES ('CALON_MURID_SMP','1','A','4',NULL,NULL,NULL,NULL,NULL),('CALON_MURID_SMP','1','B','3',NULL,NULL,NULL,NULL,NULL),('CALON_MURID_SMP','1','C','2',NULL,NULL,NULL,NULL,NULL),('CALON_MURID_SMP','1','D','1',NULL,NULL,NULL,NULL,NULL),('CALON_MURID_SMP','2','A','4',NULL,NULL,NULL,NULL,NULL),('CALON_MURID_SMP','2','B','3',NULL,NULL,NULL,NULL,NULL),('CALON_MURID_SMP','2','C','2',NULL,NULL,NULL,NULL,NULL),('CALON_MURID_SMP','2','D','1',NULL,NULL,NULL,NULL,NULL),('CALON_MURID_SMP','3','A','4',NULL,NULL,NULL,NULL,NULL),('CALON_MURID_SMP','3','B','3',NULL,NULL,NULL,NULL,NULL),('CALON_MURID_SMP','3','C','2',NULL,NULL,NULL,NULL,NULL),('CALON_MURID_SMP','3','D','1',NULL,NULL,NULL,NULL,NULL),('CALON_MURID_SMP','4','A','4',NULL,NULL,NULL,NULL,NULL),('CALON_MURID_SMP','4','B','3',NULL,NULL,NULL,NULL,NULL),('CALON_MURID_SMP','4','C','2',NULL,NULL,NULL,NULL,NULL),('CALON_MURID_SMP','4','D','1',NULL,NULL,NULL,NULL,NULL),('CALON_MURID_SMP','5','A','4',NULL,NULL,NULL,NULL,NULL),('CALON_MURID_SMP','5','B','3',NULL,NULL,NULL,NULL,NULL),('CALON_MURID_SMP','5','C','2',NULL,NULL,NULL,NULL,NULL),('CALON_MURID_SMP','5','D','1',NULL,NULL,NULL,NULL,NULL),('CALON_MURID_SMP','6','A','15',NULL,NULL,NULL,NULL,NULL),('CALON_MURID_SMP','6','B','10',NULL,NULL,NULL,NULL,NULL),('CALON_MURID_SMP','6','C','5',NULL,NULL,NULL,NULL,NULL),('CALON_MURID_SMP','6','D','3',NULL,NULL,NULL,NULL,NULL),('CALON_MURID_SMP','7','A','4',NULL,NULL,NULL,NULL,NULL),('CALON_MURID_SMP','7','B','3',NULL,NULL,NULL,NULL,NULL),('CALON_MURID_SMP','7','C','2',NULL,NULL,NULL,NULL,NULL),('CALON_MURID_SMP','7','D','1',NULL,NULL,NULL,NULL,NULL),('CALON_MURID_SMP','8','A','4',NULL,NULL,NULL,NULL,NULL),('CALON_MURID_SMP','8','B','3',NULL,NULL,NULL,NULL,NULL),('CALON_MURID_SMP','8','C','2',NULL,NULL,NULL,NULL,NULL),('CALON_MURID_SMP','8','D','1',NULL,NULL,NULL,NULL,NULL),('CALON_MURID_SMP','9','A','4',NULL,NULL,NULL,NULL,NULL),('CALON_MURID_SMP','9','B','3',NULL,NULL,NULL,NULL,NULL),('CALON_MURID_SMP','9','C','2',NULL,NULL,NULL,NULL,NULL),('CALON_MURID_SMP','9','D','1',NULL,NULL,NULL,NULL,NULL),('CALON_MURID_SMP','10','A','4',NULL,NULL,NULL,NULL,NULL),('CALON_MURID_SMP','10','B','3',NULL,NULL,NULL,NULL,NULL),('CALON_MURID_SMP','10','C','2',NULL,NULL,NULL,NULL,NULL),('CALON_MURID_SMP','10','D','1',NULL,NULL,NULL,NULL,NULL),('CALON_MURID_SMP','11','A','4',NULL,NULL,NULL,NULL,NULL),('CALON_MURID_SMP','11','B','3',NULL,NULL,NULL,NULL,NULL),('CALON_MURID_SMP','11','C','2',NULL,NULL,NULL,NULL,NULL),('CALON_MURID_SMP','11','D','1',NULL,NULL,NULL,NULL,NULL),('CALON_MURID_SMP','12','A','-5',NULL,NULL,NULL,NULL,NULL),('CALON_MURID_SMP','12','B','-3',NULL,NULL,NULL,NULL,NULL),('CALON_MURID_SMP','12','C','-1',NULL,NULL,NULL,NULL,NULL),('CALON_MURID_SMP','12','D','4',NULL,NULL,NULL,NULL,NULL),('CALON_MURID_SMP','13','A','4',NULL,NULL,NULL,NULL,NULL),('CALON_MURID_SMP','13','B','3',NULL,NULL,NULL,NULL,NULL),('CALON_MURID_SMP','13','C','2',NULL,NULL,NULL,NULL,NULL),('CALON_MURID_SMP','13','D','1',NULL,NULL,NULL,NULL,NULL),('CALON_MURID_SMP','14','A','4',NULL,NULL,NULL,NULL,NULL),('CALON_MURID_SMP','14','B','3',NULL,NULL,NULL,NULL,NULL),('CALON_MURID_SMP','14','C','2',NULL,NULL,NULL,NULL,NULL),('CALON_MURID_SMP','14','D','1',NULL,NULL,NULL,NULL,NULL),('CALON_MURID_SMP','15','A','4',NULL,NULL,NULL,NULL,NULL),('CALON_MURID_SMP','15','B','3',NULL,NULL,NULL,NULL,NULL),('CALON_MURID_SMP','15','C','2',NULL,NULL,NULL,NULL,NULL),('CALON_MURID_SMP','15','D','1',NULL,NULL,NULL,NULL,NULL),('CALON_MURID_SMP','16','A','4',NULL,NULL,NULL,NULL,NULL),('CALON_MURID_SMP','16','B','3',NULL,NULL,NULL,NULL,NULL),('CALON_MURID_SMP','16','C','2',NULL,NULL,NULL,NULL,NULL),('CALON_MURID_SMP','16','D','1',NULL,NULL,NULL,NULL,NULL),('CALON_MURID_SMP','17','A','-5',NULL,NULL,NULL,NULL,NULL),('CALON_MURID_SMP','17','B','-3',NULL,NULL,NULL,NULL,NULL),('CALON_MURID_SMP','17','C','-1',NULL,NULL,NULL,NULL,NULL),('CALON_MURID_SMP','17','D','4',NULL,NULL,NULL,NULL,NULL),('CALON_MURID_SMP','18','A','4',NULL,NULL,NULL,NULL,NULL),('CALON_MURID_SMP','18','B','3',NULL,NULL,NULL,NULL,NULL),('CALON_MURID_SMP','18','C','2',NULL,NULL,NULL,NULL,NULL),('CALON_MURID_SMP','18','D','1',NULL,NULL,NULL,NULL,NULL),('CALON_MURID_SMP','19','A','4',NULL,NULL,NULL,NULL,NULL),('CALON_MURID_SMP','19','B','3',NULL,NULL,NULL,NULL,NULL),('CALON_MURID_SMP','19','C','2',NULL,NULL,NULL,NULL,NULL),('CALON_MURID_SMP','19','D','1',NULL,NULL,NULL,NULL,NULL),('CALON_MURID_SMP','20','A','4',NULL,NULL,NULL,NULL,NULL),('CALON_MURID_SMP','20','B','3',NULL,NULL,NULL,NULL,NULL),('CALON_MURID_SMP','20','C','2',NULL,NULL,NULL,NULL,NULL),('CALON_MURID_SMP','20','D','1',NULL,NULL,NULL,NULL,NULL),('CALON_MURID_SMP','21','A','4',NULL,NULL,NULL,NULL,NULL),('CALON_MURID_SMP','21','B','3',NULL,NULL,NULL,NULL,NULL),('CALON_MURID_SMP','21','C','2',NULL,NULL,NULL,NULL,NULL),('CALON_MURID_SMP','21','D','1',NULL,NULL,NULL,NULL,NULL),('CALON_MURID_SMP','22','A','4',NULL,NULL,NULL,NULL,NULL),('CALON_MURID_SMP','22','B','3',NULL,NULL,NULL,NULL,NULL),('CALON_MURID_SMP','22','C','2',NULL,NULL,NULL,NULL,NULL),('CALON_MURID_SMP','22','D','1',NULL,NULL,NULL,NULL,NULL),('CALON_MURID_SMP','23','A','4',NULL,NULL,NULL,NULL,NULL),('CALON_MURID_SMP','23','B','-3',NULL,NULL,NULL,NULL,NULL),('CALON_MURID_SMP','23','C','-5',NULL,NULL,NULL,NULL,NULL),('CALON_MURID_SMP','23','D','-10',NULL,NULL,NULL,NULL,NULL),('CALON_MURID_SMP','24','A','4',NULL,NULL,NULL,NULL,NULL),('CALON_MURID_SMP','24','B','-3',NULL,NULL,NULL,NULL,NULL),('CALON_MURID_SMP','24','C','-5',NULL,NULL,NULL,NULL,NULL),('CALON_MURID_SMP','24','D','-10',NULL,NULL,NULL,NULL,NULL),('CALON_MURID_SMP','25','A','4',NULL,NULL,NULL,NULL,NULL),('CALON_MURID_SMP','25','B','3',NULL,NULL,NULL,NULL,NULL),('CALON_MURID_SMP','25','C','2',NULL,NULL,NULL,NULL,NULL),('CALON_MURID_SMP','25','D','1',NULL,NULL,NULL,NULL,NULL),('CALON_MURID_SMP','26','A','4',NULL,NULL,NULL,NULL,NULL),('CALON_MURID_SMP','26','B','3',NULL,NULL,NULL,NULL,NULL),('CALON_MURID_SMP','26','C','2',NULL,NULL,NULL,NULL,NULL),('CALON_MURID_SMP','26','D','1',NULL,NULL,NULL,NULL,NULL),('CALON_MURID_SMP','27','A','4',NULL,NULL,NULL,NULL,NULL),('CALON_MURID_SMP','27','B','3',NULL,NULL,NULL,NULL,NULL),('CALON_MURID_SMP','27','C','2',NULL,NULL,NULL,NULL,NULL),('CALON_MURID_SMP','27','D','1',NULL,NULL,NULL,NULL,NULL),('CALON_MURID_SMP','28','A','4',NULL,NULL,NULL,NULL,NULL),('CALON_MURID_SMP','28','B','3',NULL,NULL,NULL,NULL,NULL),('CALON_MURID_SMP','28','C','-25',NULL,NULL,NULL,NULL,NULL),('CALON_MURID_SMP','28','D','-15',NULL,NULL,NULL,NULL,NULL),('CALON_MURID_SMP','29','A','4',NULL,NULL,NULL,NULL,NULL),('CALON_MURID_SMP','29','B','3',NULL,NULL,NULL,NULL,NULL),('CALON_MURID_SMP','29','C','2',NULL,NULL,NULL,NULL,NULL),('CALON_MURID_SMP','29','D','1',NULL,NULL,NULL,NULL,NULL),('CALON_MURID_SMP','30','A','4',NULL,NULL,NULL,NULL,NULL),('CALON_MURID_SMP','30','B','3',NULL,NULL,NULL,NULL,NULL),('CALON_MURID_SMP','30','C','2',NULL,NULL,NULL,NULL,NULL),('CALON_MURID_SMP','30','D','1',NULL,NULL,NULL,NULL,NULL),('CALON_MURID_SMP','31','A','4',NULL,NULL,NULL,NULL,NULL),('CALON_MURID_SMP','31','B','3',NULL,NULL,NULL,NULL,NULL),('CALON_MURID_SMP','31','C','2',NULL,NULL,NULL,NULL,NULL),('CALON_MURID_SMP','31','D','1',NULL,NULL,NULL,NULL,NULL),('CALON_MURID_SMP','32','A','4',NULL,NULL,NULL,NULL,NULL),('CALON_MURID_SMP','32','B','3',NULL,NULL,NULL,NULL,NULL),('CALON_MURID_SMP','32','C','2',NULL,NULL,NULL,NULL,NULL),('CALON_MURID_SMP','32','D','1',NULL,NULL,NULL,NULL,NULL),('CALON_MURID_SMP','33','A','4',NULL,NULL,NULL,NULL,NULL),('CALON_MURID_SMP','33','B','3',NULL,NULL,NULL,NULL,NULL),('CALON_MURID_SMP','33','C','2',NULL,NULL,NULL,NULL,NULL),('CALON_MURID_SMP','33','D','1',NULL,NULL,NULL,NULL,NULL),('CALON_MURID_SMP','34','A','4',NULL,NULL,NULL,NULL,NULL),('CALON_MURID_SMP','34','B','3',NULL,NULL,NULL,NULL,NULL),('CALON_MURID_SMP','34','C','2',NULL,NULL,NULL,NULL,NULL),('CALON_MURID_SMP','34','D','1',NULL,NULL,NULL,NULL,NULL),('CALON_MURID_SMP','35','A','4',NULL,NULL,NULL,NULL,NULL),('CALON_MURID_SMP','35','B','3',NULL,NULL,NULL,NULL,NULL),('CALON_MURID_SMP','35','C','2',NULL,NULL,NULL,NULL,NULL),('CALON_MURID_SMP','35','D','1',NULL,NULL,NULL,NULL,NULL);

--
-- Table structure for table `master_pendidikan_pmb`
--

CREATE TABLE `master_pendidikan_pmb` (
  `pendidikan_id` varchar(11) DEFAULT NULL,
  `pendidikan_nama` varchar(50) DEFAULT NULL,
  `urut` int(50) DEFAULT NULL,
  `remark` varchar(20) DEFAULT NULL,
  `created_by` varchar(50) DEFAULT NULL,
  `created_date` varchar(50) DEFAULT NULL,
  `updated_by` varchar(50) DEFAULT NULL,
  `updated_date` varchar(50) DEFAULT NULL
) ENGINE=MyISAM DEFAULT CHARSET=latin1;

--
-- Dumping data for table `master_pendidikan_pmb`
--

INSERT INTO `master_pendidikan_pmb` VALUES ('TK','TK',1,NULL,NULL,NULL,NULL,NULL),('SD','SD',2,NULL,NULL,NULL,NULL,NULL),('SMP','SMP',3,NULL,NULL,NULL,NULL,NULL),('SMA','SMA',4,NULL,NULL,NULL,NULL,NULL),('D1','D1',5,NULL,NULL,NULL,NULL,NULL),('D2','D2',6,NULL,NULL,NULL,NULL,NULL),('D3','D3',7,NULL,NULL,NULL,NULL,NULL),('D4','D4',8,NULL,NULL,NULL,NULL,NULL),('S1','S1',9,NULL,NULL,NULL,NULL,NULL),('S2','S2',10,NULL,NULL,NULL,NULL,NULL),('S3','S3',11,NULL,NULL,NULL,NULL,NULL);

--
-- Table structure for table `master_pengawas`
--

CREATE TABLE `master_pengawas` (
  `nama` varchar(50) DEFAULT NULL,
  `kode_ruangan` varchar(50) DEFAULT NULL,
  `kode` varchar(50) NOT NULL,
  `remark` int(50) DEFAULT NULL,
  `created_by` varchar(50) DEFAULT NULL,
  `created_date` varchar(50) DEFAULT NULL,
  `updated_by` varchar(50) DEFAULT NULL,
  `updated_date` varchar(50) DEFAULT NULL
) ENGINE=MyISAM DEFAULT CHARSET=latin1;

--
-- Dumping data for table `master_pengawas`
--

INSERT INTO `master_pengawas` VALUES ('Agus','0','sabtu_sbg',0,'agusnurpurwanto','2015-02-13 22:11:56',NULL,NULL),('suparman','0','minggu_sbg',0,'suparman','2015-02-13 23:17:50',NULL,NULL),('test','0','sabtu_sbg',0,'jupriyanto','2015-02-14 00:28:01',NULL,NULL),('ok','0','ahad_sbg',0,'jupriyanto','2015-02-14 00:30:01',NULL,NULL),('wwww','A','sabtu_sbg',0,'jupriyanto','2015-02-14 00:31:59',NULL,NULL),('eee','D','ahad_sbg',0,'jupriyanto','2015-02-14 00:32:40',NULL,NULL),('dsfdsfsf','D','ahad_sbg',0,'jupriyanto','2015-02-14 00:32:43',NULL,NULL),('ss','E','ahad_sbg',0,'jupriyanto','2015-02-14 00:33:09',NULL,NULL),('agus','B','ahad_sbg',0,'agusnurpurwanto','2015-02-14 00:56:32',NULL,NULL);

--
-- Table structure for table `master_petugas`
--

CREATE TABLE `master_petugas` (
  `nama` varchar(150) DEFAULT NULL,
  `email` varchar(150) DEFAULT NULL,
  `kampus` varchar(150) DEFAULT NULL,
  `created_by` varchar(50) DEFAULT NULL,
  `created_date` varchar(50) DEFAULT NULL,
  `updated_by` varchar(50) DEFAULT NULL,
  `updated_date` varchar(50) DEFAULT NULL
) ENGINE=InnoDB DEFAULT CHARSET=latin1;

--
-- Dumping data for table `master_petugas`
--

INSERT INTO `master_petugas` VALUES ('syamsulfuad','syamsulfuad','cagak',NULL,NULL,NULL,NULL),('sofimubarrod','sofimubarrod','cagak',NULL,NULL,NULL,NULL),('sayfululum','sayfululum','cagak',NULL,NULL,NULL,NULL),('qistymaulana','qistymaulana','cipaku',NULL,NULL,NULL,NULL),('nuruddinabdulkholiq','nuruddinabdulkholiq','cagak',NULL,NULL,NULL,NULL),('nurfaizin','nurfaizin','cipaku',NULL,NULL,NULL,NULL),('muhammadnursani','muhammadnursani','cipaku',NULL,NULL,NULL,NULL),('maulana','maulana','cipaku',NULL,NULL,NULL,NULL),('linasofiyati','linasofiyati','cagak',NULL,NULL,NULL,NULL),('enisumarni','enisumarni','cagak',NULL,NULL,NULL,NULL),('dadandanisomarna','dadandanisomarna','cagak',NULL,NULL,NULL,NULL),('arihasanfatoni','arihasanfatoni','cagak',NULL,NULL,NULL,NULL),('andriliana','andriliana','cagak',NULL,NULL,NULL,NULL),('abdulaziz','abdulaziz','cagak',NULL,NULL,NULL,NULL),('yusuframdani','yusuframdani','cagak',NULL,NULL,NULL,NULL),('tezzarghufron','tezzarghufron','cagak',NULL,NULL,NULL,NULL),('sriekajulaeha','sriekajulaeha','cagak',NULL,NULL,NULL,NULL),('rulizafrullah','rulizafrullah','cipaku',NULL,NULL,NULL,NULL),('nihayatulmaram','nihayatulmaram','cagak',NULL,NULL,NULL,NULL),('neniyaninuryani','neniyaninuryani','cagak',NULL,NULL,NULL,NULL),('muhammadhafidzudin','muhammadhafidzudin','cipaku',NULL,NULL,NULL,NULL),('muhammadajrinpadmi','muhammadajrinpadmi','cipaku',NULL,NULL,NULL,NULL),('millatiaulia','millatiaulia','cagak',NULL,NULL,NULL,NULL),('miftahudin','miftahudin','cipaku',NULL,NULL,NULL,NULL),('liamaspupah','liamaspupah','cagak',NULL,NULL,NULL,NULL),('kasmanali','kasmanali','cagak',NULL,NULL,NULL,NULL),('ipicucufashihah','ipicucufashihah','cagak',NULL,NULL,NULL,NULL),('hidayatullah','hidayatullah','cipaku',NULL,NULL,NULL,NULL),('hanif','hanif','cipaku',NULL,NULL,NULL,NULL),('ghozaliumar','ghozaliumar','cagak',NULL,NULL,NULL,NULL),('badriah','badriah','cagak',NULL,NULL,NULL,NULL),('aulianurul','aulianurul','cagak',NULL,NULL,NULL,NULL),('yulipuspitasari','yulipuspitasari','cagak',NULL,NULL,NULL,NULL),('yuliana','yuliana','cagak',NULL,NULL,NULL,NULL),('titinnurullatipah','titinnurullatipah','cagak',NULL,NULL,NULL,NULL),('titinnurullatipah','titinnurullatipah','cagak',NULL,NULL,NULL,NULL),('susi','susi','cagak',NULL,NULL,NULL,NULL),('srimaryani','srimaryani','cagak',NULL,NULL,NULL,NULL),('solehaziszaelani','solehaziszaelani','cagak',NULL,NULL,NULL,NULL),('sitinuraida','sitinuraida','cagak',NULL,NULL,NULL,NULL),('salahuddinalayubi','salahuddinalayubi','cipaku',NULL,NULL,NULL,NULL),('rumaerah','rumaerah','cagak',NULL,NULL,NULL,NULL),('rifkahumaida','rifkahumaida','cagak',NULL,NULL,NULL,NULL),('nurulkomar','nurulkomar','cagak',NULL,NULL,NULL,NULL),('mutiaramadanti','mutiaramadanti','cagak',NULL,NULL,NULL,NULL),('mahfudazis','mahfudazis','cipaku',NULL,NULL,NULL,NULL),('hilmanluqmanulhakim','hilmanluqmanulhakim','cipaku',NULL,NULL,NULL,NULL),('haribudiyana','haribudiyana','cagak',NULL,NULL,NULL,NULL),('gigihpamungkas','gigihpamungkas','cagak',NULL,NULL,NULL,NULL),('fazryfauzan','fazryfauzan','cipaku',NULL,NULL,NULL,NULL),('eshameysa','eshameysa','cagak',NULL,NULL,NULL,NULL),('eshameysa','eshameysa','cagak',NULL,NULL,NULL,NULL),('edikurniakonda','edikurniakonda','cipaku',NULL,NULL,NULL,NULL),('denaarifrachmansyah','denaarifrachmansyah','cagak',NULL,NULL,NULL,NULL),('dadanmuhammadyahya','dadanmuhammadyahya','cipaku',NULL,NULL,NULL,NULL),('benysiswanto','benysiswanto','cipaku',NULL,NULL,NULL,NULL),('auliyamujaddidsyahmasud','auliyamujaddidsyahmasud','cipaku',NULL,NULL,NULL,NULL),('anwarsutisna','anwarsutisna','cipaku',NULL,NULL,NULL,NULL),('alhusainalhabib','alhusainalhabib','cipaku',NULL,NULL,NULL,NULL),('ahmadsahirulalim','ahmadsahirulalim','cagak',NULL,NULL,NULL,NULL),('achmadsofwan','achmadsofwan','cagak',NULL,NULL,NULL,NULL),('acepandriansubagja','acepandriansubagja','cagak',NULL,NULL,NULL,NULL),('abiabidin','abiabidin','cipaku',NULL,NULL,NULL,NULL),('abdulrosid','abdulrosid','cipaku',NULL,NULL,NULL,NULL),('abadiyusuf','abadiyusuf','cipaku',NULL,NULL,NULL,NULL),('wiwinyunita','wiwinyunita','cagak',NULL,NULL,NULL,NULL),('sriariyantiningsih','sriariyantiningsih','cagak',NULL,NULL,NULL,NULL),('ratnasetianingrum','ratnasetianingrum','cagak',NULL,NULL,NULL,NULL),('ratihhastuti','ratihhastuti','cagak',NULL,NULL,NULL,NULL),('nurimamsuroso','nurimamsuroso','cagak',NULL,NULL,NULL,NULL),('nisahanifah','nisahanifah','cagak',NULL,NULL,NULL,NULL),('khaerudin','khaerudin','cagak',NULL,NULL,NULL,NULL),('jubaidah','jubaidah','cagak',NULL,NULL,NULL,NULL),('hikmatromdon','hikmatromdon','cagak',NULL,NULL,NULL,NULL),('herdyyulian','herdyyulian','cagak',NULL,NULL,NULL,NULL),('fritafransiska','fritafransiska','cagak',NULL,NULL,NULL,NULL),('firmansistiawan','firmansistiawan','cagak',NULL,NULL,NULL,NULL),('faiz','faiz','cagak',NULL,NULL,NULL,NULL),('dzikrilhakim','dzikrilhakim','cagak',NULL,NULL,NULL,NULL),('deudeu','deudeu','cagak',NULL,NULL,NULL,NULL),('suherman','suherman','cipaku','agusnurpurwanto','2017-11-04 11:18:17',NULL,NULL),('auliyamujaddidsyahma','auliyamujaddidsyahma','cipaku','agusnurpurwanto','2017-11-10 11:12:42',NULL,NULL);

--
-- Table structure for table `master_petugas_presenter`
--

CREATE TABLE `master_petugas_presenter` (
  `nama` varchar(150) DEFAULT NULL,
  `email` varchar(150) DEFAULT NULL,
  `kampus` varchar(150) DEFAULT NULL,
  `created_by` varchar(50) DEFAULT NULL,
  `created_date` varchar(50) DEFAULT NULL,
  `updated_by` varchar(50) DEFAULT NULL,
  `updated_date` varchar(50) DEFAULT NULL
) ENGINE=InnoDB DEFAULT CHARSET=latin1 ROW_FORMAT=COMPACT;

--
-- Dumping data for table `master_petugas_presenter`
--

INSERT INTO `master_petugas_presenter` VALUES ('Abdullah Muadz','-','-','enangsumarna','2018-10-16 10:05:24',NULL,NULL),('Nurul Fathoni','.','.','burhanuddinmuttaqien','2018-10-20 23:27:30',NULL,NULL),('Sudiman','.','.','burhanuddinmuttaqien','2018-10-20 23:27:43',NULL,NULL),('Lulu Ludiawaty','.','.','burhanuddinmuttaqien','2018-10-20 23:28:11',NULL,NULL),('Lalu Agus Pujiarta','.','.','burhanuddinmuttaqien','2018-10-20 23:28:31',NULL,NULL),('Budi Mulia','.','.','burhanuddinmuttaqien','2018-10-20 23:28:53',NULL,NULL),('Ata Suparta','.','.','burhanuddinmuttaqien','2018-10-20 23:29:18',NULL,NULL),('Gozali','.','.','burhanuddinmuttaqien','2018-10-20 23:29:30',NULL,NULL),('Marhusin','.','.','burhanuddinmuttaqien','2018-10-20 23:29:39',NULL,NULL),('Abdurrahim Casim','.','.','burhanuddinmuttaqien','2018-10-20 23:30:04',NULL,NULL),('Dede Yayat','.','.','burhanuddinmuttaqien','2018-10-20 23:30:12',NULL,NULL),('Kurniawan','.','.','burhanuddinmuttaqien','2018-10-20 23:30:19',NULL,NULL),('Romi Kadarusman','.','.','burhanuddinmuttaqien','2018-10-20 23:31:06',NULL,NULL),('Feri Rustandi','.','.','burhanuddinmuttaqien','2018-10-20 23:31:20',NULL,NULL),('Nurul Komar','.','.','burhanuddinmuttaqien','2018-10-20 23:31:51',NULL,NULL),('Farhan Muhammad','.','.','burhanuddinmuttaqien','2018-10-20 23:32:02',NULL,NULL),('Teguh Adiwijaya','.','.','burhanuddinmuttaqien','2018-10-20 23:32:14',NULL,NULL),('Dedi Rahman','.','.','burhanuddinmuttaqien','2018-10-20 23:32:23',NULL,NULL),('Heri Sugianto','.','.','burhanuddinmuttaqien','2018-10-20 23:32:36',NULL,NULL),('Thika Krisnovita','.','.','burhanuddinmuttaqien','2018-10-20 23:32:52',NULL,NULL),('Agus Supriatna',',','.','burhanuddinmuttaqien','2018-10-20 23:33:11',NULL,NULL),('Agus Nur Purwanto, ST',NULL,NULL,NULL,NULL,NULL,NULL),('Alwin Nasai',NULL,NULL,NULL,NULL,NULL,NULL);

--
-- Table structure for table `master_propinsi_pmb`
--

CREATE TABLE `master_propinsi_pmb` (
  `propinsi_id` int(11) NOT NULL AUTO_INCREMENT,
  `propinsi_nama` varchar(50) DEFAULT NULL,
  `remark` varchar(50) DEFAULT NULL,
  `created_by` varchar(50) DEFAULT NULL,
  `created_date` varchar(50) DEFAULT NULL,
  `updated_by` varchar(50) DEFAULT NULL,
  `updated_date` varchar(50) DEFAULT NULL,
  PRIMARY KEY (`propinsi_id`)
) ENGINE=MyISAM AUTO_INCREMENT=100 DEFAULT CHARSET=latin1;

--
-- Dumping data for table `master_propinsi_pmb`
--

INSERT INTO `master_propinsi_pmb` VALUES (11,'ACEH',NULL,NULL,NULL,NULL,NULL),(12,'SUMATERA UTARA',NULL,NULL,NULL,NULL,NULL),(13,'SUMATERA BARAT',NULL,NULL,NULL,NULL,NULL),(14,'RIAU',NULL,NULL,NULL,NULL,NULL),(15,'JAMBI',NULL,NULL,NULL,NULL,NULL),(16,'SUMATERA SELATAN',NULL,NULL,NULL,NULL,NULL),(17,'BENGKULU',NULL,NULL,NULL,NULL,NULL),(18,'LAMPUNG',NULL,NULL,NULL,NULL,NULL),(19,'KEPULAUAN BANGKA BELITUNG',NULL,NULL,NULL,NULL,NULL),(21,'KEPULAUAN RIAU',NULL,NULL,NULL,NULL,NULL),(31,'DKI JAKARTA',NULL,NULL,NULL,NULL,NULL),(32,'JAWA BARAT',NULL,NULL,NULL,NULL,NULL),(33,'JAWA TENGAH',NULL,NULL,NULL,NULL,NULL),(34,'DI YOGYAKARTA',NULL,NULL,NULL,NULL,NULL),(35,'JAWA TIMUR',NULL,NULL,NULL,NULL,NULL),(36,'BANTEN',NULL,NULL,NULL,NULL,NULL),(51,'BALI',NULL,NULL,NULL,NULL,NULL),(52,'NUSA TENGGARA BARAT',NULL,NULL,NULL,NULL,NULL),(53,'NUSA TENGGARA TIMUR',NULL,NULL,NULL,NULL,NULL),(61,'KALIMANTAN BARAT',NULL,NULL,NULL,NULL,NULL),(62,'KALIMANTAN TENGAH',NULL,NULL,NULL,NULL,NULL),(63,'KALIMANTAN SELATAN',NULL,NULL,NULL,NULL,NULL),(64,'KALIMANTAN TIMUR',NULL,NULL,NULL,NULL,NULL),(65,'KALIMANTAN UTARA',NULL,NULL,NULL,NULL,NULL),(71,'SULAWESI UTARA',NULL,NULL,NULL,NULL,NULL),(72,'SULAWESI TENGAH',NULL,NULL,NULL,NULL,NULL),(73,'SULAWESI SELATAN',NULL,NULL,NULL,NULL,NULL),(74,'SULAWESI TENGGARA',NULL,NULL,NULL,NULL,NULL),(75,'GORONTALO',NULL,NULL,NULL,NULL,NULL),(76,'SULAWESI BARAT',NULL,NULL,NULL,NULL,NULL),(81,'MALUKU',NULL,NULL,NULL,NULL,NULL),(82,'MALUKU UTARA',NULL,NULL,NULL,NULL,NULL),(91,'PAPUA BARAT',NULL,NULL,NULL,NULL,NULL),(94,'PAPUA',NULL,NULL,NULL,NULL,NULL),(99,'NGISI ASAL',NULL,NULL,NULL,NULL,NULL);

--
-- Table structure for table `master_propinsi_pmb_old`
--

CREATE TABLE `master_propinsi_pmb_old` (
  `propinsi_id` int(11) NOT NULL AUTO_INCREMENT,
  `propinsi_nama` varchar(50) DEFAULT NULL,
  `remark` varchar(50) DEFAULT NULL,
  `created_by` varchar(50) DEFAULT NULL,
  `created_date` varchar(50) DEFAULT NULL,
  `updated_by` varchar(50) DEFAULT NULL,
  `updated_date` varchar(50) DEFAULT NULL,
  PRIMARY KEY (`propinsi_id`)
) ENGINE=MyISAM AUTO_INCREMENT=40 DEFAULT CHARSET=latin1;

--
-- Dumping data for table `master_propinsi_pmb_old`
--

INSERT INTO `master_propinsi_pmb_old` VALUES (1,'NANGGROE ACEH DARUSSALAM',NULL,NULL,NULL,NULL,NULL),(2,'SUMATERA UTARA',NULL,NULL,NULL,NULL,NULL),(3,'SUMATERA BARAT',NULL,NULL,NULL,NULL,NULL),(4,'RIAU',NULL,NULL,NULL,NULL,NULL),(5,'JAMBI',NULL,NULL,NULL,NULL,NULL),(6,'SUMATERA SELATAN',NULL,NULL,NULL,NULL,NULL),(7,'BENGKULU',NULL,NULL,NULL,NULL,NULL),(8,'LAMPUNG',NULL,NULL,NULL,NULL,NULL),(9,'BANGKA BELITUNG',NULL,NULL,NULL,NULL,NULL),(10,'KEPULAUAN RIAU',NULL,NULL,NULL,NULL,NULL),(11,'DKI JAKARTA',NULL,NULL,NULL,NULL,NULL),(12,'JAWA BARAT',NULL,NULL,NULL,NULL,NULL),(13,'JAWA TENGAH',NULL,NULL,NULL,NULL,NULL),(14,'D.I. YOGYAKARTA',NULL,NULL,NULL,NULL,NULL),(15,'JAWA TIMUR',NULL,NULL,NULL,NULL,NULL),(16,'BANTEN',NULL,NULL,NULL,NULL,NULL),(17,'BALI',NULL,NULL,NULL,NULL,NULL),(18,'NUSA TENGGARA BARAT',NULL,NULL,NULL,NULL,NULL),(19,'NUSA TENGGARA TIMUR',NULL,NULL,NULL,NULL,NULL),(20,'KALIMANTAN BARAT',NULL,NULL,NULL,NULL,NULL),(21,'KALIMANTAN TENGAH',NULL,NULL,NULL,NULL,NULL),(22,'KALIMANTAN SELATAN',NULL,NULL,NULL,NULL,NULL),(23,'KALIMANTAN TIMUR','',NULL,NULL,'Admin','2013-12-29 07:53:22'),(24,'SULAWESI UTARA',NULL,NULL,NULL,NULL,NULL),(25,'SULAWESI TENGAH',NULL,NULL,NULL,NULL,NULL),(26,'SULAWESI SELATAN',NULL,NULL,NULL,NULL,NULL),(27,'SULAWESI TENGGARA',NULL,NULL,NULL,NULL,NULL),(28,'GORONTALO',NULL,NULL,NULL,NULL,NULL),(29,'MALUKU',NULL,NULL,NULL,NULL,NULL),(30,'MALUKU UTARA',NULL,NULL,NULL,NULL,NULL),(31,'PAPUA',NULL,NULL,NULL,NULL,NULL),(32,'SULAWESI BARAT','','','2012-12-04 11:37:58','Admin','2012-12-14 18:57:47'),(33,'PAPUA BARAT','','','2012-12-04 15:29:54','Admin','2012-12-14 18:58:55'),(34,'KALIMANTAN UTARA','','','2012-12-04 17:07:58','Admin','2012-12-14 19:01:36'),(37,'LUAR NEGERI/FOREIGN','','','2012-12-20 09:39:32','Admin','2013-12-09 10:55:53');

--
-- Table structure for table `master_ruangan`
--

CREATE TABLE `master_ruangan` (
  `kode_ruangan` varchar(50) DEFAULT NULL,
  `nama_ruangan` varchar(50) DEFAULT NULL,
  `nama_gedung` varchar(50) DEFAULT NULL,
  `kapasitas` varchar(50) DEFAULT NULL,
  `awal` varchar(50) DEFAULT NULL,
  `akhir` varchar(50) DEFAULT NULL,
  `remark` varchar(20) DEFAULT NULL,
  `created_by` varchar(20) DEFAULT NULL,
  `created_date` varchar(20) DEFAULT NULL,
  `updated_by` varchar(20) DEFAULT NULL,
  `updated_date` varchar(20) DEFAULT NULL,
  `urut` int(11) DEFAULT NULL,
  `kode` varchar(20) DEFAULT 'sabtu_sbg'
) ENGINE=MyISAM DEFAULT CHARSET=latin1;

--
-- Dumping data for table `master_ruangan`
--

INSERT INTO `master_ruangan` VALUES ('A','A',NULL,'30',NULL,NULL,NULL,NULL,NULL,NULL,NULL,1,'sabtu_sbg'),('B','B',NULL,'30',NULL,NULL,NULL,NULL,NULL,NULL,NULL,2,'sabtu_sbg'),('C','C',NULL,'30',NULL,NULL,NULL,NULL,NULL,NULL,NULL,3,'sabtu_sbg'),('D','D',NULL,'30',NULL,NULL,NULL,NULL,NULL,NULL,NULL,4,'sabtu_sbg'),('E','E',NULL,'30',NULL,NULL,NULL,NULL,NULL,NULL,NULL,5,'sabtu_sbg'),('F','F',NULL,'30',NULL,NULL,NULL,NULL,NULL,NULL,NULL,6,'sabtu_sbg'),('G','G',NULL,'30',NULL,NULL,NULL,NULL,NULL,NULL,NULL,7,'sabtu_sbg'),('H','H',NULL,'30',NULL,NULL,NULL,NULL,NULL,NULL,NULL,8,'sabtu_sbg'),('I','I',NULL,'30',NULL,NULL,NULL,NULL,NULL,NULL,NULL,9,'sabtu_sbg'),('J','J',NULL,'30',NULL,NULL,NULL,NULL,NULL,NULL,NULL,10,'sabtu_sbg'),('K','K',NULL,'30',NULL,NULL,NULL,NULL,NULL,NULL,NULL,11,'sabtu_sbg'),('L','L',NULL,'30',NULL,NULL,NULL,NULL,NULL,NULL,NULL,12,'sabtu_sbg'),('M','M',NULL,'30',NULL,NULL,NULL,NULL,NULL,NULL,NULL,13,'sabtu_sbg'),('N','N',NULL,NULL,NULL,NULL,NULL,NULL,NULL,NULL,NULL,14,'sabtu_sbg'),('O','O',NULL,NULL,NULL,NULL,NULL,NULL,NULL,NULL,NULL,15,'sabtu_sbg'),('P','P',NULL,NULL,NULL,NULL,NULL,NULL,NULL,NULL,NULL,16,'sabtu_sbg'),('Q','Q',NULL,NULL,NULL,NULL,NULL,NULL,NULL,NULL,NULL,17,'sabtu_sbg'),('R','R',NULL,NULL,NULL,NULL,NULL,NULL,NULL,NULL,NULL,18,'sabtu_sbg'),('S','S',NULL,NULL,NULL,NULL,NULL,NULL,NULL,NULL,NULL,19,'sabtu_sbg'),('T','T',NULL,NULL,NULL,NULL,NULL,NULL,NULL,NULL,NULL,20,'sabtu_sbg'),('U','U',NULL,NULL,NULL,NULL,NULL,NULL,NULL,NULL,NULL,21,'sabtu_sbg'),('V','V',NULL,NULL,NULL,NULL,NULL,NULL,NULL,NULL,NULL,22,'sabtu_sbg'),('W','W',NULL,NULL,NULL,NULL,NULL,NULL,NULL,NULL,NULL,23,'sabtu_sbg'),('X','X',NULL,NULL,NULL,NULL,NULL,NULL,NULL,NULL,NULL,24,'sabtu_sbg'),('Y','Y',NULL,NULL,NULL,NULL,NULL,NULL,NULL,NULL,NULL,25,'sabtu_sbg'),('Z','Z',NULL,NULL,NULL,NULL,NULL,NULL,NULL,NULL,NULL,26,'sabtu_sbg'),('AA','AA',NULL,NULL,NULL,NULL,NULL,NULL,NULL,NULL,NULL,27,'sabtu_sbg'),('AB','AB',NULL,NULL,NULL,NULL,NULL,NULL,NULL,NULL,NULL,28,'sabtu_sbg'),('AC','AC',NULL,NULL,NULL,NULL,NULL,NULL,NULL,NULL,NULL,29,'sabtu_sbg'),('AD','AD',NULL,NULL,NULL,NULL,NULL,NULL,NULL,NULL,NULL,30,'sabtu_sbg'),('AE','AE',NULL,NULL,NULL,NULL,NULL,NULL,NULL,NULL,NULL,31,'sabtu_sbg'),('AF','AF',NULL,NULL,NULL,NULL,NULL,NULL,NULL,NULL,NULL,32,'sabtu_sbg'),('AG','AG',NULL,NULL,NULL,NULL,NULL,NULL,NULL,NULL,NULL,33,'sabtu_sbg'),('AH','AH',NULL,NULL,NULL,NULL,NULL,NULL,NULL,NULL,NULL,34,'sabtu_sbg'),('AI','AI',NULL,NULL,NULL,NULL,NULL,NULL,NULL,NULL,NULL,35,'sabtu_sbg'),('AJ','AJ',NULL,NULL,NULL,NULL,NULL,NULL,NULL,NULL,NULL,36,'sabtu_sbg'),('AK','AK',NULL,NULL,NULL,NULL,NULL,NULL,NULL,NULL,NULL,37,'sabtu_sbg'),('A','A','Gedung C Lantai 2','50',NULL,NULL,NULL,NULL,NULL,NULL,NULL,1,'ahad_jkt'),('B','B','Gedung C Lantai 2','50',NULL,NULL,NULL,NULL,NULL,NULL,NULL,2,'ahad_jkt'),('C','C','Gedung C Lantai 2','50',NULL,NULL,NULL,NULL,NULL,NULL,NULL,3,'ahad_jkt'),('D','D','Gedung C Lantai 2','50',NULL,NULL,NULL,NULL,NULL,NULL,NULL,4,'ahad_jkt'),('E','E','Gedung C Lantai 2','50',NULL,NULL,NULL,NULL,NULL,NULL,NULL,5,'ahad_jkt'),('F','F','Gedung C Lantai 2','50',NULL,NULL,NULL,NULL,NULL,NULL,NULL,6,'ahad_jkt'),('G','G','Gedung C Lantai 2','50',NULL,NULL,NULL,NULL,NULL,NULL,NULL,7,'ahad_jkt'),('H','H','Gedung C Lantai 3','50',NULL,NULL,NULL,NULL,NULL,NULL,NULL,8,'ahad_jkt'),('I','I','Gedung C Lantai 3','50',NULL,NULL,NULL,NULL,NULL,NULL,NULL,9,'ahad_jkt'),('J','J','Gedung C Lantai 3','50',NULL,NULL,NULL,NULL,NULL,NULL,NULL,10,'ahad_jkt'),('K','K','Gedung C Lantai 3','50',NULL,NULL,NULL,NULL,NULL,NULL,NULL,11,'ahad_jkt'),('L','L','Gedung C Lantai 3','50',NULL,NULL,NULL,NULL,NULL,NULL,NULL,12,'ahad_jkt'),('M','M','Gedung C Lantai 3','50',NULL,NULL,NULL,NULL,NULL,NULL,NULL,13,'ahad_jkt'),('N','N','Gedung C Lantai 3','50',NULL,NULL,NULL,NULL,NULL,NULL,NULL,14,'ahad_jkt'),('O','O','Gedung C Lantai 3','50',NULL,NULL,NULL,NULL,NULL,NULL,NULL,15,'ahad_jkt'),('P','P','Gedung C Lantai 4','50',NULL,NULL,NULL,NULL,NULL,NULL,NULL,16,'ahad_jkt'),('Q','Q','Gedung C Lantai 4','50',NULL,NULL,NULL,NULL,NULL,NULL,NULL,17,'ahad_jkt'),('R','R','Gedung C Lantai 4','50',NULL,NULL,NULL,NULL,NULL,NULL,NULL,18,'ahad_jkt'),('S','S','Gedung C Lantai 4','50',NULL,NULL,NULL,NULL,NULL,NULL,NULL,19,'ahad_jkt'),('T','T','Gedung C Lantai 4','50',NULL,NULL,NULL,NULL,NULL,NULL,NULL,20,'ahad_jkt'),('U','U','Gedung C Lantai 4','50',NULL,NULL,NULL,NULL,NULL,NULL,NULL,21,'ahad_jkt'),('V','V','Gedung C Lantai 4','50',NULL,NULL,NULL,NULL,NULL,NULL,NULL,22,'ahad_jkt'),('A','A',NULL,'30',NULL,NULL,NULL,NULL,NULL,NULL,NULL,1,'ahad_sbg'),('B','B',NULL,'30',NULL,NULL,NULL,NULL,NULL,NULL,NULL,2,'ahad_sbg'),('C','C',NULL,'30',NULL,NULL,NULL,NULL,NULL,NULL,NULL,3,'ahad_sbg'),('D','D',NULL,'30',NULL,NULL,NULL,NULL,NULL,NULL,NULL,4,'ahad_sbg'),('E','E',NULL,'30',NULL,NULL,NULL,NULL,NULL,NULL,NULL,5,'ahad_sbg'),('F','F',NULL,'30',NULL,NULL,NULL,NULL,NULL,NULL,NULL,6,'ahad_sbg'),('G','G',NULL,'30',NULL,NULL,NULL,NULL,NULL,NULL,NULL,7,'ahad_sbg'),('H','H',NULL,'30',NULL,NULL,NULL,NULL,NULL,NULL,NULL,8,'ahad_sbg'),('I','I',NULL,'30',NULL,NULL,NULL,NULL,NULL,NULL,NULL,9,'ahad_sbg'),('J','J',NULL,'30',NULL,NULL,NULL,NULL,NULL,NULL,NULL,10,'ahad_sbg'),('K','K',NULL,'30',NULL,NULL,NULL,NULL,NULL,NULL,NULL,11,'ahad_sbg'),('L','L',NULL,'30',NULL,NULL,NULL,NULL,NULL,NULL,NULL,12,'ahad_sbg'),('M','M',NULL,'30',NULL,NULL,NULL,NULL,NULL,NULL,NULL,13,'ahad_sbg'),('N','N',NULL,'30',NULL,NULL,NULL,NULL,NULL,NULL,NULL,14,'ahad_sbg'),('O','O',NULL,'30',NULL,NULL,NULL,NULL,NULL,NULL,NULL,15,'ahad_sbg'),('P','P',NULL,'30',NULL,NULL,NULL,NULL,NULL,NULL,NULL,16,'ahad_sbg'),('Q','Q',NULL,'30',NULL,NULL,NULL,NULL,NULL,NULL,NULL,17,'ahad_sbg'),('R','R',NULL,'30',NULL,NULL,NULL,NULL,NULL,NULL,NULL,18,'ahad_sbg'),('S','S',NULL,'30',NULL,NULL,NULL,NULL,NULL,NULL,NULL,19,'ahad_sbg'),('T','T',NULL,'30',NULL,NULL,NULL,NULL,NULL,NULL,NULL,20,'ahad_sbg'),('U','U',NULL,'30',NULL,NULL,NULL,NULL,NULL,NULL,NULL,21,'ahad_sbg'),('V','V',NULL,'30',NULL,NULL,NULL,NULL,NULL,NULL,NULL,22,'ahad_sbg'),('W','W',NULL,'30',NULL,NULL,NULL,NULL,NULL,NULL,NULL,23,'ahad_sbg'),('X','X',NULL,'30',NULL,NULL,NULL,NULL,NULL,NULL,NULL,24,'ahad_sbg'),('Y','Y',NULL,NULL,NULL,NULL,NULL,NULL,NULL,NULL,NULL,25,'ahad_sbg'),('Z','Z',NULL,NULL,NULL,NULL,NULL,NULL,NULL,NULL,NULL,26,'ahad_sbg'),('AA','AA',NULL,NULL,NULL,NULL,NULL,NULL,NULL,NULL,NULL,27,'ahad_sbg'),('AB','AB',NULL,NULL,NULL,NULL,NULL,NULL,NULL,NULL,NULL,28,'ahad_sbg'),('AC','AC',NULL,NULL,NULL,NULL,NULL,NULL,NULL,NULL,NULL,29,'ahad_sbg'),('AD','AD',NULL,NULL,NULL,NULL,NULL,NULL,NULL,NULL,NULL,30,'ahad_sbg'),('AE','AE',NULL,NULL,NULL,NULL,NULL,NULL,NULL,NULL,NULL,31,'ahad_sbg'),('AF','AF',NULL,NULL,NULL,NULL,NULL,NULL,NULL,NULL,NULL,32,'ahad_sbg'),('AG','AG',NULL,NULL,NULL,NULL,NULL,NULL,NULL,NULL,NULL,33,'ahad_sbg'),('AH','AH',NULL,NULL,NULL,NULL,NULL,NULL,NULL,NULL,NULL,34,'ahad_sbg'),('AI','AI',NULL,NULL,NULL,NULL,NULL,NULL,NULL,NULL,NULL,35,'ahad_sbg'),('AJ','AJ',NULL,NULL,NULL,NULL,NULL,NULL,NULL,NULL,NULL,36,'ahad_sbg'),('AK','AK',NULL,NULL,NULL,NULL,NULL,NULL,NULL,NULL,NULL,37,'ahad_sbg'),('A','A',NULL,'30',NULL,NULL,NULL,NULL,NULL,NULL,NULL,1,'sabtu_cpk'),('B','B',NULL,'30',NULL,NULL,NULL,NULL,NULL,NULL,NULL,2,'sabtu_cpk'),('C','C',NULL,'30',NULL,NULL,NULL,NULL,NULL,NULL,NULL,3,'sabtu_cpk'),('D','D',NULL,'30',NULL,NULL,NULL,NULL,NULL,NULL,NULL,4,'sabtu_cpk'),('E','E',NULL,'30',NULL,NULL,NULL,NULL,NULL,NULL,NULL,5,'sabtu_cpk'),('F','F',NULL,'30',NULL,NULL,NULL,NULL,NULL,NULL,NULL,6,'sabtu_cpk'),('G','G',NULL,'30',NULL,NULL,NULL,NULL,NULL,NULL,NULL,7,'sabtu_cpk'),('H','H',NULL,'30',NULL,NULL,NULL,NULL,NULL,NULL,NULL,8,'sabtu_cpk'),('I','I',NULL,'30',NULL,NULL,NULL,NULL,NULL,NULL,NULL,9,'sabtu_cpk'),('J','J',NULL,'30',NULL,NULL,NULL,NULL,NULL,NULL,NULL,10,'sabtu_cpk'),('K','K',NULL,'30',NULL,NULL,NULL,NULL,NULL,NULL,NULL,11,'sabtu_cpk'),('L','L',NULL,'30',NULL,NULL,NULL,NULL,NULL,NULL,NULL,12,'sabtu_cpk'),('M','M',NULL,'30',NULL,NULL,NULL,NULL,NULL,NULL,NULL,13,'sabtu_cpk'),('N','N',NULL,'30',NULL,NULL,NULL,NULL,NULL,NULL,NULL,14,'sabtu_cpk'),('O','O',NULL,'30',NULL,NULL,NULL,NULL,NULL,NULL,NULL,15,'sabtu_cpk'),('P','P',NULL,'30',NULL,NULL,NULL,NULL,NULL,NULL,NULL,16,'sabtu_cpk'),('Q','Q',NULL,'30',NULL,NULL,NULL,NULL,NULL,NULL,NULL,17,'sabtu_cpk'),('R','R',NULL,'30',NULL,NULL,NULL,NULL,NULL,NULL,NULL,18,'sabtu_cpk'),('S','S',NULL,'30',NULL,NULL,NULL,NULL,NULL,NULL,NULL,19,'sabtu_cpk'),('T','T',NULL,'30',NULL,NULL,NULL,NULL,NULL,NULL,NULL,20,'sabtu_cpk'),('U','U',NULL,'30',NULL,NULL,NULL,NULL,NULL,NULL,NULL,21,'sabtu_cpk'),('V','V',NULL,'30',NULL,NULL,NULL,NULL,NULL,NULL,NULL,22,'sabtu_cpk'),('W','W',NULL,'30',NULL,NULL,NULL,NULL,NULL,NULL,NULL,23,'sabtu_cpk'),('X','X',NULL,'30',NULL,NULL,NULL,NULL,NULL,NULL,NULL,24,'sabtu_cpk'),('Y','Y',NULL,'30',NULL,NULL,NULL,NULL,NULL,NULL,NULL,25,'sabtu_cpk'),('Z','Z',NULL,'30',NULL,NULL,NULL,NULL,NULL,NULL,NULL,26,'sabtu_cpk'),('AA','AA',NULL,'30',NULL,NULL,NULL,NULL,NULL,NULL,NULL,27,'sabtu_cpk'),('AB','AB',NULL,'30',NULL,NULL,NULL,NULL,NULL,NULL,NULL,28,'sabtu_cpk'),('AC','AC',NULL,'30',NULL,NULL,NULL,NULL,NULL,NULL,NULL,29,'sabtu_cpk'),('AD','AD',NULL,'30',NULL,NULL,NULL,NULL,NULL,NULL,NULL,30,'sabtu_cpk'),('AE','AE',NULL,'30',NULL,NULL,NULL,NULL,NULL,NULL,NULL,31,'sabtu_cpk'),('AF','AF',NULL,'30',NULL,NULL,NULL,NULL,NULL,NULL,NULL,32,'sabtu_cpk'),('AG','AG',NULL,'30',NULL,NULL,NULL,NULL,NULL,NULL,NULL,33,'sabtu_cpk'),('AH','AH',NULL,NULL,NULL,NULL,NULL,NULL,NULL,NULL,NULL,34,'sabtu_cpk'),('AI','AI',NULL,NULL,NULL,NULL,NULL,NULL,NULL,NULL,NULL,35,'sabtu_cpk'),('AJ','AJ',NULL,NULL,NULL,NULL,NULL,NULL,NULL,NULL,NULL,36,'sabtu_cpk'),('AK','AK',NULL,NULL,NULL,NULL,NULL,NULL,NULL,NULL,NULL,37,'sabtu_cpk'),('A','A',NULL,'30',NULL,NULL,NULL,NULL,NULL,NULL,NULL,1,'ahad_cpk'),('B','B',NULL,'30',NULL,NULL,NULL,NULL,NULL,NULL,NULL,2,'ahad_cpk'),('C','C',NULL,'30',NULL,NULL,NULL,NULL,NULL,NULL,NULL,3,'ahad_cpk'),('D','D',NULL,'30',NULL,NULL,NULL,NULL,NULL,NULL,NULL,4,'ahad_cpk'),('E','E',NULL,'30',NULL,NULL,NULL,NULL,NULL,NULL,NULL,5,'ahad_cpk'),('F','F',NULL,'30',NULL,NULL,NULL,NULL,NULL,NULL,NULL,6,'ahad_cpk'),('G','G',NULL,'30',NULL,NULL,NULL,NULL,NULL,NULL,NULL,7,'ahad_cpk'),('H','H',NULL,'30',NULL,NULL,NULL,NULL,NULL,NULL,NULL,8,'ahad_cpk'),('I','I',NULL,'30',NULL,NULL,NULL,NULL,NULL,NULL,NULL,9,'ahad_cpk'),('J','J',NULL,'30',NULL,NULL,NULL,NULL,NULL,NULL,NULL,10,'ahad_cpk'),('K','K',NULL,'30',NULL,NULL,NULL,NULL,NULL,NULL,NULL,11,'ahad_cpk'),('L','L',NULL,'30',NULL,NULL,NULL,NULL,NULL,NULL,NULL,12,'ahad_cpk'),('M','M',NULL,'30',NULL,NULL,NULL,NULL,NULL,NULL,NULL,13,'ahad_cpk'),('N','N',NULL,'30',NULL,NULL,NULL,NULL,NULL,NULL,NULL,14,'ahad_cpk'),('O','O',NULL,'30',NULL,NULL,NULL,NULL,NULL,NULL,NULL,15,'ahad_cpk'),('P','P',NULL,'30',NULL,NULL,NULL,NULL,NULL,NULL,NULL,16,'ahad_cpk'),('Q','Q',NULL,'30',NULL,NULL,NULL,NULL,NULL,NULL,NULL,17,'ahad_cpk'),('R','R',NULL,'30',NULL,NULL,NULL,NULL,NULL,NULL,NULL,18,'ahad_cpk'),('S','S',NULL,'30',NULL,NULL,NULL,NULL,NULL,NULL,NULL,19,'ahad_cpk'),('T','T',NULL,'30',NULL,NULL,NULL,NULL,NULL,NULL,NULL,20,'ahad_cpk'),('U','U',NULL,'30',NULL,NULL,NULL,NULL,NULL,NULL,NULL,21,'ahad_cpk'),('V','V',NULL,'30',NULL,NULL,NULL,NULL,NULL,NULL,NULL,22,'ahad_cpk'),('W','W',NULL,'30',NULL,NULL,NULL,NULL,NULL,NULL,NULL,23,'ahad_cpk'),('X','X',NULL,'30',NULL,NULL,NULL,NULL,NULL,NULL,NULL,24,'ahad_cpk'),('Y','Y',NULL,'30',NULL,NULL,NULL,NULL,NULL,NULL,NULL,25,'ahad_cpk'),('Z','Z',NULL,NULL,NULL,NULL,NULL,NULL,NULL,NULL,NULL,26,'ahad_cpk'),('AA','AA',NULL,NULL,NULL,NULL,NULL,NULL,NULL,NULL,NULL,27,'ahad_cpk'),('AB','AB',NULL,NULL,NULL,NULL,NULL,NULL,NULL,NULL,NULL,28,'ahad_cpk'),('AC','AC',NULL,NULL,NULL,NULL,NULL,NULL,NULL,NULL,NULL,29,'ahad_cpk'),('AD','AD',NULL,NULL,NULL,NULL,NULL,NULL,NULL,NULL,NULL,30,'ahad_cpk'),('AE','AE',NULL,NULL,NULL,NULL,NULL,NULL,NULL,NULL,NULL,31,'ahad_cpk'),('AF','AF',NULL,NULL,NULL,NULL,NULL,NULL,NULL,NULL,NULL,32,'ahad_cpk'),('AG','AG',NULL,NULL,NULL,NULL,NULL,NULL,NULL,NULL,NULL,33,'ahad_cpk'),('AH','AH',NULL,NULL,NULL,NULL,NULL,NULL,NULL,NULL,NULL,34,'ahad_cpk'),('AI','AI',NULL,NULL,NULL,NULL,NULL,NULL,NULL,NULL,NULL,35,'ahad_cpk'),('AJ','AJ',NULL,NULL,NULL,NULL,NULL,NULL,NULL,NULL,NULL,36,'ahad_cpk'),('AK','AK',NULL,NULL,NULL,NULL,NULL,NULL,NULL,NULL,NULL,37,'ahad_cpk');

--
-- Table structure for table `master_ruangan__`
--

CREATE TABLE `master_ruangan__` (
  `kode_ruangan` varchar(50) DEFAULT NULL,
  `nama_ruangan` varchar(50) DEFAULT NULL,
  `nama_gedung` varchar(50) DEFAULT NULL,
  `kapasitas` varchar(50) DEFAULT NULL,
  `awal` varchar(50) DEFAULT NULL,
  `akhir` varchar(50) DEFAULT NULL,
  `remark` varchar(20) DEFAULT NULL,
  `created_by` varchar(20) DEFAULT NULL,
  `created_date` varchar(20) DEFAULT NULL,
  `updated_by` varchar(20) DEFAULT NULL,
  `updated_date` varchar(20) DEFAULT NULL,
  `urut` int(11) DEFAULT NULL,
  `kode` varchar(20) DEFAULT 'sabtu_sbg'
) ENGINE=MyISAM DEFAULT CHARSET=latin1;

--
-- Dumping data for table `master_ruangan__`
--

INSERT INTO `master_ruangan__` VALUES ('A','A',NULL,NULL,NULL,NULL,NULL,NULL,NULL,NULL,NULL,1,'sabtu_sbg'),('B','B',NULL,NULL,NULL,NULL,NULL,NULL,NULL,NULL,NULL,2,'sabtu_sbg'),('C','C',NULL,NULL,NULL,NULL,NULL,NULL,NULL,NULL,NULL,3,'sabtu_sbg'),('D','D',NULL,NULL,NULL,NULL,NULL,NULL,NULL,NULL,NULL,4,'sabtu_sbg'),('E','E',NULL,NULL,NULL,NULL,NULL,NULL,NULL,NULL,NULL,5,'sabtu_sbg'),('F','F',NULL,NULL,NULL,NULL,NULL,NULL,NULL,NULL,NULL,6,'sabtu_sbg'),('G','G',NULL,NULL,NULL,NULL,NULL,NULL,NULL,NULL,NULL,7,'sabtu_sbg'),('H','H',NULL,NULL,NULL,NULL,NULL,NULL,NULL,NULL,NULL,8,'sabtu_sbg'),('I','I',NULL,NULL,NULL,NULL,NULL,NULL,NULL,NULL,NULL,9,'sabtu_sbg'),('J','J',NULL,NULL,NULL,NULL,NULL,NULL,NULL,NULL,NULL,10,'sabtu_sbg'),('K','K',NULL,NULL,NULL,NULL,NULL,NULL,NULL,NULL,NULL,11,'sabtu_sbg'),('L','L',NULL,NULL,NULL,NULL,NULL,NULL,NULL,NULL,NULL,12,'sabtu_sbg'),('M','M',NULL,NULL,NULL,NULL,NULL,NULL,NULL,NULL,NULL,13,'sabtu_sbg'),('N','N',NULL,NULL,NULL,NULL,NULL,NULL,NULL,NULL,NULL,14,'sabtu_sbg'),('O','O',NULL,NULL,NULL,NULL,NULL,NULL,NULL,NULL,NULL,15,'sabtu_sbg'),('P','P',NULL,NULL,NULL,NULL,NULL,NULL,NULL,NULL,NULL,16,'sabtu_sbg'),('Q','Q',NULL,NULL,NULL,NULL,NULL,NULL,NULL,NULL,NULL,17,'sabtu_sbg'),('R','R',NULL,NULL,NULL,NULL,NULL,NULL,NULL,NULL,NULL,18,'sabtu_sbg'),('S','S',NULL,NULL,NULL,NULL,NULL,NULL,NULL,NULL,NULL,19,'sabtu_sbg'),('T','T',NULL,NULL,NULL,NULL,NULL,NULL,NULL,NULL,NULL,20,'sabtu_sbg'),('U','U',NULL,NULL,NULL,NULL,NULL,NULL,NULL,NULL,NULL,21,'sabtu_sbg'),('V','V',NULL,NULL,NULL,NULL,NULL,NULL,NULL,NULL,NULL,22,'sabtu_sbg'),('W','W',NULL,NULL,NULL,NULL,NULL,NULL,NULL,NULL,NULL,23,'sabtu_sbg'),('X','X',NULL,NULL,NULL,NULL,NULL,NULL,NULL,NULL,NULL,24,'sabtu_sbg'),('Y','Y',NULL,NULL,NULL,NULL,NULL,NULL,NULL,NULL,NULL,25,'sabtu_sbg'),('Z','Z',NULL,NULL,NULL,NULL,NULL,NULL,NULL,NULL,NULL,26,'sabtu_sbg'),('AA','AA',NULL,NULL,NULL,NULL,NULL,NULL,NULL,NULL,NULL,27,'sabtu_sbg'),('AB','AB',NULL,NULL,NULL,NULL,NULL,NULL,NULL,NULL,NULL,28,'sabtu_sbg'),('AC','AC',NULL,NULL,NULL,NULL,NULL,NULL,NULL,NULL,NULL,29,'sabtu_sbg'),('AD','AD',NULL,NULL,NULL,NULL,NULL,NULL,NULL,NULL,NULL,30,'sabtu_sbg'),('AE','AE',NULL,NULL,NULL,NULL,NULL,NULL,NULL,NULL,NULL,31,'sabtu_sbg'),('AF','AF',NULL,NULL,NULL,NULL,NULL,NULL,NULL,NULL,NULL,32,'sabtu_sbg'),('AG','AG',NULL,NULL,NULL,NULL,NULL,NULL,NULL,NULL,NULL,33,'sabtu_sbg'),('AH','AH',NULL,NULL,NULL,NULL,NULL,NULL,NULL,NULL,NULL,34,'sabtu_sbg'),('AI','AI',NULL,NULL,NULL,NULL,NULL,NULL,NULL,NULL,NULL,35,'sabtu_sbg'),('AJ','AJ',NULL,NULL,NULL,NULL,NULL,NULL,NULL,NULL,NULL,36,'sabtu_sbg'),('AK','AK',NULL,NULL,NULL,NULL,NULL,NULL,NULL,NULL,NULL,37,'sabtu_sbg'),('A','A','Gedung C Lantai 2','40',NULL,NULL,NULL,NULL,NULL,NULL,NULL,1,'ahad_jkt'),('B','B','Gedung C Lantai 2','40',NULL,NULL,NULL,NULL,NULL,NULL,NULL,2,'ahad_jkt'),('C','C','Gedung C Lantai 2','50',NULL,NULL,NULL,NULL,NULL,NULL,NULL,3,'ahad_jkt'),('D','D','Gedung C Lantai 2','45',NULL,NULL,NULL,NULL,NULL,NULL,NULL,4,'ahad_jkt'),('E','E','Gedung C Lantai 2','80',NULL,NULL,NULL,NULL,NULL,NULL,NULL,5,'ahad_jkt'),('F','F','Gedung C Lantai 2','50',NULL,NULL,NULL,NULL,NULL,NULL,NULL,6,'ahad_jkt'),('G','G','Gedung C Lantai 2','40',NULL,NULL,NULL,NULL,NULL,NULL,NULL,7,'ahad_jkt'),('H','H','Gedung C Lantai 3','40',NULL,NULL,NULL,NULL,NULL,NULL,NULL,8,'ahad_jkt'),('I','I','Gedung C Lantai 3','40',NULL,NULL,NULL,NULL,NULL,NULL,NULL,9,'ahad_jkt'),('J','J','Gedung C Lantai 3','50',NULL,NULL,NULL,NULL,NULL,NULL,NULL,10,'ahad_jkt'),('K','K','Gedung C Lantai 3','45',NULL,NULL,NULL,NULL,NULL,NULL,NULL,11,'ahad_jkt'),('L','L','Gedung C Lantai 3','50',NULL,NULL,NULL,NULL,NULL,NULL,NULL,12,'ahad_jkt'),('M','M','Gedung C Lantai 3','80',NULL,NULL,NULL,NULL,NULL,NULL,NULL,13,'ahad_jkt'),('N','N','Gedung C Lantai 3','50',NULL,NULL,NULL,NULL,NULL,NULL,NULL,14,'ahad_jkt'),('O','O','Gedung C Lantai 3','50',NULL,NULL,NULL,NULL,NULL,NULL,NULL,15,'ahad_jkt'),('P','P','Gedung C Lantai 4','40',NULL,NULL,NULL,NULL,NULL,NULL,NULL,16,'ahad_jkt'),('Q','Q','Gedung C Lantai 4','40',NULL,NULL,NULL,NULL,NULL,NULL,NULL,17,'ahad_jkt'),('R','R','Gedung C Lantai 4','50',NULL,NULL,NULL,NULL,NULL,NULL,NULL,18,'ahad_jkt'),('S','S','Gedung C Lantai 4','50',NULL,NULL,NULL,NULL,NULL,NULL,NULL,19,'ahad_jkt'),('T','T','Gedung C Lantai 4','50',NULL,NULL,NULL,NULL,NULL,NULL,NULL,20,'ahad_jkt'),('U','U','Gedung C Lantai 4','40',NULL,NULL,NULL,NULL,NULL,NULL,NULL,21,'ahad_jkt'),('V','V','Gedung C Lantai 4','46',NULL,NULL,NULL,NULL,NULL,NULL,NULL,22,'ahad_jkt'),('A','A',NULL,NULL,NULL,NULL,NULL,NULL,NULL,NULL,NULL,1,'ahad_sbg'),('B','B',NULL,NULL,NULL,NULL,NULL,NULL,NULL,NULL,NULL,2,'ahad_sbg'),('C','C',NULL,NULL,NULL,NULL,NULL,NULL,NULL,NULL,NULL,3,'ahad_sbg'),('D','D',NULL,NULL,NULL,NULL,NULL,NULL,NULL,NULL,NULL,4,'ahad_sbg'),('E','E',NULL,NULL,NULL,NULL,NULL,NULL,NULL,NULL,NULL,5,'ahad_sbg'),('F','F',NULL,NULL,NULL,NULL,NULL,NULL,NULL,NULL,NULL,6,'ahad_sbg'),('G','G',NULL,NULL,NULL,NULL,NULL,NULL,NULL,NULL,NULL,7,'ahad_sbg'),('H','H',NULL,NULL,NULL,NULL,NULL,NULL,NULL,NULL,NULL,8,'ahad_sbg'),('I','I',NULL,NULL,NULL,NULL,NULL,NULL,NULL,NULL,NULL,9,'ahad_sbg'),('J','J',NULL,NULL,NULL,NULL,NULL,NULL,NULL,NULL,NULL,10,'ahad_sbg'),('K','K',NULL,NULL,NULL,NULL,NULL,NULL,NULL,NULL,NULL,11,'ahad_sbg'),('L','L',NULL,NULL,NULL,NULL,NULL,NULL,NULL,NULL,NULL,12,'ahad_sbg'),('M','M',NULL,NULL,NULL,NULL,NULL,NULL,NULL,NULL,NULL,13,'ahad_sbg'),('N','N',NULL,NULL,NULL,NULL,NULL,NULL,NULL,NULL,NULL,14,'ahad_sbg'),('O','O',NULL,NULL,NULL,NULL,NULL,NULL,NULL,NULL,NULL,15,'ahad_sbg'),('P','P',NULL,NULL,NULL,NULL,NULL,NULL,NULL,NULL,NULL,16,'ahad_sbg'),('Q','Q',NULL,NULL,NULL,NULL,NULL,NULL,NULL,NULL,NULL,17,'ahad_sbg'),('R','R',NULL,NULL,NULL,NULL,NULL,NULL,NULL,NULL,NULL,18,'ahad_sbg'),('S','S',NULL,NULL,NULL,NULL,NULL,NULL,NULL,NULL,NULL,19,'ahad_sbg'),('T','T',NULL,NULL,NULL,NULL,NULL,NULL,NULL,NULL,NULL,20,'ahad_sbg'),('U','U',NULL,NULL,NULL,NULL,NULL,NULL,NULL,NULL,NULL,21,'ahad_sbg'),('V','V',NULL,NULL,NULL,NULL,NULL,NULL,NULL,NULL,NULL,22,'ahad_sbg'),('W','W',NULL,NULL,NULL,NULL,NULL,NULL,NULL,NULL,NULL,23,'ahad_sbg'),('X','X',NULL,NULL,NULL,NULL,NULL,NULL,NULL,NULL,NULL,24,'ahad_sbg'),('Y','Y',NULL,NULL,NULL,NULL,NULL,NULL,NULL,NULL,NULL,25,'ahad_sbg'),('Z','Z',NULL,NULL,NULL,NULL,NULL,NULL,NULL,NULL,NULL,26,'ahad_sbg'),('AA','AA',NULL,NULL,NULL,NULL,NULL,NULL,NULL,NULL,NULL,27,'ahad_sbg'),('AB','AB',NULL,NULL,NULL,NULL,NULL,NULL,NULL,NULL,NULL,28,'ahad_sbg'),('AC','AC',NULL,NULL,NULL,NULL,NULL,NULL,NULL,NULL,NULL,29,'ahad_sbg'),('AD','AD',NULL,NULL,NULL,NULL,NULL,NULL,NULL,NULL,NULL,30,'ahad_sbg'),('AE','AE',NULL,NULL,NULL,NULL,NULL,NULL,NULL,NULL,NULL,31,'ahad_sbg'),('AF','AF',NULL,NULL,NULL,NULL,NULL,NULL,NULL,NULL,NULL,32,'ahad_sbg'),('AG','AG',NULL,NULL,NULL,NULL,NULL,NULL,NULL,NULL,NULL,33,'ahad_sbg'),('AH','AH',NULL,NULL,NULL,NULL,NULL,NULL,NULL,NULL,NULL,34,'ahad_sbg'),('AI','AI',NULL,NULL,NULL,NULL,NULL,NULL,NULL,NULL,NULL,35,'ahad_sbg'),('AJ','AJ',NULL,NULL,NULL,NULL,NULL,NULL,NULL,NULL,NULL,36,'ahad_sbg'),('AK','AK',NULL,NULL,NULL,NULL,NULL,NULL,NULL,NULL,NULL,37,'ahad_sbg');

--
-- Table structure for table `master_ruangan_new`
--

CREATE TABLE `master_ruangan_new` (
  `id` int(11) DEFAULT NULL,
  `lokasi` varchar(50) DEFAULT NULL,
  `tujuan` int(11) DEFAULT NULL,
  `pilihan_1` varchar(50) DEFAULT NULL,
  `ruang` varchar(50) DEFAULT NULL,
  `awal` int(11) DEFAULT NULL,
  `akhir` int(11) DEFAULT NULL,
  `remark` varchar(20) DEFAULT NULL,
  `created_by` varchar(20) DEFAULT NULL,
  `created_date` varchar(20) DEFAULT NULL,
  `updated_by` varchar(20) DEFAULT NULL,
  `updated_date` varchar(20) DEFAULT NULL
) ENGINE=MyISAM DEFAULT CHARSET=latin1;

--
-- Dumping data for table `master_ruangan_new`
--

INSERT INTO `master_ruangan_new` VALUES (1,'SUBANG',30,'-','A',1,30,NULL,NULL,NULL,NULL,NULL),(2,'SUBANG',30,'-','B',31,60,NULL,NULL,NULL,NULL,NULL),(3,'SUBANG',30,'-','C',61,90,NULL,NULL,NULL,NULL,NULL),(4,'SUBANG',30,'-','D',91,120,NULL,NULL,NULL,NULL,NULL),(5,'SUBANG',30,'-','E',121,150,NULL,NULL,NULL,NULL,NULL),(6,'SUBANG',30,'-','F',151,180,NULL,NULL,NULL,NULL,NULL),(7,'SUBANG',30,'-','G',181,210,NULL,NULL,NULL,NULL,NULL),(8,'SUBANG',30,'-','H',211,240,NULL,NULL,NULL,NULL,NULL),(9,'SUBANG',30,'-','I',241,270,NULL,NULL,NULL,NULL,NULL),(10,'SUBANG',30,'-','J',271,300,NULL,NULL,NULL,NULL,NULL),(11,'SUBANG',30,'-','K',301,330,NULL,NULL,NULL,NULL,NULL),(12,'SUBANG',30,'-','L',331,360,NULL,NULL,NULL,NULL,NULL),(13,'SUBANG',30,'-','M',361,390,NULL,NULL,NULL,NULL,NULL),(14,'SUBANG',30,'-','N',391,420,NULL,NULL,NULL,NULL,NULL),(15,'SUBANG',30,'-','O',421,450,NULL,NULL,NULL,NULL,NULL),(16,'SUBANG',30,'-','P',451,480,NULL,NULL,NULL,NULL,NULL),(17,'SUBANG',30,'-','Q',481,510,NULL,NULL,NULL,NULL,NULL),(18,'SUBANG',30,'-','R',511,540,NULL,NULL,NULL,NULL,NULL),(19,'SUBANG',30,'-','S',541,570,NULL,NULL,NULL,NULL,NULL),(20,'SUBANG',30,'-','T',571,600,NULL,NULL,NULL,NULL,NULL),(21,'SUBANG',30,'-','U',601,630,NULL,NULL,NULL,NULL,NULL),(22,'SUBANG',30,'-','V',631,660,NULL,NULL,NULL,NULL,NULL),(23,'SUBANG',30,'-','W',661,690,NULL,NULL,NULL,NULL,NULL),(24,'SUBANG',30,'-','X',691,720,NULL,NULL,NULL,NULL,NULL),(25,'SUBANG',30,'-','Y',721,750,NULL,NULL,NULL,NULL,NULL),(26,'SUBANG',30,'-','Z',751,780,NULL,NULL,NULL,NULL,NULL),(27,'SUBANG',30,'-','AA',781,810,NULL,NULL,NULL,NULL,NULL),(28,'SUBANG',30,'-','AB',811,840,NULL,NULL,NULL,NULL,NULL),(29,'SUBANG',30,'-','AC',841,870,NULL,NULL,NULL,NULL,NULL),(30,'SUBANG',30,'-','AD',871,900,NULL,NULL,NULL,NULL,NULL),(31,'SUBANG',30,'-','AE',901,930,NULL,NULL,NULL,NULL,NULL),(32,'SUBANG',30,'-','AF',931,960,NULL,NULL,NULL,NULL,NULL),(33,'SUBANG',30,'-','AG',961,990,NULL,NULL,NULL,NULL,NULL),(34,'SUBANG',30,'-','AH',991,1020,NULL,NULL,NULL,NULL,NULL),(35,'SUBANG',30,'-','AI',1021,1050,NULL,NULL,NULL,NULL,NULL),(36,'SUBANG',30,'-','AJ',1051,1080,NULL,NULL,NULL,NULL,NULL),(37,'SUBANG',30,'-','AK',1081,1110,NULL,NULL,NULL,NULL,NULL),(38,'SUBANG',30,'-','AL',1111,1140,NULL,NULL,NULL,NULL,NULL),(39,'SUBANG',30,'-','AM',1141,1170,NULL,NULL,NULL,NULL,NULL),(40,'SUBANG',30,'-','AN',1171,1200,NULL,NULL,NULL,NULL,NULL),(41,'SUBANG',30,'-','AO',1201,1230,NULL,NULL,NULL,NULL,NULL),(42,'SUBANG',30,'-','AP',1231,1260,NULL,NULL,NULL,NULL,NULL),(43,'SUBANG',30,'-','AQ',1261,1290,NULL,NULL,NULL,NULL,NULL),(44,'SUBANG',30,'-','AR',1291,1320,NULL,NULL,NULL,NULL,NULL),(45,'SUBANG',30,'-','AS',1321,1350,NULL,NULL,NULL,NULL,NULL),(46,'SUBANG',30,'-','AT',1351,1380,NULL,NULL,NULL,NULL,NULL),(47,'SUBANG',30,'-','AU',1381,1410,NULL,NULL,NULL,NULL,NULL),(48,'SUBANG',30,'-','AV',1411,1440,NULL,NULL,NULL,NULL,NULL),(49,'SUBANG',30,'-','AW',1441,1470,NULL,NULL,NULL,NULL,NULL),(50,'SUBANG',30,'-','AX',1471,1500,NULL,NULL,NULL,NULL,NULL),(51,'SUBANG',30,'-','AY',1501,1530,NULL,NULL,NULL,NULL,NULL),(52,'SUBANG',30,'-','AZ',1531,1560,NULL,NULL,NULL,NULL,NULL),(53,'SUBANG',31,'-','A',1,30,NULL,NULL,NULL,NULL,NULL),(54,'SUBANG',31,'-','B',31,60,NULL,NULL,NULL,NULL,NULL),(55,'SUBANG',31,'-','C',61,90,NULL,NULL,NULL,NULL,NULL),(56,'SUBANG',31,'-','D',91,120,NULL,NULL,NULL,NULL,NULL),(57,'SUBANG',31,'-','E',121,150,NULL,NULL,NULL,NULL,NULL),(58,'SUBANG',31,'-','F',151,180,NULL,NULL,NULL,NULL,NULL),(59,'SUBANG',31,'-','G',181,210,NULL,NULL,NULL,NULL,NULL),(60,'SUBANG',31,'-','H',211,240,NULL,NULL,NULL,NULL,NULL),(61,'SUBANG',31,'-','I',241,270,NULL,NULL,NULL,NULL,NULL),(62,'SUBANG',31,'-','J',271,300,NULL,NULL,NULL,NULL,NULL),(63,'SUBANG',31,'-','K',301,330,NULL,NULL,NULL,NULL,NULL),(64,'SUBANG',31,'-','L',331,360,NULL,NULL,NULL,NULL,NULL),(65,'SUBANG',31,'-','M',361,390,NULL,NULL,NULL,NULL,NULL),(66,'SUBANG',31,'-','N',391,420,NULL,NULL,NULL,NULL,NULL),(67,'SUBANG',31,'-','O',421,450,NULL,NULL,NULL,NULL,NULL),(68,'SUBANG',31,'-','P',451,480,NULL,NULL,NULL,NULL,NULL),(69,'SUBANG',31,'-','Q',481,510,NULL,NULL,NULL,NULL,NULL),(70,'SUBANG',31,'-','R',511,540,NULL,NULL,NULL,NULL,NULL),(71,'SUBANG',31,'-','S',541,570,NULL,NULL,NULL,NULL,NULL),(72,'SUBANG',31,'-','T',571,600,NULL,NULL,NULL,NULL,NULL),(73,'SUBANG',31,'-','U',601,630,NULL,NULL,NULL,NULL,NULL),(74,'SUBANG',31,'-','V',631,660,NULL,NULL,NULL,NULL,NULL),(75,'SUBANG',31,'-','W',661,690,NULL,NULL,NULL,NULL,NULL),(76,'SUBANG',31,'-','X',691,720,NULL,NULL,NULL,NULL,NULL),(77,'SUBANG',31,'-','Y',721,750,NULL,NULL,NULL,NULL,NULL),(78,'SUBANG',31,'-','Z',751,780,NULL,NULL,NULL,NULL,NULL),(79,'SUBANG',31,'-','AA',781,810,NULL,NULL,NULL,NULL,NULL),(80,'SUBANG',31,'-','AB',811,840,NULL,NULL,NULL,NULL,NULL),(81,'SUBANG',31,'-','AC',841,870,NULL,NULL,NULL,NULL,NULL),(82,'SUBANG',31,'-','AD',871,900,NULL,NULL,NULL,NULL,NULL),(83,'SUBANG',31,'-','AE',901,930,NULL,NULL,NULL,NULL,NULL),(84,'SUBANG',31,'-','AF',931,960,NULL,NULL,NULL,NULL,NULL),(85,'SUBANG',31,'-','AG',961,990,NULL,NULL,NULL,NULL,NULL),(86,'SUBANG',31,'-','AH',991,1020,NULL,NULL,NULL,NULL,NULL),(87,'SUBANG',31,'-','AI',1021,1050,NULL,NULL,NULL,NULL,NULL),(88,'SUBANG',31,'-','AJ',1051,1080,NULL,NULL,NULL,NULL,NULL),(89,'SUBANG',31,'-','AK',1081,1110,NULL,NULL,NULL,NULL,NULL),(90,'SUBANG',31,'-','AL',1111,1140,NULL,NULL,NULL,NULL,NULL),(91,'SUBANG',31,'-','AM',1141,1170,NULL,NULL,NULL,NULL,NULL),(92,'SUBANG',31,'-','AN',1171,1200,NULL,NULL,NULL,NULL,NULL),(93,'SUBANG',31,'-','AO',1201,1230,NULL,NULL,NULL,NULL,NULL),(94,'SUBANG',31,'-','AP',1231,1260,NULL,NULL,NULL,NULL,NULL),(95,'SUBANG',31,'-','AQ',1261,1290,NULL,NULL,NULL,NULL,NULL),(96,'SUBANG',31,'-','AR',1291,1320,NULL,NULL,NULL,NULL,NULL),(97,'SUBANG',31,'-','AS',1321,1350,NULL,NULL,NULL,NULL,NULL),(98,'SUBANG',31,'-','AT',1351,1380,NULL,NULL,NULL,NULL,NULL),(99,'SUBANG',31,'-','AU',1381,1410,NULL,NULL,NULL,NULL,NULL),(100,'SUBANG',31,'-','AV',1411,1440,NULL,NULL,NULL,NULL,NULL),(101,'SUBANG',31,'-','AW',1441,1470,NULL,NULL,NULL,NULL,NULL),(102,'SUBANG',31,'-','AX',1471,1500,NULL,NULL,NULL,NULL,NULL),(103,'SUBANG',31,'-','AY',1501,1530,NULL,NULL,NULL,NULL,NULL),(104,'SUBANG',31,'-','AZ',1531,1560,NULL,NULL,NULL,NULL,NULL),(105,'SUBANG',40,'IPA','A',1,30,NULL,NULL,NULL,NULL,NULL),(106,'SUBANG',40,'IPA','B',31,60,NULL,NULL,NULL,NULL,NULL),(107,'SUBANG',40,'IPA','C',61,90,NULL,NULL,NULL,NULL,NULL),(108,'SUBANG',40,'IPA','D',91,120,NULL,NULL,NULL,NULL,NULL),(109,'SUBANG',40,'IPA','E',121,150,NULL,NULL,NULL,NULL,NULL),(110,'SUBANG',40,'IPA','F',151,180,NULL,NULL,NULL,NULL,NULL),(111,'SUBANG',40,'IPA','G',181,210,NULL,NULL,NULL,NULL,NULL),(112,'SUBANG',40,'IPA','H',211,240,NULL,NULL,NULL,NULL,NULL),(113,'SUBANG',40,'IPA','I',241,270,NULL,NULL,NULL,NULL,NULL),(114,'SUBANG',40,'IPA','J',271,300,NULL,NULL,NULL,NULL,NULL),(115,'SUBANG',40,'IPA','K',301,330,NULL,NULL,NULL,NULL,NULL),(116,'SUBANG',40,'IPA','L',331,360,NULL,NULL,NULL,NULL,NULL),(117,'SUBANG',40,'IPA','M',361,390,NULL,NULL,NULL,NULL,NULL),(118,'SUBANG',40,'IPA','N',391,420,NULL,NULL,NULL,NULL,NULL),(119,'SUBANG',40,'IPA','O',421,450,NULL,NULL,NULL,NULL,NULL),(120,'SUBANG',40,'IPA','P',451,480,NULL,NULL,NULL,NULL,NULL),(121,'SUBANG',40,'IPA','Q',481,510,NULL,NULL,NULL,NULL,NULL),(122,'SUBANG',40,'IPS','R',1,30,NULL,NULL,NULL,NULL,NULL),(123,'SUBANG',40,'IPS','S',31,60,NULL,NULL,NULL,NULL,NULL),(124,'SUBANG',40,'IPS','T',61,90,NULL,NULL,NULL,NULL,NULL),(125,'SUBANG',40,'IPS','U',91,120,NULL,NULL,NULL,NULL,NULL),(126,'SUBANG',40,'IPS','V',121,150,NULL,NULL,NULL,NULL,NULL),(127,'SUBANG',40,'IPS','W',151,180,NULL,NULL,NULL,NULL,NULL),(128,'SUBANG',40,'IPS','X',181,210,NULL,NULL,NULL,NULL,NULL),(129,'SUBANG',40,'IPS','Y',211,240,NULL,NULL,NULL,NULL,NULL),(130,'SUBANG',40,'IPS','Z',241,270,NULL,NULL,NULL,NULL,NULL),(131,'SUBANG',40,'IPS','AA',271,300,NULL,NULL,NULL,NULL,NULL),(132,'SUBANG',40,'IPS','AB',301,330,NULL,NULL,NULL,NULL,NULL),(133,'SUBANG',40,'IPS','AC',331,360,NULL,NULL,NULL,NULL,NULL),(134,'SUBANG',40,'IPS','AD',361,390,NULL,NULL,NULL,NULL,NULL),(135,'SUBANG',40,'IPS','AE',391,420,NULL,NULL,NULL,NULL,NULL),(136,'SUBANG',40,'IPS','AF',421,450,NULL,NULL,NULL,NULL,NULL),(137,'SUBANG',40,'IPS','AG',451,480,NULL,NULL,NULL,NULL,NULL),(138,'SUBANG',40,'IPS','AH',481,510,NULL,NULL,NULL,NULL,NULL),(139,'SUBANG',41,'IPA','A',1,30,NULL,NULL,NULL,NULL,NULL),(140,'SUBANG',41,'IPA','B',31,60,NULL,NULL,NULL,NULL,NULL),(141,'SUBANG',41,'IPA','C',61,90,NULL,NULL,NULL,NULL,NULL),(142,'SUBANG',41,'IPA','D',91,120,NULL,NULL,NULL,NULL,NULL),(143,'SUBANG',41,'IPA','E',121,150,NULL,NULL,NULL,NULL,NULL),(144,'SUBANG',41,'IPA','F',151,180,NULL,NULL,NULL,NULL,NULL),(145,'SUBANG',41,'IPA','G',181,210,NULL,NULL,NULL,NULL,NULL),(146,'SUBANG',41,'IPA','H',211,240,NULL,NULL,NULL,NULL,NULL),(147,'SUBANG',41,'IPA','I',241,270,NULL,NULL,NULL,NULL,NULL),(148,'SUBANG',41,'IPA','J',271,300,NULL,NULL,NULL,NULL,NULL),(149,'SUBANG',41,'IPA','K',301,330,NULL,NULL,NULL,NULL,NULL),(150,'SUBANG',41,'IPA','L',331,360,NULL,NULL,NULL,NULL,NULL),(151,'SUBANG',41,'IPA','M',361,390,NULL,NULL,NULL,NULL,NULL),(152,'SUBANG',41,'IPA','N',391,420,NULL,NULL,NULL,NULL,NULL),(153,'SUBANG',41,'IPA','O',421,450,NULL,NULL,NULL,NULL,NULL),(154,'SUBANG',41,'IPA','P',451,480,NULL,NULL,NULL,NULL,NULL),(155,'SUBANG',41,'IPA','Q',481,510,NULL,NULL,NULL,NULL,NULL),(156,'SUBANG',41,'IPS','R',1,30,NULL,NULL,NULL,NULL,NULL),(157,'SUBANG',41,'IPS','S',31,60,NULL,NULL,NULL,NULL,NULL),(158,'SUBANG',41,'IPS','T',61,90,NULL,NULL,NULL,NULL,NULL),(159,'SUBANG',41,'IPS','U',91,120,NULL,NULL,NULL,NULL,NULL),(160,'SUBANG',41,'IPS','V',121,150,NULL,NULL,NULL,NULL,NULL),(161,'SUBANG',41,'IPS','W',151,180,NULL,NULL,NULL,NULL,NULL),(162,'SUBANG',41,'IPS','X',181,210,NULL,NULL,NULL,NULL,NULL),(163,'SUBANG',41,'IPS','Y',211,240,NULL,NULL,NULL,NULL,NULL),(164,'SUBANG',41,'IPS','Z',241,270,NULL,NULL,NULL,NULL,NULL),(165,'SUBANG',41,'IPS','AA',271,300,NULL,NULL,NULL,NULL,NULL),(166,'SUBANG',41,'IPS','AB',301,330,NULL,NULL,NULL,NULL,NULL),(167,'SUBANG',41,'IPS','AC',331,360,NULL,NULL,NULL,NULL,NULL),(168,'SUBANG',41,'IPS','AD',361,390,NULL,NULL,NULL,NULL,NULL),(169,'SUBANG',41,'IPS','AE',391,420,NULL,NULL,NULL,NULL,NULL),(170,'SUBANG',41,'IPS','AF',421,450,NULL,NULL,NULL,NULL,NULL),(171,'SUBANG',41,'IPS','AG',451,480,NULL,NULL,NULL,NULL,NULL),(172,'SUBANG',41,'IPS','AH',481,510,NULL,NULL,NULL,NULL,NULL),(173,'JAKARTA',30,'-','A',1,30,NULL,NULL,NULL,NULL,NULL),(174,'JAKARTA',30,'-','B',31,60,NULL,NULL,NULL,NULL,NULL),(175,'JAKARTA',30,'-','C',61,90,NULL,NULL,NULL,NULL,NULL),(176,'JAKARTA',30,'-','D',91,120,NULL,NULL,NULL,NULL,NULL),(177,'JAKARTA',30,'-','E',121,150,NULL,NULL,NULL,NULL,NULL),(178,'JAKARTA',30,'-','F',151,180,NULL,NULL,NULL,NULL,NULL),(179,'JAKARTA',30,'-','G',181,210,NULL,NULL,NULL,NULL,NULL),(180,'JAKARTA',30,'-','H',211,240,NULL,NULL,NULL,NULL,NULL),(181,'JAKARTA',30,'-','I',241,270,NULL,NULL,NULL,NULL,NULL),(182,'JAKARTA',30,'-','J',271,300,NULL,NULL,NULL,NULL,NULL),(183,'JAKARTA',30,'-','K',301,330,NULL,NULL,NULL,NULL,NULL),(184,'JAKARTA',30,'-','L',331,360,NULL,NULL,NULL,NULL,NULL),(185,'JAKARTA',30,'-','M',361,390,NULL,NULL,NULL,NULL,NULL),(186,'JAKARTA',30,'-','N',391,420,NULL,NULL,NULL,NULL,NULL),(187,'JAKARTA',30,'-','O',421,450,NULL,NULL,NULL,NULL,NULL),(188,'JAKARTA',30,'-','P',451,480,NULL,NULL,NULL,NULL,NULL),(189,'JAKARTA',30,'-','Q',481,510,NULL,NULL,NULL,NULL,NULL),(190,'JAKARTA',30,'-','R',511,540,NULL,NULL,NULL,NULL,NULL),(191,'JAKARTA',30,'-','S',541,570,NULL,NULL,NULL,NULL,NULL),(192,'JAKARTA',30,'-','T',571,600,NULL,NULL,NULL,NULL,NULL),(193,'JAKARTA',30,'-','U',601,630,NULL,NULL,NULL,NULL,NULL),(194,'JAKARTA',30,'-','V',631,660,NULL,NULL,NULL,NULL,NULL),(195,'JAKARTA',30,'-','W',661,690,NULL,NULL,NULL,NULL,NULL),(196,'JAKARTA',30,'-','X',691,720,NULL,NULL,NULL,NULL,NULL),(197,'JAKARTA',30,'-','Y',721,750,NULL,NULL,NULL,NULL,NULL),(198,'JAKARTA',30,'-','Z',751,780,NULL,NULL,NULL,NULL,NULL),(199,'JAKARTA',30,'-','AA',781,810,NULL,NULL,NULL,NULL,NULL),(200,'JAKARTA',30,'-','AB',811,840,NULL,NULL,NULL,NULL,NULL),(201,'JAKARTA',30,'-','AC',841,870,NULL,NULL,NULL,NULL,NULL),(202,'JAKARTA',30,'-','AD',871,900,NULL,NULL,NULL,NULL,NULL),(203,'JAKARTA',30,'-','AE',901,930,NULL,NULL,NULL,NULL,NULL),(204,'JAKARTA',30,'-','AF',931,960,NULL,NULL,NULL,NULL,NULL),(205,'JAKARTA',30,'-','AG',961,990,NULL,NULL,NULL,NULL,NULL),(206,'JAKARTA',30,'-','AH',991,1020,NULL,NULL,NULL,NULL,NULL),(207,'JAKARTA',30,'-','AI',1021,1050,NULL,NULL,NULL,NULL,NULL),(208,'JAKARTA',30,'-','AJ',1051,1080,NULL,NULL,NULL,NULL,NULL),(209,'JAKARTA',30,'-','AK',1081,1110,NULL,NULL,NULL,NULL,NULL),(210,'JAKARTA',30,'-','AL',1111,1140,NULL,NULL,NULL,NULL,NULL),(211,'JAKARTA',30,'-','AM',1141,1170,NULL,NULL,NULL,NULL,NULL),(212,'JAKARTA',30,'-','AN',1171,1200,NULL,NULL,NULL,NULL,NULL),(213,'JAKARTA',30,'-','AO',1201,1230,NULL,NULL,NULL,NULL,NULL),(214,'JAKARTA',30,'-','AP',1231,1260,NULL,NULL,NULL,NULL,NULL),(215,'JAKARTA',30,'-','AQ',1261,1290,NULL,NULL,NULL,NULL,NULL),(216,'JAKARTA',30,'-','AR',1291,1320,NULL,NULL,NULL,NULL,NULL),(217,'JAKARTA',30,'-','AS',1321,1350,NULL,NULL,NULL,NULL,NULL),(218,'JAKARTA',30,'-','AT',1351,1380,NULL,NULL,NULL,NULL,NULL),(219,'JAKARTA',30,'-','AU',1381,1410,NULL,NULL,NULL,NULL,NULL),(220,'JAKARTA',30,'-','AV',1411,1440,NULL,NULL,NULL,NULL,NULL),(221,'JAKARTA',30,'-','AW',1441,1470,NULL,NULL,NULL,NULL,NULL),(222,'JAKARTA',30,'-','AX',1471,1500,NULL,NULL,NULL,NULL,NULL),(223,'JAKARTA',30,'-','AY',1501,1530,NULL,NULL,NULL,NULL,NULL),(224,'JAKARTA',30,'-','AZ',1531,1560,NULL,NULL,NULL,NULL,NULL),(225,'JAKARTA',31,'-','A',1,30,NULL,NULL,NULL,NULL,NULL),(226,'JAKARTA',31,'-','B',31,60,NULL,NULL,NULL,NULL,NULL),(227,'JAKARTA',31,'-','C',61,90,NULL,NULL,NULL,NULL,NULL),(228,'JAKARTA',31,'-','D',91,120,NULL,NULL,NULL,NULL,NULL),(229,'JAKARTA',31,'-','E',121,150,NULL,NULL,NULL,NULL,NULL),(230,'JAKARTA',31,'-','F',151,180,NULL,NULL,NULL,NULL,NULL),(231,'JAKARTA',31,'-','G',181,210,NULL,NULL,NULL,NULL,NULL),(232,'JAKARTA',31,'-','H',211,240,NULL,NULL,NULL,NULL,NULL),(233,'JAKARTA',31,'-','I',241,270,NULL,NULL,NULL,NULL,NULL),(234,'JAKARTA',31,'-','J',271,300,NULL,NULL,NULL,NULL,NULL),(235,'JAKARTA',31,'-','K',301,330,NULL,NULL,NULL,NULL,NULL),(236,'JAKARTA',31,'-','L',331,360,NULL,NULL,NULL,NULL,NULL),(237,'JAKARTA',31,'-','M',361,390,NULL,NULL,NULL,NULL,NULL),(238,'JAKARTA',31,'-','N',391,420,NULL,NULL,NULL,NULL,NULL),(239,'JAKARTA',31,'-','O',421,450,NULL,NULL,NULL,NULL,NULL),(240,'JAKARTA',31,'-','P',451,480,NULL,NULL,NULL,NULL,NULL),(241,'JAKARTA',31,'-','Q',481,510,NULL,NULL,NULL,NULL,NULL),(242,'JAKARTA',31,'-','R',511,540,NULL,NULL,NULL,NULL,NULL),(243,'JAKARTA',31,'-','S',541,570,NULL,NULL,NULL,NULL,NULL),(244,'JAKARTA',31,'-','T',571,600,NULL,NULL,NULL,NULL,NULL),(245,'JAKARTA',31,'-','U',601,630,NULL,NULL,NULL,NULL,NULL),(246,'JAKARTA',31,'-','V',631,660,NULL,NULL,NULL,NULL,NULL),(247,'JAKARTA',31,'-','W',661,690,NULL,NULL,NULL,NULL,NULL),(248,'JAKARTA',31,'-','X',691,720,NULL,NULL,NULL,NULL,NULL),(249,'JAKARTA',31,'-','Y',721,750,NULL,NULL,NULL,NULL,NULL),(250,'JAKARTA',31,'-','Z',751,780,NULL,NULL,NULL,NULL,NULL),(251,'JAKARTA',31,'-','AA',781,810,NULL,NULL,NULL,NULL,NULL),(252,'JAKARTA',31,'-','AB',811,840,NULL,NULL,NULL,NULL,NULL),(253,'JAKARTA',31,'-','AC',841,870,NULL,NULL,NULL,NULL,NULL),(254,'JAKARTA',31,'-','AD',871,900,NULL,NULL,NULL,NULL,NULL),(255,'JAKARTA',31,'-','AE',901,930,NULL,NULL,NULL,NULL,NULL),(256,'JAKARTA',31,'-','AF',931,960,NULL,NULL,NULL,NULL,NULL),(257,'JAKARTA',31,'-','AG',961,990,NULL,NULL,NULL,NULL,NULL),(258,'JAKARTA',31,'-','AH',991,1020,NULL,NULL,NULL,NULL,NULL),(259,'JAKARTA',31,'-','AI',1021,1050,NULL,NULL,NULL,NULL,NULL),(260,'JAKARTA',31,'-','AJ',1051,1080,NULL,NULL,NULL,NULL,NULL),(261,'JAKARTA',31,'-','AK',1081,1110,NULL,NULL,NULL,NULL,NULL),(262,'JAKARTA',31,'-','AL',1111,1140,NULL,NULL,NULL,NULL,NULL),(263,'JAKARTA',31,'-','AM',1141,1170,NULL,NULL,NULL,NULL,NULL),(264,'JAKARTA',31,'-','AN',1171,1200,NULL,NULL,NULL,NULL,NULL),(265,'JAKARTA',31,'-','AO',1201,1230,NULL,NULL,NULL,NULL,NULL),(266,'JAKARTA',31,'-','AP',1231,1260,NULL,NULL,NULL,NULL,NULL),(267,'JAKARTA',31,'-','AQ',1261,1290,NULL,NULL,NULL,NULL,NULL),(268,'JAKARTA',31,'-','AR',1291,1320,NULL,NULL,NULL,NULL,NULL),(269,'JAKARTA',31,'-','AS',1321,1350,NULL,NULL,NULL,NULL,NULL),(270,'JAKARTA',31,'-','AT',1351,1380,NULL,NULL,NULL,NULL,NULL),(271,'JAKARTA',31,'-','AU',1381,1410,NULL,NULL,NULL,NULL,NULL),(272,'JAKARTA',31,'-','AV',1411,1440,NULL,NULL,NULL,NULL,NULL),(273,'JAKARTA',31,'-','AW',1441,1470,NULL,NULL,NULL,NULL,NULL),(274,'JAKARTA',31,'-','AX',1471,1500,NULL,NULL,NULL,NULL,NULL),(275,'JAKARTA',31,'-','AY',1501,1530,NULL,NULL,NULL,NULL,NULL),(276,'JAKARTA',31,'-','AZ',1531,1560,NULL,NULL,NULL,NULL,NULL),(277,'JAKARTA',40,'IPA','A',1,30,NULL,NULL,NULL,NULL,NULL),(278,'JAKARTA',40,'IPA','B',31,60,NULL,NULL,NULL,NULL,NULL),(279,'JAKARTA',40,'IPA','C',61,90,NULL,NULL,NULL,NULL,NULL),(280,'JAKARTA',40,'IPA','D',91,120,NULL,NULL,NULL,NULL,NULL),(281,'JAKARTA',40,'IPA','E',121,150,NULL,NULL,NULL,NULL,NULL),(282,'JAKARTA',40,'IPA','F',151,180,NULL,NULL,NULL,NULL,NULL),(283,'JAKARTA',40,'IPA','G',181,210,NULL,NULL,NULL,NULL,NULL),(284,'JAKARTA',40,'IPA','H',211,240,NULL,NULL,NULL,NULL,NULL),(285,'JAKARTA',40,'IPA','I',241,270,NULL,NULL,NULL,NULL,NULL),(286,'JAKARTA',40,'IPA','J',271,300,NULL,NULL,NULL,NULL,NULL),(287,'JAKARTA',40,'IPA','K',301,330,NULL,NULL,NULL,NULL,NULL),(288,'JAKARTA',40,'IPA','L',331,360,NULL,NULL,NULL,NULL,NULL),(289,'JAKARTA',40,'IPA','M',361,390,NULL,NULL,NULL,NULL,NULL),(290,'JAKARTA',40,'IPA','N',391,420,NULL,NULL,NULL,NULL,NULL),(291,'JAKARTA',40,'IPA','O',421,450,NULL,NULL,NULL,NULL,NULL),(292,'JAKARTA',40,'IPA','P',451,480,NULL,NULL,NULL,NULL,NULL),(293,'JAKARTA',40,'IPA','Q',481,510,NULL,NULL,NULL,NULL,NULL),(294,'JAKARTA',40,'IPS','R',1,30,NULL,NULL,NULL,NULL,NULL),(295,'JAKARTA',40,'IPS','S',31,60,NULL,NULL,NULL,NULL,NULL),(296,'JAKARTA',40,'IPS','T',61,90,NULL,NULL,NULL,NULL,NULL),(297,'JAKARTA',40,'IPS','U',91,120,NULL,NULL,NULL,NULL,NULL),(298,'JAKARTA',40,'IPS','V',121,150,NULL,NULL,NULL,NULL,NULL),(299,'JAKARTA',40,'IPS','W',151,180,NULL,NULL,NULL,NULL,NULL),(300,'JAKARTA',40,'IPS','X',181,210,NULL,NULL,NULL,NULL,NULL),(301,'JAKARTA',40,'IPS','Y',211,240,NULL,NULL,NULL,NULL,NULL),(302,'JAKARTA',40,'IPS','Z',241,270,NULL,NULL,NULL,NULL,NULL),(303,'JAKARTA',40,'IPS','AA',271,300,NULL,NULL,NULL,NULL,NULL),(304,'JAKARTA',40,'IPS','AB',301,330,NULL,NULL,NULL,NULL,NULL),(305,'JAKARTA',40,'IPS','AC',331,360,NULL,NULL,NULL,NULL,NULL),(306,'JAKARTA',40,'IPS','AD',361,390,NULL,NULL,NULL,NULL,NULL),(307,'JAKARTA',40,'IPS','AE',391,420,NULL,NULL,NULL,NULL,NULL),(308,'JAKARTA',40,'IPS','AF',421,450,NULL,NULL,NULL,NULL,NULL),(309,'JAKARTA',40,'IPS','AG',451,480,NULL,NULL,NULL,NULL,NULL),(310,'JAKARTA',40,'IPS','AH',481,510,NULL,NULL,NULL,NULL,NULL),(311,'JAKARTA',41,'IPA','A',1,30,NULL,NULL,NULL,NULL,NULL),(312,'JAKARTA',41,'IPA','B',31,60,NULL,NULL,NULL,NULL,NULL),(313,'JAKARTA',41,'IPA','C',61,90,NULL,NULL,NULL,NULL,NULL),(314,'JAKARTA',41,'IPA','D',91,120,NULL,NULL,NULL,NULL,NULL),(315,'JAKARTA',41,'IPA','E',121,150,NULL,NULL,NULL,NULL,NULL),(316,'JAKARTA',41,'IPA','F',151,180,NULL,NULL,NULL,NULL,NULL),(317,'JAKARTA',41,'IPA','G',181,210,NULL,NULL,NULL,NULL,NULL),(318,'JAKARTA',41,'IPA','H',211,240,NULL,NULL,NULL,NULL,NULL),(319,'JAKARTA',41,'IPA','I',241,270,NULL,NULL,NULL,NULL,NULL),(320,'JAKARTA',41,'IPA','J',271,300,NULL,NULL,NULL,NULL,NULL),(321,'JAKARTA',41,'IPA','K',301,330,NULL,NULL,NULL,NULL,NULL),(322,'JAKARTA',41,'IPA','L',331,360,NULL,NULL,NULL,NULL,NULL),(323,'JAKARTA',41,'IPA','M',361,390,NULL,NULL,NULL,NULL,NULL),(324,'JAKARTA',41,'IPA','N',391,420,NULL,NULL,NULL,NULL,NULL),(325,'JAKARTA',41,'IPA','O',421,450,NULL,NULL,NULL,NULL,NULL),(326,'JAKARTA',41,'IPA','P',451,480,NULL,NULL,NULL,NULL,NULL),(327,'JAKARTA',41,'IPA','Q',481,510,NULL,NULL,NULL,NULL,NULL),(328,'JAKARTA',41,'IPS','R',1,30,NULL,NULL,NULL,NULL,NULL),(329,'JAKARTA',41,'IPS','S',31,60,NULL,NULL,NULL,NULL,NULL),(330,'JAKARTA',41,'IPS','T',61,90,NULL,NULL,NULL,NULL,NULL),(331,'JAKARTA',41,'IPS','U',91,120,NULL,NULL,NULL,NULL,NULL),(332,'JAKARTA',41,'IPS','V',121,150,NULL,NULL,NULL,NULL,NULL),(333,'JAKARTA',41,'IPS','W',151,180,NULL,NULL,NULL,NULL,NULL),(334,'JAKARTA',41,'IPS','X',181,210,NULL,NULL,NULL,NULL,NULL),(335,'JAKARTA',41,'IPS','Y',211,240,NULL,NULL,NULL,NULL,NULL),(336,'JAKARTA',41,'IPS','Z',241,270,NULL,NULL,NULL,NULL,NULL),(337,'JAKARTA',41,'IPS','AA',271,300,NULL,NULL,NULL,NULL,NULL),(338,'JAKARTA',41,'IPS','AB',301,330,NULL,NULL,NULL,NULL,NULL),(339,'JAKARTA',41,'IPS','AC',331,360,NULL,NULL,NULL,NULL,NULL),(340,'JAKARTA',41,'IPS','AD',361,390,NULL,NULL,NULL,NULL,NULL),(341,'JAKARTA',41,'IPS','AE',391,420,NULL,NULL,NULL,NULL,NULL),(342,'JAKARTA',41,'IPS','AF',421,450,NULL,NULL,NULL,NULL,NULL),(343,'JAKARTA',41,'IPS','AG',451,480,NULL,NULL,NULL,NULL,NULL),(344,'JAKARTA',41,'IPS','AH',481,510,NULL,NULL,NULL,NULL,NULL);

--
-- Table structure for table `master_sekolah`
--

CREATE TABLE `master_sekolah` (
  `mst_kode_wilayah` varchar(50) NOT NULL,
  `propinsi` varchar(500) DEFAULT NULL,
  `kabupaten_kota` varchar(500) DEFAULT NULL,
  `kecamatan` varchar(500) DEFAULT NULL,
  `id` varchar(500) NOT NULL,
  `npsn` varchar(500) DEFAULT NULL,
  `sekolah` varchar(500) DEFAULT NULL,
  `bentuk` varchar(500) DEFAULT NULL,
  `alamat_jalan` varchar(500) DEFAULT NULL,
  `lintang` varchar(500) DEFAULT NULL,
  `bujur` varchar(500) DEFAULT NULL,
  PRIMARY KEY (`mst_kode_wilayah`,`id`),
  KEY `propinsi` (`propinsi`),
  KEY `kabupaten_kota` (`kabupaten_kota`),
  KEY `kecamatan` (`kecamatan`),
  KEY `sekolah` (`sekolah`),
  KEY `npsn` (`npsn`),
  KEY `bentuk` (`bentuk`)
) ENGINE=InnoDB DEFAULT CHARSET=latin1 ROW_FORMAT=COMPACT;

--
-- Dumping data for table `master_sekolah`
--

INSERT INTO `master_sekolah` VALUES ('010100','DKI Jakarta','Kab. Kepulauan Seribu','Kepulauan Seribu Utara','001B9C94-2BF5-E011-9D7D-DF5FABFDFAEA','20104467','SD NEGERI PULAU KELAPA 02 PG','SD','Pulau Kelapa, RT. 002/01','-5.6560241','106.5662262'),('010100','DKI Jakarta','Kab. Kepulauan Seribu','Kepulauan Seribu Utara','002A9C94-2BF5-E011-BFDE-6FB199584CC5','20104468','SD NEGERI PULAU PANGGANG 01 PG','SD','Pulau Panggang Rt. 07/03','-5.7397000','106.6025000'),('010100','DKI Jakarta','Kab. Kepulauan Seribu','Kepulauan Seribu Selatan','00E09B94-2BF5-E011-9894-31473205A536','20104472','SD NEGERI PULAU PARI 02 PG','SD','Pulau Lancang Rt. 01/03','-5.9299000','106.5862000'),('010100','DKI Jakarta','Kab. Kepulauan Seribu','Kepulauan Seribu Utara','100C9C94-2BF5-E011-B842-FB97883C6736','20104464','SD NEGERI PULAU HARAPAN 01 PG','SD','Pulau Harapan Rt. 04/02','-5.6531611','106.5802775'),('010100','DKI Jakarta','Kab. Kepulauan Seribu','Kepulauan Seribu Utara','10569C94-2BF5-E011-8173-87BCFE226CAB','20104469','SD NEGERI PULAU PANGGANG 02 PG','SD','Jl. Pulau Pramuka Rt.  03/05','-5.7472000','106.6138000'),('010100','DKI Jakarta','Kab. Kepulauan Seribu','Kepulauan Seribu Utara','20659C94-2BF5-E011-906F-335FFCD534E6','20104470','SD NEGERI PULAU PANGGANG 03 PG JAKARTA','SD','Pulau Panggang Rt. 07/03','-5.7397000','106.6024000'),('010100','DKI Jakarta','Kab. Kepulauan Seribu','Kepulauan Seribu Selatan','40A49B94-2BF5-E011-9FFA-E50B70774295','20104477','SD NEGERI PERCONTOHAN PULAU UNTUNG JAWA 01 PG','SD','Jl. P. Nirwana Pulau Untung Jawa Rt. 02/03','-5.9795000','106.7093000'),('010100','DKI Jakarta','Kab. Kepulauan Seribu','Kepulauan Seribu Selatan','40C6E595-2BF5-E011-B2F2-796762867641','20106343','SMP NEGERI 241','SMP','Jl. Pendidikan','-5.7985000','106.5003000'),('010100','DKI Jakarta','Kab. Kepulauan Seribu','Kepulauan Seribu Selatan','50D19B94-2BF5-E011-8BCB-579EB8758510','20104475','SD NEGERI PULAU TIDUNG 03 PG','SD','Jl. Pendidikan Rt. 07/02','-5.7964000','106.4926000'),('010100','DKI Jakarta','Kab. Kepulauan Seribu','Kepulauan Seribu Selatan','80C29B94-2BF5-E011-AABF-732419A142F3','20104474','SD NEGERI PULAU TIDUNG 02 PG','SD','Jl. Lapangan Hijau Rt. 05/03','-5.7965000','106.4956000'),('010100','DKI Jakarta','Kab. Kepulauan Seribu','Kepulauan Seribu Utara','80D5E595-2BF5-E011-B48B-FDC34486D625','20106346','SMP NEGERI 260 JAKARTA','SMP','Pulau Harapan Rt. 05/02','-5.6534505','106.5799536'),('010100','DKI Jakarta','Kab. Kepulauan Seribu','Kepulauan Seribu Utara','80E6E595-2BF5-E011-A402-77741B4E5AAD','20107711','SMP NEGERI SATU ATAP 02 PULAU SABIRA','SMP','Pulau Harapan','-5.2056000','106.4603000'),('010100','DKI Jakarta','Kab. Kepulauan Seribu','Kepulauan Seribu Selatan','80FD9B94-2BF5-E011-8604-71F029F60680','20104476','SD NEGERI PULAU TIDUNG 04 PG','SD','Pulau Payung Rt. 06/04','-5.8223000','106.5549000'),('010100','DKI Jakarta','Kab. Kepulauan Seribu','Kepulauan Seribu Selatan','8C57BE23-E673-4FC3-A8E0-18A6D68F43EF','20109165','SMKN 61 JAKARTA','SMK','PANTAI SELATAN 1 PULAU TIDUNG.','-5.8023000','106.5099000'),('010100','DKI Jakarta','Kab. Kepulauan Seribu','Kepulauan Seribu Selatan','90B39B94-2BF5-E011-9D81-4DB8C8802639','20104471','SD NEGERI PULAU PARI 01 PG','SD','Pulau Pari Rt. 002/04','-5.8578000','106.6196000'),('010100','DKI Jakarta','Kab. Kepulauan Seribu','Kepulauan Seribu Utara','A0389C94-2BF5-E011-AC5A-69531DA3B5CC','20104465','SDN PULAU HARAPAN 02 PAGI','SD','Pulau Sabira','-5.2057000','106.4605000'),('010100','DKI Jakarta','Kab. Kepulauan Seribu','Kepulauan Seribu Utara','A0479C94-2BF5-E011-A14D-85F5DB024044','20104466','SD NEGERI PULAU KELAPA 01 PG','SD','Jl. Dermaga Utama Pulau Kelapa, No. 3 Rt. 007/04','-5.6529458','106.5721885'),('010100','DKI Jakarta','Kab. Kepulauan Seribu','Kepulauan Seribu Selatan','A0B7E595-2BF5-E011-A14B-DDC6D9AEA233','20106347','SMP NEGERI 285 JAKARTA','SMP','Jl. Pulau Edam','-5.9788000','106.7098000'),('010100','DKI Jakarta','Kab. Kepulauan Seribu','Kepulauan Seribu Selatan','B0A8E595-2BF5-E011-A9F1-D7B4938500AA','20106344','SMPN 288 JAKARTA','SMP','Pulau Lancang','-5.9361000','106.5943000'),('010100','DKI Jakarta','Kab. Kepulauan Seribu','Kepulauan Seribu Utara','C0F5E595-2BF5-E011-B37B-89DFD57B7D37','20106342','SMP NEGERI 133 JAKARTA','SMP','Jl. Pulau Pramuka Rt. 003 Rw. 05','-5.7471000','106.6138000'),('010100','DKI Jakarta','Kab. Kepulauan Seribu','Kepulauan Seribu Selatan','D06E0A94-2BF5-E011-88F0-F7CF3402F1E9','20107183','SMP NEGERI SATU ATAP 01 P. PARI','SMP','Pulau Pari','-5.8578000','106.6196000'),('010100','DKI Jakarta','Kab. Kepulauan Seribu','Kepulauan Seribu Utara','D36930A8-CFA1-495F-886B-C3609074F8AB','20107185','SMAN 69 JAKARTA','SMA','PULAU PRAMUKA RT 003/05','-5.7477000','106.6137000'),('010100','DKI Jakarta','Kab. Kepulauan Seribu','Kepulauan Seribu Selatan','E0EE9B94-2BF5-E011-A06A-FB62F3A587A5','20104473','SD NEGERI PULAU TIDUNG 01 PG','SD','Pulau Tidung Rt. 01/01','-5.7965000','106.4926000');

--
-- Table structure for table `master_status`
--

CREATE TABLE `master_status` (
  `status` varchar(50) DEFAULT NULL,
  `status_next` varchar(50) DEFAULT NULL,
  `remark` int(50) DEFAULT NULL,
  `created_by` varchar(50) DEFAULT NULL,
  `created_date` varchar(50) DEFAULT NULL,
  `updated_by` varchar(50) DEFAULT NULL,
  `updated_date` varchar(50) DEFAULT NULL
) ENGINE=MyISAM DEFAULT CHARSET=latin1;

--
-- Dumping data for table `master_status`
--

INSERT INTO `master_status` VALUES ('TERDAFTAR','BAYAR REGISTRASI',1,NULL,NULL,NULL,NULL),('BAYAR REGISTRASI','TEST AWAL',2,NULL,NULL,NULL,NULL),('TEST AWAL','TEST AKADEMIS',3,NULL,NULL,NULL,NULL),('TEST AKADEMIS','TEST DI TERIMA',5,NULL,NULL,NULL,NULL),('TEST AKADEMIS','TEST TIDAK DI TERIMA',5,NULL,NULL,NULL,NULL),('TEST AKADEMIS','TEST SBG CADANGN',5,NULL,NULL,NULL,NULL),('TEST DI TERIMA','DAFTAR ULANG DI TERIMA',7,NULL,NULL,NULL,NULL),('DAFTAR ULANG DI TERIMA','MASUK',8,NULL,NULL,NULL,NULL),('TEST SBG CADANGN','DAFTAR ULANG DI CADANGAN',9,NULL,NULL,NULL,NULL),('DAFTAR ULANG DI CADANGAN','MASUK',10,NULL,NULL,NULL,NULL),('TERDAFTAR','BAYAR REGISTRASI',1,NULL,NULL,NULL,NULL),('BAYAR REGISTRASI','TEST AWAL',2,NULL,NULL,NULL,NULL),('TEST AWAL','TEST AKADEMIS',3,NULL,NULL,NULL,NULL),('TEST AKADEMIS','TEST DITERIMA',5,NULL,NULL,NULL,NULL),('TEST AKADEMIS','TEST TIDAK DITERIMA',5,NULL,NULL,NULL,NULL),('TEST AKADEMIS','TEST SBG CADANGAN',5,NULL,NULL,NULL,NULL),('TEST DITERIMA','DAFTAR ULANG DITERIMA',7,NULL,NULL,NULL,NULL),('DAFTAR ULANG DITERIMA','MASUK',8,NULL,NULL,NULL,NULL),('TEST SBG CADANGAN','DAFTAR ULANG CADANGAN',9,NULL,NULL,NULL,NULL),('DAFTAR ULANG CADANGAN','MASUK',10,NULL,NULL,NULL,NULL);

--
-- Table structure for table `master_status_bayar`
--

CREATE TABLE `master_status_bayar` (
  `status_bayar` varchar(10) DEFAULT NULL,
  `remark` varchar(50) DEFAULT NULL,
  `created_by` varchar(50) DEFAULT NULL,
  `created_date` varchar(50) DEFAULT NULL,
  `updated_by` varchar(50) DEFAULT NULL,
  `updated_date` varchar(50) DEFAULT NULL
) ENGINE=MyISAM DEFAULT CHARSET=latin1;

--
-- Dumping data for table `master_status_bayar`
--

INSERT INTO `master_status_bayar` VALUES ('TRANSFER',NULL,NULL,NULL,NULL,NULL),('CASH',NULL,NULL,NULL,NULL,NULL),('FREE',NULL,NULL,NULL,NULL,NULL);

--
-- Table structure for table `master_status_pekerjaan_pmb`
--

CREATE TABLE `master_status_pekerjaan_pmb` (
  `status_pekerjaan_id` varchar(11) DEFAULT NULL,
  `status_pekerjaan_nama` varchar(50) DEFAULT NULL,
  `remark` varchar(50) DEFAULT NULL,
  `created_by` varchar(50) DEFAULT NULL,
  `created_date` varchar(50) DEFAULT NULL,
  `updated_by` varchar(50) DEFAULT NULL,
  `updated_date` varchar(50) DEFAULT NULL
) ENGINE=MyISAM DEFAULT CHARSET=latin1;

--
-- Dumping data for table `master_status_pekerjaan_pmb`
--

INSERT INTO `master_status_pekerjaan_pmb` VALUES ('PNS','PNS',NULL,NULL,NULL,NULL,NULL),('SWASTA','PEGAWAI SWASTA','',NULL,NULL,'agusnurpurwanto','2014-11-17 19:14:41'),('BUMN','BUMN',NULL,NULL,NULL,NULL,NULL),('WIRASWASTA','WIRASWASTA',NULL,NULL,NULL,NULL,NULL),('TNI-POLRI','TNI-POLRI',NULL,NULL,NULL,NULL,NULL),('ALEG_KAB','ANGGOTA DEWAN KAB / KOTA',NULL,NULL,NULL,NULL,NULL),('ALEG_PROP','ANGGOTA DEWAN PROPINSI',NULL,NULL,NULL,NULL,NULL),('ALEG_PUSAT','ANGGOTA DEWAN PUSAT',NULL,NULL,NULL,NULL,NULL),('IRT','IBU RUMAH TANGGA','','Admin','2012-12-04 16:47:37','Admin','2012-12-04 17:06:15'),('PENSIUN','PENSIUN','','Admin','2014-01-02 12:41:09',NULL,NULL),('GURU SWASTA','GURU SWASTA','','agusnurpurwanto','2014-11-17 19:15:03',NULL,NULL),('PEGAWAI PAJ','PEGAWAI PAJAK','','agusnurpurwanto','2014-11-17 19:15:18',NULL,NULL),('ARTIS','ARTIS',NULL,NULL,NULL,NULL,NULL),('PETANI','PETANI','','agusnurpurwanto','2014-11-17 19:15:39',NULL,NULL),('DOSEN','DOSEN',NULL,NULL,NULL,NULL,NULL),('LAINNYA','LAINNYA',NULL,NULL,NULL,NULL,NULL);

--
-- Table structure for table `master_suku_pmb`
--

CREATE TABLE `master_suku_pmb` (
  `suku_id` int(11) NOT NULL AUTO_INCREMENT,
  `suku_nama` varchar(50) DEFAULT NULL,
  `remark` varchar(50) DEFAULT NULL,
  `created_by` varchar(50) DEFAULT NULL,
  `created_date` varchar(50) DEFAULT NULL,
  `updated_by` varchar(50) DEFAULT NULL,
  `updated_date` varchar(50) DEFAULT NULL,
  PRIMARY KEY (`suku_id`)
) ENGINE=MyISAM AUTO_INCREMENT=250 DEFAULT CHARSET=latin1;

--
-- Dumping data for table `master_suku_pmb`
--

INSERT INTO `master_suku_pmb` VALUES (1,'JAWA',NULL,NULL,NULL,NULL,NULL),(2,'SUNDA',NULL,NULL,NULL,NULL,NULL),(3,'BETAWI',NULL,NULL,NULL,NULL,NULL),(4,'MADURA','','','2012-12-03 20:23:12',NULL,NULL),(5,'LAMPUNG','','','2012-12-03 21:03:37',NULL,NULL),(6,'Jawa-Sunda','','','2012-12-04 08:34:38',NULL,NULL),(7,'PALEMBANG','','','2012-12-04 10:09:53','Admin','2012-12-17 23:42:55'),(8,'BUGIS','','','2012-12-04 11:35:09','Admin','2012-12-17 23:43:55'),(9,'Bugis-Manado','','','2012-12-04 11:36:25',NULL,NULL),(10,'Padang','','','2012-12-04 11:41:45',NULL,NULL),(11,'MINANG','','','2012-12-04 15:16:43',NULL,NULL),(12,'MELAYU','','','2012-12-04 15:27:58','Admin','2012-12-17 23:42:33'),(13,'MAKASSAR','','','2012-12-04 22:12:54','Admin','2012-12-17 23:43:45'),(14,'SUNDA BANTEN','','','2012-12-05 10:54:19',NULL,NULL),(15,'Banjarmasin','Kalimantan Selatan','','2012-12-05 12:34:55',NULL,NULL),(16,'PADANG','','','2012-12-05 15:18:33','Admin','2012-12-17 23:43:28'),(17,'ACEH','','','2012-12-05 17:08:37','Admin','2012-12-17 23:43:20'),(18,'JAWA-PALEMBANG','','','2012-12-06 17:07:01',NULL,NULL),(19,'jawa sunda','','','2012-12-08 05:24:18',NULL,NULL),(20,'BATAK','','','2012-12-08 21:48:50',NULL,NULL),(21,'CIREBON-PALEMBANG','','','2012-12-09 15:20:11',NULL,NULL),(22,'AMBON','Maluku','','2012-12-11 06:17:48','Admin','2012-12-17 23:43:07'),(23,'Lebong','','','2012-12-11 20:51:09',NULL,NULL),(24,'Bugis - Makassar','Suku ini berasal dari provinsi Sulawesi Selatan. I','','2012-12-14 04:52:55',NULL,NULL),(25,'BUTON','','','2012-12-14 09:46:01',NULL,NULL),(26,'SUMBAWA','','','2012-12-16 20:37:40',NULL,NULL),(27,'BAWEAN','','','2012-12-19 08:33:24',NULL,NULL),(28,'sunda','','','2012-12-19 09:23:13',NULL,NULL),(29,'TORAJA','','','2012-12-20 20:42:02',NULL,NULL),(30,'Fukuoka','Japanese','','2012-12-23 00:32:48',NULL,NULL),(31,'CIREBON','','','2012-12-23 12:09:27',NULL,NULL),(32,'Medan','','','2012-12-26 09:56:42',NULL,NULL),(33,'MANADO','','','2012-12-26 13:12:48',NULL,NULL),(34,'Batak-melayu','','','2012-12-26 13:17:41',NULL,NULL),(35,'jawa','','','2012-12-26 16:18:15',NULL,NULL),(36,'GORONTALO','DAERAH GORONTALO','','2012-12-27 00:49:04',NULL,NULL),(37,'Betawi-Surabaya','','','2012-12-29 11:36:03',NULL,NULL),(38,'maloko','','','2012-12-30 20:58:25',NULL,NULL),(39,'adonara','','','2012-12-30 21:04:07',NULL,NULL),(40,'flores','','','2012-12-30 21:04:39',NULL,NULL),(41,'Indonesia','','','2013-01-01 08:32:08',NULL,NULL),(42,'CIREBON-JAWA','','','2013-01-02 23:48:56',NULL,NULL),(43,'Bali','','','2013-01-03 14:43:05',NULL,NULL),(44,'INDRAMAYU','','','2013-01-04 11:19:42',NULL,NULL),(45,'Dayak','','','2013-01-04 14:02:36',NULL,NULL),(46,'banjar','','','2013-01-05 09:56:26',NULL,NULL),(47,'Ogan','','','2013-01-05 13:48:51',NULL,NULL),(48,'sunda','ayah melayu, ibu sunda','','2013-01-05 16:16:48',NULL,NULL),(49,'PASEMAH','Salah satu suku di Sumatera Selatan, yaitu di Kota','','2013-01-05 23:15:08',NULL,NULL),(50,'Sasak','','','2013-01-06 11:53:55',NULL,NULL),(51,'TIMOR','','','2013-01-06 17:00:34',NULL,NULL),(52,'bengkulu','','','2013-01-09 22:14:46',NULL,NULL),(53,'arab','','','2013-01-12 09:05:12',NULL,NULL),(54,'arab-sunda','kakek arab, nenek sunda','','2013-01-12 09:08:02',NULL,NULL),(55,'Bima','','','2013-01-13 13:55:07',NULL,NULL),(56,'jawa','','','2013-01-13 22:52:43',NULL,NULL),(57,'Tidung','Tidung adalah salah satu suku dayak yang mayoritas','','2013-01-15 08:58:01',NULL,NULL),(58,'PADANG-BANJARMASIN','','','2013-01-16 00:11:00',NULL,NULL),(59,'Melayu','','','2013-01-16 20:57:37',NULL,NULL),(60,'Mandahiling','Sumatera Barat','','2013-01-19 17:52:43',NULL,NULL),(61,'Pontianak - Melayu','','','2013-01-22 14:22:41',NULL,NULL),(62,'Jawa - Lampung','','','2013-01-24 16:24:16',NULL,NULL),(63,'sunda','','','2013-01-26 13:50:28',NULL,NULL),(64,'Tionghoa','Tionghoa Indonesia','','2013-01-26 21:36:35',NULL,NULL),(65,'JAWA-MINANG','','','2013-01-27 13:50:57',NULL,NULL),(66,'Jawa Tengah','','','2013-01-27 15:32:15',NULL,NULL),(67,'Paser','-','','2013-01-30 14:52:49',NULL,NULL),(68,'Betawi - Padang','','','2013-01-31 10:54:58',NULL,NULL),(69,'NIAS','','','2013-02-01 09:07:44',NULL,NULL),(70,'PADANG - ACEH','','','2013-02-02 23:20:32',NULL,NULL),(71,'BANTEN-BATAK-SUNDA','AYAH BANTEN, IBU BATAK-SUNDA','','2013-02-05 14:51:27',NULL,NULL),(72,'Sunda - Palembang - Betawi','Ayah Sunda & Palembang; Ibu Betawi','','2013-02-09 14:27:12',NULL,NULL),(73,'KENDARI','Suku Kendari Sulawesi Tenggara','','2013-02-09 16:07:43',NULL,NULL),(74,'Jawa - Tapanuli','','','2013-02-10 14:31:50',NULL,NULL),(75,'maluku','  ','','2013-02-17 08:05:15',NULL,NULL),(76,'Betawi-Jawa-Palembang','','','2013-11-04 08:24:36',NULL,NULL),(77,'Jakarta','','','2013-11-12 13:47:26',NULL,NULL),(78,'arab-madura','','','2013-11-16 06:52:26',NULL,NULL),(79,'jawa','','','2013-11-19 13:42:06',NULL,NULL),(80,'MAKASSAR-SUNDA','','','2013-11-21 09:04:53',NULL,NULL),(81,'KARO','','','2013-11-21 11:46:41',NULL,NULL),(82,'Batak Tapanuli Selatan','','','2013-11-22 20:35:39',NULL,NULL),(83,'Melayu','','','2013-11-26 07:55:18',NULL,NULL),(84,'bugis','','','2013-11-26 09:11:14',NULL,NULL),(85,'sunda','','','2013-11-27 06:53:41',NULL,NULL),(86,'manado','','','2013-11-27 15:24:43',NULL,NULL),(87,'sunda','','','2013-11-29 11:17:20',NULL,NULL),(88,'Jawa Kalimantan','','','2013-12-01 16:02:06',NULL,NULL),(89,'Berau','','','2013-12-02 06:06:01',NULL,NULL),(90,'Banua','','','2013-12-02 06:06:56',NULL,NULL),(91,'Banjar - Sunda','','','2013-12-02 23:17:18',NULL,NULL),(92,'bangka belitung','','','2013-12-03 06:34:27',NULL,NULL),(93,'Jawa-Padang','Ibu Jawa dan Bapak padang','','2013-12-03 12:05:14',NULL,NULL),(94,'Manado-Sunda','','','2013-12-05 13:50:09',NULL,NULL),(95,'JAWA ALBUGIS','','','2013-12-06 09:52:46',NULL,NULL),(96,'Arab-Ternate','','','2013-12-07 09:41:27',NULL,NULL),(97,'KOMERING','','','2013-12-07 21:16:11',NULL,NULL),(98,'Rejang','','','2013-12-07 22:34:15',NULL,NULL),(99,'PALU','','','2013-12-08 21:15:02',NULL,NULL),(100,'KAILI','','','2013-12-08 21:15:40',NULL,NULL),(101,'BUGIS-BONE','','','2013-12-08 21:16:46',NULL,NULL),(102,'Tapanuli','','','2013-12-09 11:26:55',NULL,NULL),(103,'Tapanuli Selatan','','','2013-12-09 11:27:51',NULL,NULL),(104,'Menado-China','','','2013-12-10 16:23:42',NULL,NULL),(105,'KAILI','','','2013-12-13 15:47:53',NULL,NULL),(106,'KAILI','','','2013-12-13 15:47:56',NULL,NULL),(107,'KAILI','','','2013-12-13 15:48:00',NULL,NULL),(108,'kutai','','','2013-12-15 15:23:50',NULL,NULL),(109,'JAWA-BANGKA','','','2013-12-15 21:30:44',NULL,NULL),(110,'Makasar','','','2013-12-17 12:52:01',NULL,NULL),(111,'Minang','Padang nama ibu kota bukan suku','','2013-12-17 20:02:25',NULL,NULL),(112,'SEMENDO','KAB.MUARA ENIM SUMSEL','','2013-12-20 16:32:24',NULL,NULL),(113,'Sunda Padang','','','2013-12-24 06:07:04',NULL,NULL),(114,'BEKASI','','','2013-12-27 13:25:32',NULL,NULL),(115,'Makassar- Sunda','','','2013-12-29 17:06:09',NULL,NULL),(116,'Minang-Jawa','','','2013-12-30 21:33:40',NULL,NULL),(117,'JAWA-SUNDA','','','2014-01-01 09:54:40',NULL,NULL),(118,'BUGIS','','','2014-01-02 20:47:35',NULL,NULL),(119,'sunda ','','','2014-01-03 10:41:26',NULL,NULL),(120,'Padang-Bugis','','','2014-01-03 11:30:57',NULL,NULL),(121,'BANGGAI','SULAWESI TENGAH','','2014-01-03 13:21:35',NULL,NULL),(122,'BANGGAI','','','2014-01-04 11:35:35',NULL,NULL),(123,'JAWA - BATAK','','','2014-01-04 12:12:20',NULL,NULL),(124,'PAKISTAN-BETAWI-JAWA-ACEH','','','2014-01-04 12:53:47',NULL,NULL),(125,'BANJAR','Suku Banjar','','2014-01-05 17:43:10',NULL,NULL),(126,'Banjar','ibu jawa ayah banjar','','2014-01-06 06:14:08',NULL,NULL),(127,'GORONTALO - SUNDA','AYAH GORONTALO - IBU SUNDA','','2014-01-06 14:40:44',NULL,NULL),(128,'MANDAILING MEDAN','sumatera utara','','2014-01-06 18:10:47',NULL,NULL),(129,'mandailing medan','','','2014-01-06 18:11:33',NULL,NULL),(130,'Sunda-Palembang','','','2014-01-07 20:19:18',NULL,NULL),(131,'Rambang','Desa Rambang','','2014-01-08 12:49:55',NULL,NULL),(132,'JAKARTA','','','2014-01-11 13:57:36',NULL,NULL),(133,'BETAWI','','','2014-01-11 13:58:22',NULL,NULL),(134,'Jawa - Bengkulu','','','2014-01-12 08:44:03',NULL,NULL),(135,'Bangka - Padang ','','','2014-01-15 15:13:21',NULL,NULL),(136,'sunda - bugis','ibu : sunda , bapak : bugis','','2014-01-17 00:06:34',NULL,NULL),(137,'Sunda-Padang','','','2014-01-19 15:43:06',NULL,NULL),(138,'Bengkulu','','','2014-01-19 19:33:50',NULL,NULL),(139,'Sunda Bugis','','','2014-01-23 20:02:53',NULL,NULL),(140,'Sunda-Bugis','','','2014-01-23 20:03:22',NULL,NULL),(141,'Sunda-Bugis','nenek moyang suku bugis','','2014-01-23 20:04:10',NULL,NULL),(142,'Jawa-Aceh','','','2014-01-24 12:35:21',NULL,NULL),(143,'jawa sunda','','','2014-02-01 13:16:42',NULL,NULL),(144,'Dayak Kutai','','','2014-02-02 20:53:21',NULL,NULL),(145,'MINANG','','','2014-02-05 11:32:06',NULL,NULL),(146,'PADANG','','','2014-02-05 11:32:22',NULL,NULL),(147,'bali','','','2014-02-06 21:23:58',NULL,NULL),(148,'Bengkulu','','','2014-02-10 12:03:22',NULL,NULL),(149,'JAWA','','','2014-02-11 19:37:48',NULL,NULL),(150,'JAWA-MELAYU','','','2014-02-13 10:56:45',NULL,NULL),(151,'MANADO-SUNDA','','','2014-02-14 05:30:34',NULL,NULL),(152,'PALEMBANG-MINANG','','','2014-02-14 05:32:28',NULL,NULL),(153,'BETAWI-SUNDA','','','2014-02-15 13:31:50',NULL,NULL),(154,'Mandar','','','2014-11-18 12:15:16',NULL,NULL),(155,'Palopo','','','2014-11-18 12:16:10',NULL,NULL),(156,'arab jakarta','','','2014-11-18 15:41:08',NULL,NULL),(157,'Jawa timur - Jawa barat','Ayah dari bondowoso jawa timur, Ibu dari Cimanggis','','2014-11-18 15:49:40',NULL,NULL),(158,'Sunda-jawa','','','2014-11-18 20:48:55',NULL,NULL),(159,'Sunda','Sunda','','2014-11-18 20:50:15',NULL,NULL),(160,'sunda','Sunda','','2014-11-18 20:51:22',NULL,NULL),(161,'','Sunda','','2014-11-18 20:52:28',NULL,NULL),(162,'-','-','','2014-11-18 20:54:32',NULL,NULL),(163,'Batak - Aceh','','','2014-11-18 22:30:52',NULL,NULL),(164,'BETAWI- MADURA','AYAH MADURA , IBU BETAWI','','2014-11-19 08:19:10',NULL,NULL),(165,'betawi-jawa','','','2014-11-19 08:31:12',NULL,NULL),(166,'BATAK-SUNDA','','','2014-11-19 09:19:14',NULL,NULL),(167,'jawa','Kombinasi Jawa dan Sunda.','','2014-11-19 10:47:55',NULL,NULL),(168,'sunda','','','2014-11-20 10:55:48',NULL,NULL),(169,'Manado','','','2014-11-21 07:09:11',NULL,NULL),(170,'Jawa-Betawi','','','2014-11-21 19:12:35',NULL,NULL),(171,'Minang ','Chaniago','','2014-11-22 18:32:58',NULL,NULL),(172,'Bajo','','','2014-11-22 20:29:28',NULL,NULL),(173,'kalimantan barat - madura','','','2014-11-23 06:20:12',NULL,NULL),(174,'bima jawa','','','2014-11-23 11:05:52',NULL,NULL),(175,'Rejang','','','2014-11-23 11:47:26',NULL,NULL),(176,'sunda','','','2014-11-24 14:06:24',NULL,NULL),(177,'Batak Karo','','','2014-11-27 12:27:33',NULL,NULL),(178,'minang -sunda','','','2014-11-30 15:52:38',NULL,NULL),(179,'mandailing padang','','','2014-11-30 21:21:58',NULL,NULL),(180,'JAWA-BETAWI','','','2014-12-01 19:08:33',NULL,NULL),(181,'gayo','gayo-Aceh Tengah','','2014-12-02 08:01:56',NULL,NULL),(182,'MALUKU','','','2014-12-07 19:49:40',NULL,NULL),(183,'Jawa Tengah','','','2014-12-08 13:31:00',NULL,NULL),(184,'Jawa Tengah','','','2014-12-08 13:33:39',NULL,NULL),(185,'banten','','','2014-12-09 14:02:05',NULL,NULL),(186,'banten','','','2014-12-09 14:41:47',NULL,NULL),(187,'Keturunan India (Ayah)','','','2014-12-10 10:40:16',NULL,NULL),(188,'Bangka-Bedengung','','','2014-12-11 05:32:11',NULL,NULL),(189,'BETAWI-SUNDA','','','2014-12-12 05:46:39',NULL,NULL),(190,'Jawa Banten','','','2014-12-18 18:15:19',NULL,NULL),(191,'BANJAR-BUGIS','','','2014-12-21 07:58:26',NULL,NULL),(192,'Ternate ','','','2014-12-21 13:33:54',NULL,NULL),(193,'nias','','','2014-12-22 08:52:00',NULL,NULL),(194,'SUKU SASAK','LOMBOK, NTB','','2014-12-22 10:55:32',NULL,NULL),(195,'SASAK - LOMBOK','','','2014-12-22 10:59:11',NULL,NULL),(196,'serawai','bengkulu','','2014-12-23 14:22:48',NULL,NULL),(197,'lembak','bengkulu','','2014-12-23 14:28:41',NULL,NULL),(198,'minang.','Minang.kabau','','2014-12-24 11:25:23',NULL,NULL),(199,'Banjar','','','2014-12-27 17:41:45',NULL,NULL),(200,'Banjar','','','2014-12-27 17:42:04',NULL,NULL),(201,'Banten','','','2014-12-29 16:13:59',NULL,NULL),(202,'Sunda','','','2014-12-30 11:57:08',NULL,NULL),(203,'Lahat','Sumatera Selatan','','2014-12-31 08:12:31',NULL,NULL),(204,'bima','','','2015-01-02 13:56:24',NULL,NULL),(205,'padang-sunda','','','2015-01-02 15:39:13',NULL,NULL),(206,'Somalia','Warga negara Somalia ','','2015-01-03 15:42:31',NULL,NULL),(207,'Banjar','','','2015-01-04 20:48:27',NULL,NULL),(208,'Flores-Bugis','','','2015-01-08 12:06:47',NULL,NULL),(209,'Flores - Bugis','','','2015-01-08 12:09:35',NULL,NULL),(210,'JAWA-BETAWI','','','2015-01-10 07:54:15',NULL,NULL),(211,'Sunda','','','2015-01-10 21:32:30',NULL,NULL),(212,'Jawa Tondano','','','2015-01-11 15:52:10',NULL,NULL),(213,'Sumbawa','','','2015-01-12 15:35:27',NULL,NULL),(214,'jawa-madura','','','2015-01-15 08:47:33',NULL,NULL),(215,'Sunda-Jawa','','','2015-01-15 20:59:06',NULL,NULL),(216,'Betawi-Madura','','','2015-01-15 21:02:57',NULL,NULL),(217,'Betawi-Jawa','','','2015-01-15 21:05:42',NULL,NULL),(218,'jawa - madura','','','2015-01-16 08:06:28',NULL,NULL),(219,'Ayah, Keturunan India.','','','2015-01-16 13:27:20',NULL,NULL),(220,'Bugis - Lampung','','','2015-01-16 17:02:58',NULL,NULL),(221,'betawi - jambi','','','2015-01-17 11:35:15',NULL,NULL),(222,'Bugis - Lampung','','','2015-01-18 09:56:24',NULL,NULL),(223,'Semaung','','','2015-01-18 17:14:01',NULL,NULL),(224,'jawa-padang','ayah jawa- ibu padang','','2015-01-19 07:04:25',NULL,NULL),(225,'BETAWI-SUNDA','','','2015-01-19 08:09:52',NULL,NULL),(226,'JAWA','','','2015-01-19 10:54:24',NULL,NULL),(227,'bugis - bone','','','2015-01-20 21:13:29',NULL,NULL),(228,'bugis - barru','','','2015-01-20 21:18:34',NULL,NULL),(229,'Minang - Banjar','','','2015-01-23 18:54:27',NULL,NULL),(230,'Banten-Jawa','','','2015-01-24 11:19:41',NULL,NULL),(231,'BATAK','BATAK','','2015-01-28 17:20:54',NULL,NULL),(232,'British','Inggris','','2015-01-29 09:40:45',NULL,NULL),(233,'Britsh','Asal inggris','','2015-01-30 10:47:39',NULL,NULL),(234,'suku Jawa','','','2015-01-30 17:41:59',NULL,NULL),(235,'SUKU JAWA','','','2015-01-30 17:50:42',NULL,NULL),(236,'BETAWI-SUNDA','','','2015-02-01 17:32:00',NULL,NULL),(237,'Melayu Bangka','suku asli masyarakat Bangka','','2015-02-02 23:39:32',NULL,NULL),(238,'BUTON','','','2015-02-03 20:26:17',NULL,NULL),(239,'TOLAKI','','','2015-02-04 20:13:36',NULL,NULL),(240,'MISOOL','','','2015-02-04 20:17:31',NULL,NULL),(241,'ternate','','','2015-02-05 07:55:02',NULL,NULL),(242,'Ternate','','','2015-02-05 07:55:38',NULL,NULL),(243,'ternate','maluku','','2015-02-05 09:56:42',NULL,NULL),(244,'CHANIAGO','','','2015-02-05 20:12:03',NULL,NULL),(245,'enrekang','','','2015-02-07 15:41:10',NULL,NULL),(246,'Bengkulu - Sunda','','','2015-02-07 18:15:05',NULL,NULL),(247,'batak','dari ibu','','2015-02-12 10:31:19',NULL,NULL),(248,'batak','','','2015-02-12 17:01:59',NULL,NULL),(249,'THAI','','','2015-02-28 14:54:56',NULL,NULL);

--
-- Table structure for table `master_tahapan`
--

CREATE TABLE `master_tahapan` (
  `tahapan_id` varchar(30) DEFAULT NULL,
  `tahapan_nama` varchar(50) DEFAULT NULL,
  `status` varchar(20) DEFAULT NULL,
  `remark` varchar(50) DEFAULT NULL,
  `created_by` varchar(50) DEFAULT NULL,
  `created_date` varchar(50) DEFAULT NULL,
  `updated_by` varchar(50) DEFAULT NULL,
  `updated_date` varchar(50) DEFAULT NULL
) ENGINE=MyISAM DEFAULT CHARSET=latin1;

--
-- Dumping data for table `master_tahapan`
--

INSERT INTO `master_tahapan` VALUES ('pendaftaran','PENDAFTARAN','aktif','','agusnurpurwanto','2015-11-14 18:49:28','agusnurpurwanto','2016-02-19 22:51:16'),('akademik','AKADEMIK','closed','','agusnurpurwanto','2015-11-14 18:50:19','agusnurpurwanto','2015-11-16 12:57:43'),('daftarulang','PENGUMUMAN DAN DAFTAR ULANG','closed','2017-02-08 18:00:00','agusnurpurwanto','2015-11-14 18:50:59','agusnurpurwanto','2017-02-08 19:35:31'),('pmdk_prestasi','PMDK PRESTASI','closed','2016-12-19',NULL,NULL,NULL,NULL),('tahap_1','KELULUSAN TAHAP 1','aktif','',NULL,NULL,'suherman','2017-11-21 07:32:55');

--
-- Table structure for table `master_tahun_pmb`
--

CREATE TABLE `master_tahun_pmb` (
  `tahun_id` varchar(11) DEFAULT NULL,
  `tahun_nama` varchar(50) DEFAULT NULL,
  `status` varchar(20) DEFAULT NULL,
  `remark` varchar(50) DEFAULT NULL,
  `created_by` varchar(50) DEFAULT NULL,
  `created_date` varchar(50) DEFAULT NULL,
  `updated_by` varchar(50) DEFAULT NULL,
  `updated_date` varchar(50) DEFAULT NULL
) ENGINE=MyISAM DEFAULT CHARSET=latin1;

--
-- Dumping data for table `master_tahun_pmb`
--

INSERT INTO `master_tahun_pmb` VALUES ('2012','2012','CLOSED',NULL,NULL,NULL,NULL,NULL),('2013','2013','CLOSED','',NULL,NULL,'Admin','2013-11-02 09:28:19'),('2014','2014','CLOSED','',NULL,NULL,'jupri','2014-11-15 22:37:16'),('2015','2015','CLOSED','2015 - 2016',NULL,NULL,'agusnurpurwanto','2015-10-28 14:45:28'),('2016','2016','CLOSED','2016 - 2017','agusnurpurwanto','2015-10-28 14:45:09','jupriyanto','2016-10-23 13:48:18'),('2017','2017','CLOSED','2017 - 2018','jupriyanto','2016-10-23 13:48:06',NULL,NULL),('2018','2018','CLOSED','2018 - 2019','jupriyanto',NULL,NULL,NULL),('2019','2019','CLOSED','2019 - 2020','jupriyanto',NULL,NULL,NULL),('2020','2020','AKTIF','2020 - 2021','jupriyanto','2019-08-11 12:48:06',NULL,NULL);

--
-- Table structure for table `master_tujuan_id_pmb`
--

CREATE TABLE `master_tujuan_id_pmb` (
  `tujuan_id_id` varchar(11) DEFAULT NULL,
  `tujuan_id_nama` varchar(50) DEFAULT NULL,
  `remark` varchar(50) DEFAULT NULL,
  `created_by` varchar(50) DEFAULT NULL,
  `created_date` varchar(50) DEFAULT NULL,
  `updated_by` varchar(50) DEFAULT NULL,
  `updated_date` varchar(50) DEFAULT NULL,
  `status` varchar(20) DEFAULT NULL
) ENGINE=MyISAM DEFAULT CHARSET=latin1;

--
-- Dumping data for table `master_tujuan_id_pmb`
--

INSERT INTO `master_tujuan_id_pmb` VALUES ('BARU','MURID BARU',NULL,NULL,NULL,NULL,NULL,'N'),('MUTASI','MURID MUTASI',NULL,NULL,NULL,NULL,NULL,'Y');

--
-- Table structure for table `master_tujuan_pmb`
--

CREATE TABLE `master_tujuan_pmb` (
  `tujuan_id_id` varchar(20) DEFAULT NULL,
  `tujuan_id` varchar(11) DEFAULT NULL,
  `tujuan_nama` varchar(50) DEFAULT NULL,
  `remark` varchar(50) DEFAULT NULL,
  `created_by` varchar(50) DEFAULT NULL,
  `created_date` varchar(50) DEFAULT NULL,
  `updated_by` varchar(50) DEFAULT NULL,
  `updated_date` varchar(50) DEFAULT NULL,
  `status` varchar(20) DEFAULT NULL,
  `jurusan` varchar(11) NOT NULL DEFAULT 'N'
) ENGINE=MyISAM DEFAULT CHARSET=latin1;

--
-- Dumping data for table `master_tujuan_pmb`
--

INSERT INTO `master_tujuan_pmb` VALUES ('BARU','30','SMPIT PUTRA','',NULL,NULL,'Admin','2013-10-20 11:12:50','Y','N'),('BARU','31','SMPIT PUTRI','',NULL,NULL,'Admin','2013-10-20 11:12:44','Y','N'),('BARU','40','SMAIT PUTRA','',NULL,NULL,'Admin','2013-10-20 11:12:39','Y','Y'),('BARU','41','SMAIT PUTRI','',NULL,NULL,'Admin','2013-10-20 11:12:34','Y','Y'),('MUTASI','50','SMPIT PUTRA KELAS 7 GENAP','',NULL,NULL,'Admin','2013-12-23 14:45:49','N','N'),('MUTASI','51','SMPIT PUTRA KELAS 8 GANJIL','',NULL,NULL,'Admin','2013-09-25 08:19:30','N','N'),('MUTASI','52','SMPIT PUTRA KELAS 8 GENAP','',NULL,NULL,'Admin','2013-12-23 14:45:44','N','N'),('MUTASI','53','SMAIT PUTRA KELAS 10 GENAP','',NULL,NULL,'Admin','2013-12-23 14:45:38','N','N'),('MUTASI','54','SMAIT PUTRA KELAS 11 GANJIL','',NULL,NULL,'Admin','2013-09-25 08:19:24','N','N'),('MUTASI','55','SMAIT PUTRA KELAS 11 GENAP','',NULL,NULL,'Admin','2013-12-23 14:45:25','N','N'),('MUTASI','60','SMPIT PUTRI KELAS 7 GENAP','',NULL,NULL,'Admin','2013-12-23 14:45:16','N','N'),('MUTASI','61','SMPIT PUTRI KELAS 8 GANJIL','',NULL,NULL,'Admin','2013-09-25 08:19:18','N','N'),('MUTASI','62','SMPIT PUTRI KELAS 8 GENAP','',NULL,NULL,'Admin','2013-12-23 14:45:11','N','N'),('MUTASI','63','SMAIT PUTRI KELAS 10 GENAP','',NULL,NULL,'Admin','2013-12-23 14:45:05','N','N'),('MUTASI','64','SMAIT PUTRI KELAS 11 GANJIL','',NULL,NULL,'Admin','2013-09-25 08:19:13','N','N'),('MUTASI','65','SMAIT PUTRI KELAS 11 GENAP','',NULL,NULL,'Admin','2013-12-23 14:44:58','N','N');

--
-- Table structure for table `master_unit`
--

CREATE TABLE `master_unit` (
  `id` int(11) NOT NULL AUTO_INCREMENT,
  `unit` varchar(50) NOT NULL DEFAULT '',
  `bidang` varchar(50) DEFAULT NULL,
  `persen_gapok` int(11) DEFAULT '100',
  `remark` varchar(50) DEFAULT NULL,
  `created_by` varchar(50) DEFAULT NULL,
  `created_date` varchar(50) DEFAULT NULL,
  `updated_by` varchar(50) DEFAULT NULL,
  `updated_date` varchar(50) DEFAULT NULL,
  `kode_absen` varchar(50) NOT NULL DEFAULT 'REGULER',
  `jumlah_jam_kerja` int(11) DEFAULT '8',
  `status` varchar(20) DEFAULT 'AKTIF',
  `fasilitas_makan` varchar(50) DEFAULT 'YA',
  `kepala_unit` varchar(500) DEFAULT NULL,
  `hak_cuti_tahunan` varchar(50) DEFAULT 'TIDAK',
  `pagu_anggaran` bigint(11) DEFAULT NULL,
  `kelompok` varchar(100) DEFAULT 'YAYASAN',
  `closing_rkt` varchar(100) DEFAULT 'OPEN',
  PRIMARY KEY (`id`)
) ENGINE=MyISAM AUTO_INCREMENT=126 DEFAULT CHARSET=latin1;

--
-- Dumping data for table `master_unit`
--

INSERT INTO `master_unit` VALUES (1,'BPH','BPH',100,'',NULL,NULL,'abdurahimcasim','2018-01-02 15:23:03','REGULER',8,'TIDAK_AKTIF','YA','1496','YA',NULL,'YAYASAN','CLOSED'),(2,'SEKRETARIAT','KESEKRETARIATAN',100,'',NULL,NULL,'abdurahimcasim','2016-01-30 23:22:32','REGULER',8,'AKTIF','YA','1912','YA',NULL,'YAYASAN','CLOSED'),(3,'KEUANGAN','KEUANGAN',100,'',NULL,NULL,'abdurahimcasim','2016-01-30 23:23:41','REGULER',8,'AKTIF','YA','1557','YA',NULL,'YAYASAN','CLOSED'),(4,'STAFF BPP','BPP',100,'',NULL,NULL,'abdurahimcasim','2015-07-11 19:29:49','REGULER',8,'TIDAK_AKTIF','YA',NULL,'TIDAK',NULL,'YAYASAN','CLOSED'),(5,'SMPIT LAMA','BPP',100,'',NULL,NULL,'abdurahimcasim','2015-07-11 19:29:42','REGULER',8,'TIDAK_AKTIF','YA',NULL,'TIDAK',NULL,'YAYASAN','CLOSED'),(6,'SMAIT LAMA','BPP',100,'',NULL,NULL,'abdurahimcasim','2015-07-11 19:29:35','REGULER',8,'TIDAK_AKTIF','YA',NULL,'TIDAK',NULL,'YAYASAN','CLOSED'),(7,'LTIQ LAMA','BPP',100,'',NULL,NULL,'abdurahimcasim','2015-07-11 19:29:29','REGULER',8,'TIDAK_AKTIF','YA',NULL,'TIDAK',NULL,'YAYASAN','CLOSED'),(8,'TKIT LAMA','BPP',100,'',NULL,NULL,'abdurahimcasim','2015-07-11 19:29:56','REGULER',5,'TIDAK_AKTIF','YA',NULL,'TIDAK',NULL,'YAYASAN','CLOSED'),(9,'TPA LAMA','BPP',100,'',NULL,NULL,'abdurahimcasim','2015-07-11 19:30:03','REGULER',8,'TIDAK_AKTIF','YA',NULL,'TIDAK',NULL,'YAYASAN','CLOSED'),(10,'STAFF BDS','BDS',100,'',NULL,NULL,'abdurahimcasim','2015-07-11 19:29:23','REGULER',8,'TIDAK_AKTIF','YA',NULL,'TIDAK',NULL,'YAYASAN','CLOSED'),(11,'LPPD LAMA','BDS',100,'',NULL,NULL,'abdurahimcasim','2015-07-11 19:19:26','REGULER',8,'TIDAK_AKTIF','YA',NULL,'YA',NULL,'YAYASAN','CLOSED'),(13,'LPSM LAMA','BDS',100,'',NULL,NULL,'abdurahimcasim','2015-07-11 19:19:33','REGULER',4,'TIDAK_AKTIF','YA',NULL,'TIDAK',NULL,'YAYASAN','CLOSED'),(15,'KLINIK LAMA','BDS',100,'',NULL,NULL,'abdurahimcasim','2015-07-11 19:19:18','SHIFT',7,'TIDAK_AKTIF','YA',NULL,'TIDAK',NULL,'YAYASAN','CLOSED'),(16,'STAFF SARPRAS','SARPRAS',100,'',NULL,NULL,'abdurahimcasim','2015-07-11 19:34:18','REGULER',8,'TIDAK_AKTIF','YA',NULL,'TIDAK',NULL,'YAYASAN','CLOSED'),(17,'SARANA','SARPRAS',100,'',NULL,NULL,'abdurahimcasim','2015-07-11 19:34:25','REGULER',8,'TIDAK_AKTIF','YA',NULL,'TIDAK',NULL,'YAYASAN','CLOSED'),(18,'PRASARANA','SARPRAS',100,'',NULL,NULL,'abdurahimcasim','2015-07-11 19:34:32','REGULER',8,'TIDAK_AKTIF','YA',NULL,'TIDAK',NULL,'YAYASAN','CLOSED'),(19,'ELEKTRIK','SARPRAS',100,'',NULL,NULL,'abdurahimcasim','2015-07-11 19:34:39','REGULER',8,'TIDAK_AKTIF','YA',NULL,'TIDAK',NULL,'YAYASAN','CLOSED'),(20,'STAFF KRT ','KERUMAHTANGGAAN',100,'',NULL,NULL,'abdurahimcasim','2015-07-11 19:33:17','REGULER',8,'TIDAK_AKTIF','YA',NULL,'TIDAK',NULL,'YAYASAN','CLOSED'),(21,'DAPUR','KERUMAHTANGGAAN',100,'',NULL,NULL,'abdurahimcasim','2015-07-11 19:30:39','SHIFT',7,'TIDAK_AKTIF','YA',NULL,'TIDAK',NULL,'YAYASAN','CLOSED'),(22,'LOUNDRY','KERUMAHTANGGAAN',100,'',NULL,NULL,'abdurahimcasim','2015-07-11 19:30:55','REGULER',8,'TIDAK_AKTIF','YA',NULL,'TIDAK',NULL,'YAYASAN','CLOSED'),(23,'CLEANING SERVICE','KERUMAHTANGGAAN',100,'',NULL,NULL,'abdurahimcasim','2015-07-11 19:30:31','REGULER',8,'TIDAK_AKTIF','YA',NULL,'TIDAK',NULL,'YAYASAN','CLOSED'),(24,'TRANSPORTASI','KERUMAHTANGGAAN',100,'',NULL,NULL,'abdurahimcasim','2015-07-11 19:33:32','REGULER',8,'TIDAK_AKTIF','YA',NULL,'TIDAK',NULL,'YAYASAN','CLOSED'),(25,'STAFF HRD','HRD',100,'',NULL,NULL,'abdurahimcasim','2015-07-11 19:30:13','REGULER',8,'TIDAK_AKTIF','YA',NULL,'TIDAK',NULL,'YAYASAN','CLOSED'),(99,'RND PENDIDIKAN','PENDIDIKAN DAN PENGAJARAN',100,'','abdurahimcasim','2016-01-09 09:30:00','abdurahimcasim','2017-12-30 15:49:27','REGULER',8,'TIDAK_AKTIF','YA','1729','YA',NULL,'YAYASAN','CLOSED'),(31,'STAFF IT','IT',100,'','kamsi','2014-03-25 11:49:59','abdurahimcasim','2015-07-11 19:30:23','REGULER',8,'TIDAK_AKTIF','YA',NULL,'TIDAK',NULL,'YAYASAN','CLOSED'),(33,'SECURITY','KERUMAHTANGGAAN',100,'','casim','2014-04-04 07:27:05','abdurahimcasim','2015-07-11 19:33:09','SHIFT',12,'TIDAK_AKTIF','YA',NULL,'TIDAK',NULL,'YAYASAN','CLOSED'),(47,'TOKO BANGUNAN','PT-INVESTASI',100,'','abdurahimcasim','2014-06-05 06:36:15','abdurahimcasim','2015-07-11 19:34:46','REGULER',8,'TIDAK_AKTIF','YA',NULL,'TIDAK',NULL,'YAYASAN','CLOSED'),(36,'STAFF PT','PT-INVESTASI',100,'','jupriyanto','2014-04-06 15:19:09','abdurahimcasim','2015-10-25 12:48:58','REGULER',8,'TIDAK_AKTIF','TIDAK','2018','TIDAK',NULL,'YAYASAN','CLOSED'),(39,'PERTANIAN','PT-INVESTASI',100,'','abdurahimcasim','2014-04-21 20:04:22','abdurahimcasim','2015-10-25 12:48:24','REGULER',8,'TIDAK_AKTIF','TIDAK','2166','TIDAK',NULL,'YAYASAN','CLOSED'),(38,'RADIO LAMA','BDS',100,'','abdurahimcasim','2014-04-17 12:51:24','abdurahimcasim','2015-07-11 19:28:44','SHIFT',7,'TIDAK_AKTIF','YA',NULL,'YA',NULL,'YAYASAN','CLOSED'),(40,'PETERNAKAN','PT-INVESTASI',100,'','abdurahimcasim','2014-04-21 20:04:37','abdurahimcasim','2015-10-25 12:48:32','REGULER',8,'TIDAK_AKTIF','TIDAK','2214','TIDAK',NULL,'YAYASAN','CLOSED'),(41,'SYIFA MART','PT-INVESTASI',100,'','abdurahimcasim','2014-04-21 20:04:49','abdurahimcasim','2015-10-25 12:49:05','SHIFT',8,'TIDAK_AKTIF','TIDAK','2018','TIDAK',NULL,'YAYASAN','CLOSED'),(42,'KOPERASI','PT-INVESTASI',100,'','abdurahimcasim','2014-04-21 20:04:59','abdurahimcasim','2015-10-25 12:48:08','REGULER',8,'TIDAK_AKTIF','TIDAK','2018','TIDAK',NULL,'MITRA','CLOSED'),(43,'KONVEKSI','PT-INVESTASI',100,'','abdurahimcasim','2014-04-21 20:05:14','abdurahimcasim','2015-07-11 19:34:10','REGULER',8,'TIDAK_AKTIF','YA',NULL,'TIDAK',NULL,'YAYASAN','CLOSED'),(44,'PRODUKSI OLAHAN','PT-INVESTASI',100,'','abdurahimcasim','2014-05-15 13:38:22','abdurahimcasim','2015-10-25 12:48:42','REGULER',8,'TIDAK_AKTIF','TIDAK','2306','TIDAK',NULL,'YAYASAN','CLOSED'),(45,'SEWA','PT-INVESTASI',100,'','abdurahimcasim','2014-05-15 13:38:33','abdurahimcasim','2015-10-25 12:48:51','REGULER',8,'TIDAK_AKTIF','TIDAK','1629','TIDAK',NULL,'YAYASAN','CLOSED'),(46,'PUSAT STUDI MASYARAKAT','BDS',100,'','abdurahimcasim','2014-05-16 19:25:00','abdurahimcasim','2015-07-11 19:28:37','REGULER',8,'TIDAK_AKTIF','YA',NULL,'TIDAK',NULL,'YAYASAN','CLOSED'),(49,'TIM EMERGENCY DOKTER','KERUMAHTANGGAAN',100,'','abdurahimcasim','2014-09-19 12:33:07','abdurahimcasim','2015-07-11 19:33:25','REGULER',8,'TIDAK_AKTIF','YA',NULL,'TIDAK',NULL,'YAYASAN','CLOSED'),(50,'OB/ OG','KERUMAHTANGGAAN',100,'','abdurahimcasim','2015-01-19 07:51:29','abdurahimcasim','2015-07-11 19:31:04','REGULER',8,'TIDAK_AKTIF','YA',NULL,'TIDAK',NULL,'YAYASAN','CLOSED'),(51,'MDTA LAMA','BDS',100,'','abdurahimcasim','2015-03-15 12:52:24','abdurahimcasim','2015-07-11 19:28:32','REGULER',3,'TIDAK_AKTIF','YA',NULL,'TIDAK',NULL,'YAYASAN','CLOSED'),(55,'RND','BPH',100,'','abdurahimcasim','2015-07-06 10:29:58','abdurahimcasim','2016-02-16 10:20:10','REGULER',8,'TIDAK_AKTIF','YA','1496','YA',NULL,'YAYASAN','CLOSED'),(54,'KBIH LAMA','BDS',100,'','abdurahimcasim','2015-07-04 12:58:22','abdurahimcasim','2015-07-11 19:19:11','REGULER',8,'TIDAK_AKTIF','YA',NULL,'TIDAK',NULL,'YAYASAN','CLOSED'),(52,'AS-SYIFA PEDULI','KEUANGAN',100,'','abdurahimcasim','2015-06-04 09:01:28','abdurahimcasim','2016-01-30 23:22:39','REGULER',8,'AKTIF','YA','1536','YA',NULL,'YAYASAN','CLOSED'),(53,'HUMAS','KESEKRETARIATAN',100,'','abdurahimcasim','2015-07-04 12:52:17','abdurahimcasim','2016-11-26 19:02:32','REGULER',8,'AKTIF','YA','1816','YA',NULL,'YAYASAN','CLOSED'),(61,'SMPIT','PENDIDIKAN DAN PENGAJARAN',100,'','jupriyanto','2015-07-11 14:51:22','abdurahimcasim','2018-01-02 18:23:53','REGULER',8,'TIDAK_AKTIF','YA','1703','TIDAK',NULL,'YAYASAN','CLOSED'),(58,'TKIT','PENDIDIKAN DAN PENGAJARAN',100,'','jupriyanto','2015-07-11 14:49:50','abdurahimcasim','2018-01-02 18:32:30','REGULER',5,'TIDAK_AKTIF','YA','2020','TIDAK',NULL,'YAYASAN','CLOSED'),(59,'MDTA','PENDIDIKAN DAN PENGAJARAN',100,'','jupriyanto','2015-07-11 14:49:56','abdurahimcasim','2016-01-30 23:23:59','REGULER',3,'AKTIF','YA','2373','TIDAK',NULL,'YAYASAN','CLOSED'),(60,'LTIQ','PENDIDIKAN DAN PENGAJARAN',100,'','jupriyanto','2015-07-11 14:50:01','abdurahimcasim','2015-09-27 11:26:19','REGULER',8,'AKTIF','YA','2118','TIDAK',NULL,'YAYASAN','CLOSED'),(62,'SMAIT','PENDIDIKAN DAN PENGAJARAN',100,'','jupriyanto','2015-07-11 14:51:29','abdurahimcasim','2018-01-02 18:24:04','REGULER',8,'TIDAK_AKTIF','YA','1650','TIDAK',NULL,'YAYASAN','CLOSED'),(63,'STAFF AHLI','PENDIDIKAN DAN PENGAJARAN',100,'','jupriyanto','2015-07-11 14:52:29','abdurahimcasim','2016-01-20 06:56:00','REGULER',8,'TIDAK_AKTIF','YA','1727','TIDAK',NULL,'YAYASAN','CLOSED'),(64,'TPA','PENDIDIKAN DAN PENGAJARAN',100,'','jupriyanto','2015-07-11 14:52:39','abdurahimcasim','2018-01-03 15:50:07','REGULER',8,'TIDAK_AKTIF','YA','2007','YA',NULL,'YAYASAN','CLOSED'),(65,'HRD','KESEKRETARIATAN',100,'','abdurahimcasim','2015-07-11 15:36:19','abdurahimcasim','2016-01-30 23:22:05','REGULER',8,'AKTIF','YA','1492','YA',NULL,'YAYASAN','OPEN'),(66,'IT','KESEKRETARIATAN',100,'','abdurahimcasim','2015-07-11 15:36:27','abdurahimcasim','2016-01-30 23:22:21','REGULER',8,'AKTIF','YA','1626','YA',NULL,'YAYASAN','CLOSED'),(77,'KLINIK','DAKWAH DAN SOSIAL',100,'','abdurahimcasim','2015-07-11 18:35:06','abdurahimcasim','2017-08-17 21:18:58','REGULER',7,'AKTIF','YA','1992','YA',NULL,'YAYASAN','CLOSED'),(76,'KBIH','DAKWAH DAN SOSIAL',100,'','abdurahimcasim','2015-07-11 18:35:00','abdurahimcasim','2017-12-30 16:10:39','REGULER',8,'TIDAK_AKTIF','YA','2446','YA',NULL,'YAYASAN','CLOSED'),(69,'SARPRAS - ELEKTRIK','KERUMAHTANGGAAN',100,'','jupriyanto','2015-07-11 15:43:32','abdurahimcasim','2017-12-30 15:57:55','REGULER',8,'TIDAK_AKTIF','YA','1667','YA',NULL,'YAYASAN','CLOSED'),(70,'SARPRAS - PRASARANA','KERUMAHTANGGAAN',100,'','jupriyanto','2015-07-11 15:43:58','abdurahimcasim','2017-12-30 15:58:02','REGULER',8,'TIDAK_AKTIF','YA','2280','YA',NULL,'YAYASAN','CLOSED'),(71,'SARPRAS - SARANA','KERUMAHTANGGAAN',100,'','jupriyanto','2015-07-11 15:44:21','abdurahimcasim','2017-12-30 15:58:45','REGULER',8,'TIDAK_AKTIF','YA','1772','YA',NULL,'YAYASAN','CLOSED'),(72,'SARPRAS - STAFF','KERUMAHTANGGAAN',100,'','jupriyanto','2015-07-11 15:44:45','abdurahimcasim','2017-12-30 15:58:16','REGULER',8,'TIDAK_AKTIF','YA','1555','YA',NULL,'YAYASAN','CLOSED'),(73,'RT - SECURITY','KERUMAHTANGGAAN',100,'','jupriyanto','2015-07-11 15:45:13','abdurahimcasim','2017-12-30 16:23:09','SHIFT',8,'TIDAK_AKTIF','TIDAK','2128','YA',NULL,'YAYASAN','CLOSED'),(74,'RT - OB/ OG','KERUMAHTANGGAAN',100,'','jupriyanto','2015-07-11 15:45:33','abdurahimcasim','2017-12-30 15:55:29','REGULER',8,'TIDAK_AKTIF','YA','1774','YA',NULL,'YAYASAN','CLOSED'),(75,'RT - TRANSPORTASI','KERUMAHTANGGAAN',100,'','jupriyanto','2015-07-11 15:45:45','abdurahimcasim','2017-12-30 15:55:44','REGULER',8,'TIDAK_AKTIF','YA','2238','YA',NULL,'YAYASAN','CLOSED'),(78,'PSM','DAKWAH DAN SOSIAL',100,'','abdurahimcasim','2015-07-11 18:35:14','abdurahimcasim','2016-01-30 23:15:56','REGULER',8,'AKTIF','YA','1872','YA',NULL,'YAYASAN','OPEN'),(79,'LPSM','DAKWAH DAN SOSIAL',100,'','abdurahimcasim','2015-07-11 18:35:26','abdurahimcasim','2017-12-30 16:10:20','REGULER',4,'TIDAK_AKTIF','YA','2454','YA',NULL,'YAYASAN','CLOSED'),(80,'RADIO','DAKWAH DAN SOSIAL',100,'','abdurahimcasim','2015-07-11 18:35:47','abdurahimcasim','2017-12-30 15:59:43','SHIFT',7,'AKTIF','TIDAK','1734','YA',NULL,'YAYASAN','CLOSED'),(81,'LPPD','DAKWAH DAN SOSIAL',100,'','abdurahimcasim','2015-07-11 18:37:51','abdurahimcasim','2018-04-28 06:30:47','REGULER',8,'AKTIF','YA','2446','YA',NULL,'YAYASAN','CLOSED'),(83,'RT - DAPUR','KERUMAHTANGGAAN',100,'','abdurahimcasim','2015-07-11 18:45:24','abdurahimcasim','2017-12-30 15:56:14','SHIFT',7,'TIDAK_AKTIF','TIDAK','2283','YA',NULL,'YAYASAN','CLOSED'),(84,'RT - CLEANING SERVICE','KERUMAHTANGGAAN',100,'','abdurahimcasim','2015-07-11 18:45:40','abdurahimcasim','2017-12-30 15:56:26','REGULER',8,'TIDAK_AKTIF','YA','1774','YA',NULL,'YAYASAN','CLOSED'),(85,'RT - LOUNDRY','KERUMAHTANGGAAN',100,'','jupriyanto','2015-07-11 18:48:30','abdurahimcasim','2017-12-30 15:56:05','REGULER',8,'TIDAK_AKTIF','YA','1863','YA',NULL,'YAYASAN','CLOSED'),(87,'PEKERJAAN UMUM','KERUMAHTANGGAAN',100,'','abdurahimcasim','2015-07-11 18:52:17','abdurahimcasim','2017-12-30 16:25:43','REGULER',8,'TIDAK_AKTIF','YA','2275','YA',NULL,'YAYASAN','CLOSED'),(88,'RT - STAFF','KERUMAHTANGGAAN',100,'','abdurahimcasim','2015-07-11 19:00:43','abdurahimcasim','2017-12-30 15:55:36','REGULER',8,'TIDAK_AKTIF','YA','1634','YA',NULL,'YAYASAN','CLOSED'),(89,'BUMY - KONVEKSI','KEUANGAN',100,'','abdurahimcasim','2015-07-11 19:02:42','abdurahimcasim','2017-12-30 16:05:16','REGULER',8,'TIDAK_AKTIF','TIDAK','2306','YA',NULL,'INVESTASI','CLOSED'),(90,'BUMY - SYIFA MART','KEUANGAN',100,'','abdurahimcasim','2015-07-11 19:02:59','abdurahimcasim','2017-12-30 16:02:16','SHIFT',8,'TIDAK_AKTIF','TIDAK','2353','YA',NULL,'INVESTASI','CLOSED'),(91,'BUMY - PERTANIAN','KEUANGAN',100,'','abdurahimcasim','2015-07-11 19:03:15','abdurahimcasim','2017-12-30 16:05:05','REGULER',8,'TIDAK_AKTIF','TIDAK','2018','YA',NULL,'INVESTASI','CLOSED'),(92,'BUMY - PETERNAKAN','KEUANGAN',100,'','abdurahimcasim','2015-07-11 19:03:25','abdurahimcasim','2017-12-30 16:04:40','REGULER',8,'TIDAK_AKTIF','TIDAK','2214','YA',NULL,'INVESTASI','CLOSED'),(93,'BUMY - PRODUKSI OLAHAN','KEUANGAN',100,'','abdurahimcasim','2015-07-11 19:03:41','abdurahimcasim','2017-12-30 16:04:33','REGULER',8,'TIDAK_AKTIF','TIDAK','2306','YA',NULL,'INVESTASI','CLOSED'),(94,'BUMY - KOPERASI','KEUANGAN',100,'','abdurahimcasim','2015-07-11 19:04:02','abdurahimcasim','2017-12-30 16:09:24','REGULER',8,'TIDAK_AKTIF','TIDAK','1859','YA',NULL,'INVESTASI','CLOSED'),(95,'BUMY - STAFF','KEUANGAN',100,'','abdurahimcasim','2015-07-11 19:04:23','abdurahimcasim','2017-12-30 16:02:26','REGULER',8,'TIDAK_AKTIF','TIDAK','2018','YA',NULL,'INVESTASI','CLOSED'),(96,'BUMY - SEWA','KEUANGAN',100,'','abdurahimcasim','2015-07-11 19:05:00','abdurahimcasim','2017-12-30 16:02:33','REGULER',8,'TIDAK_AKTIF','TIDAK','1629','YA',NULL,'INVESTASI','CLOSED'),(97,'BUMY - TOKO BANGUNAN','KEUANGAN',100,'','abdurahimcasim','2015-07-11 19:05:18','abdurahimcasim','2017-12-30 16:01:45','REGULER',8,'TIDAK_AKTIF','TIDAK','2058','YA',NULL,'INVESTASI','CLOSED'),(98,'NON-UNIT','NON-BIDANG',100,'','abdurahimcasim','2015-10-25 15:38:38','abdurahimcasim','2018-03-17 19:46:42','REGULER',8,'AKTIF','YA','1491','TIDAK',NULL,'YAYASAN','CLOSED'),(100,'RADIO','KESEKRETARIATAN',100,'','abdurahimcasim','2016-11-18 11:43:38','abdurahimcasim','2017-12-30 15:59:56','SHIFT',7,'TIDAK_AKTIF','YA','1734','YA',NULL,'YAYASAN','CLOSED'),(103,'PMB','NON-BIDANG',100,'','agusnurpurwanto','2016-11-19 12:57:23','abdurahimcasim','2017-07-05 15:29:15','REGULER',8,'TIDAK_AKTIF','YA','','TIDAK',NULL,'YAYASAN','CLOSED'),(104,'SMPIT-SMAIT WANAREJA','PENDIDIKAN DAN PENGAJARAN',100,'','abdurahimcasim','2017-05-20 09:49:06','abdurahimcasim','2018-08-09 09:44:22','REGULER',8,'AKTIF','YA','1596','TIDAK',NULL,'YAYASAN','CLOSED'),(105,'SPRT WANAREJA','KERUMAHTANGGAAN',100,'','abdurahimcasim','2017-07-05 15:26:13','abdurahimcasim','2017-12-30 15:58:09','REGULER',8,'TIDAK_AKTIF','TIDAK','1555','YA',NULL,'YAYASAN','CLOSED'),(106,'BUMY - SYIFAMART WANAREJA','KEUANGAN',100,'','abdurahimcasim','2017-07-19 14:47:19','abdurahimcasim','2017-12-30 16:02:01','REGULER',8,'TIDAK_AKTIF','TIDAK','2353','YA',NULL,'INVESTASI','CLOSED'),(107,'BUMY - PERTANIAN WANAREJA','KEUANGAN',100,'','abdurahimcasim','2017-07-25 12:45:06','abdurahimcasim','2017-12-30 16:04:54','REGULER',8,'TIDAK_AKTIF','TIDAK','2177','YA',NULL,'INVESTASI','CLOSED'),(108,'RUMAH TANGGA','KERUMAHTANGGAAN',100,'-','abdurahimcasim','2017-12-16 14:40:42','syabinaaghnimufida','2018-01-29 07:33:15','REGULER',8,'AKTIF','TIDAK','1634','YA',NULL,'YAYASAN','CLOSED'),(109,'SARANA PRASARANA','KERUMAHTANGGAAN',100,'-','abdurahimcasim','2017-12-16 14:46:41','abdurahimcasim','2017-12-30 15:53:49','REGULER',8,'AKTIF','YA','1555','YA',NULL,'YAYASAN','OPEN'),(110,'PT. QATRINDO MANDIRI (BUMY)','KEUANGAN',100,'-','abdurahimcasim','2017-12-30 11:09:54','abdurahimcasim','2017-12-30 15:50:33','REGULER',8,'AKTIF','TIDAK','2018','YA',NULL,'INVESTASI','CLOSED'),(111,'PENGEMBANGAN KURIKULUM','PENDIDIKAN DAN PENGAJARAN',100,'-','abdurahimcasim','2017-12-30 11:24:30','abdurahimcasim','2018-03-17 19:46:19','REGULER',8,'AKTIF','YA','1590','YA',NULL,'YAYASAN','CLOSED'),(112,'LITBANG','KESEKRETARIATAN',100,'-','abdurahimcasim','2017-12-30 11:25:19','abdurahimcasim','2018-03-17 19:46:57','REGULER',8,'AKTIF','YA','1743','YA',NULL,'YAYASAN','CLOSED'),(113,'KOPERASI','LEMBAGA MITRA',100,'-','abdurahimcasim','2017-12-30 16:06:08','abdurahimcasim','2018-03-27 08:03:55','REGULER',8,'AKTIF','TIDAK','1859','YA',NULL,'MITRA','CLOSED'),(114,'KEAMANAN','KERUMAHTANGGAAN',100,'','abdurahimcasim','2017-12-30 16:16:02','abdurahimcasim','2018-03-17 19:47:18','REGULER',8,'AKTIF','YA','1644','YA',NULL,'YAYASAN','CLOSED'),(115,'PENGURUS YAYASAN','MANAJEMEN YAYASAN',100,'','abdurahimcasim','2018-01-02 15:19:47','abdurahimcasim','2018-03-17 19:47:30','REGULER',8,'AKTIF','YA','1496','YA',NULL,'YAYASAN','CLOSED'),(116,'PENGAWAS YAYASAN','MANAJEMEN YAYASAN',100,'','abdurahimcasim','2018-01-02 15:23:52',NULL,NULL,'REGULER',8,'AKTIF','YA',NULL,'TIDAK',NULL,'YAYASAN','CLOSED'),(117,'PEMBINA YAYASAN','MANAJEMEN YAYASAN',100,'','abdurahimcasim','2018-01-02 15:24:00',NULL,NULL,'REGULER',8,'AKTIF','YA',NULL,'TIDAK',NULL,'YAYASAN','CLOSED'),(118,'SMPIT ASSYIFA_WANAREJA','PENDIDIKAN DAN PENGAJARAN',100,'','abdurahimcasim','2018-01-02 18:19:11','abdurahimcasim','2018-06-30 06:52:22','REGULER',8,'AKTIF','YA','1686','TIDAK',NULL,'YAYASAN','CLOSED'),(119,'SMAIT ASSYIFA_WANAREJA','PENDIDIKAN DAN PENGAJARAN',100,'-','abdurahimcasim','2018-01-02 18:19:31','abdurahimcasim','2018-06-30 06:51:04','REGULER',8,'AKTIF','YA','1596','TIDAK',NULL,'YAYASAN','CLOSED'),(120,'SMPIT ASSYIFA_JALANCAGAK','PENDIDIKAN DAN PENGAJARAN',100,'','abdurahimcasim','2018-01-02 18:19:49','abdurahimcasim','2018-07-26 20:44:20','REGULER',8,'AKTIF','YA','1588','TIDAK',NULL,'YAYASAN','OPEN'),(121,'SMAIT ASSYIFA_JALANCAGAK','PENDIDIKAN DAN PENGAJARAN',100,'','abdurahimcasim','2018-01-02 18:20:10','abdurahimcasim','2018-01-02 18:29:39','REGULER',8,'AKTIF','YA','1650','TIDAK',NULL,'YAYASAN','CLOSED'),(122,'TKIT ASSYIFA_JALANCAGAK','PENDIDIKAN DAN PENGAJARAN',100,'','abdurahimcasim','2018-01-02 18:20:23','abdurahimcasim','2018-01-03 15:50:00','REGULER',8,'TIDAK_AKTIF','YA','2020','TIDAK',NULL,'YAYASAN','CLOSED'),(123,'TKIT ASSYIFA_WANAREJA','PENDIDIKAN DAN PENGAJARAN',100,'','abdurahimcasim','2018-01-02 18:20:50','abdurahimcasim','2018-01-03 14:37:08','REGULER',8,'TIDAK_AKTIF','YA','','TIDAK',NULL,'YAYASAN','CLOSED'),(124,'PAUD','PENDIDIKAN DAN PENGAJARAN',100,'','abdurahimcasim','2018-01-03 15:48:49','abdurahimcasim','2018-01-28 16:57:45','REGULER',8,'AKTIF','YA','2020','TIDAK',NULL,'YAYASAN','CLOSED'),(125,'SMAIT ASSYIFA_WANAREJA','PENDIDIKAN DAN PENGAJARAN',100,'-','abdurahimcasim','2018-05-16 13:32:21','abdurahimcasim','2018-06-30 06:51:41','REGULER',8,'TIDAK_AKTIF','YA','1596','TIDAK',NULL,'YAYASAN','OPEN');

--
-- Table structure for table `master_wawancara_anak_sma`
--

CREATE TABLE `master_wawancara_anak_sma` (
  `nomor` int(11) DEFAULT NULL,
  `group_id` text,
  `tor_interview` text,
  `keterangan_tor` text,
  `cat_skor_0` text,
  `cat_skor_1` text,
  `cat_skor_3` text,
  `cat_skor_5` text,
  `cat_skor_10` text,
  `cat_skor_15` text,
  `cat_skor_16` text,
  `cat_skor_17` text,
  `remark` text,
  `created_by` varchar(20) DEFAULT NULL,
  `created_date` varchar(20) DEFAULT NULL,
  `updated_by` varchar(20) DEFAULT NULL,
  `updated_date` varchar(20) DEFAULT NULL,
  `id_ujian` varchar(20) DEFAULT '1',
  KEY `nomor` (`nomor`)
) ENGINE=MyISAM DEFAULT CHARSET=latin1;

--
-- Dumping data for table `master_wawancara_anak_sma`
--

INSERT INTO `master_wawancara_anak_sma` VALUES (1,'ADVERSITY','Siapa yang menyuruh kamu masuk As-Syifa?','PERTANYAAN WAJIB DAN PERLU PENDALAMAN',NULL,'terpaksa, tidak tahu, disuruh ortu, coba-coba, ikut-ikutan teman\r\n','keinginan bersama, \r\n','keinginan sendiri, pilihan pertama, \r\n',NULL,NULL,NULL,NULL,NULL,NULL,NULL,NULL,NULL,'1'),(2,'KASUS','Seberapa siapkah kamu mentaati aturan sekolah?\r\n','',NULL,'tidak siap, < 50%\r\n','Insyaallah siap, < 70%\r\n','Sangat siap, > 80%\r\n',NULL,NULL,NULL,NULL,NULL,NULL,NULL,NULL,NULL,'1'),(3,'KASUS','Kamu tahu bagian tubuh yang tidak boleh dipegang oleh orang lain? Apakah bagian itu pernah dipegang sama orang lain?\r\n','',NULL,'terdeteksi pernah, dan masih pacaran\r\n','terdeteksi : pernah tapi sudah tobat dan gak mau pacaran lagi\r\n','tidak pernah / tidak terdeteksi\r\n',NULL,NULL,NULL,NULL,NULL,NULL,NULL,NULL,NULL,'1'),(4,'POLA ASUH','Pernahkah dibentak oleh orangtuamu? Atau bahkan pernah dipukul?\r\n','',NULL,'pernah lama menonton, sering dan sengaja nonton \r\n','sekilas/sebentar dan tidak sengaja\r\n','tidak pernah\r\n',NULL,NULL,NULL,NULL,NULL,NULL,NULL,NULL,NULL,'1'),(5,'ADVERSITY','Jika kamu diejek, dipukul atau diperlakukan kurang baik oleh temanmu, apa yang akan kamu lakukan\r\n','',NULL,'pernah, sudah lama merokok, masih merokok, kecanduan\r\n','pernah merokok (SMP kls 8) tapi sudah tobat gak merokok lagi sampai sekarang\r\n','tidak pernah, karena merokok bahaya\r\n',NULL,NULL,NULL,NULL,NULL,NULL,NULL,NULL,NULL,'1'),(6,'KASUS','kalau disuruh memilih apakah kamu akan memilih antara melaporkan atau melindungi sahabatmu?\r\n','',NULL,'pelanggaran sedang & berat pernah, pelanggaran ringan sering\r\n','pelanggaran ringan sering\r\n','tidak pernah\r\n',NULL,NULL,NULL,NULL,NULL,NULL,NULL,NULL,NULL,'1'),(7,'KASUS','Pernah merokok atau ngevape berapa kali?\r\n','',NULL,'sering dan tidak bisa menghindar\r\n','kadang kadang dan berusaha untuk menghindar\r\n','tidak pernah\r\n',NULL,NULL,NULL,NULL,NULL,NULL,NULL,NULL,NULL,'1'),(8,'KASUS','Berapa kali menonton video atau gambar porno?\r\n','',NULL,'Marah dengan cara memukul\r\n','Marah dengan kata-kata\r\n','Diam\r\n',NULL,NULL,NULL,NULL,NULL,NULL,NULL,NULL,NULL,'1'),(9,'KESEHATAN','Penyakit apa yang pernah diderita?\r\n','','','sering\r\n','kadang-kadang\r\n','tidak pernah\r\n','Poin : 16 (Nasional)\r\n1. 05 besar peringkat sekolah\r\n2. Juara 1-3 (Olimpiade, \r\nmusabaqah / olahraga) sewaktu SD, SMP - SMA tingkat Nasional.','Poin : 17 (Nasional)\r\n1. 03 besar peringkat sekolah\r\n2. Juara harapan  (Olimpiade, \r\nmusabaqah / olahraga) sewaktu SD, SMP - SMA tingkat Internasional.','Poin : 20  (internasional)\r\n1. 03 besar peringkat sekolah\r\n2. Juara 1-3  (Olimpiade, \r\nmusabaqah / olahraga) sewaktu SD, SMP - SMA tingkat Nasional - Internasional.',NULL,'nilai max. 20 (tingkat internasional)',NULL,NULL,NULL,NULL,'1'),(10,'Fiqih dan Aqidah','Belakangan ini, sholat apa yang sering tidak berjamaah (tidak tepat waktu)?\r\n','',NULL,'tidak ada\r\n','hanya salah satu dari orang tua\r\n','dengan kedua orang tua\r\n',NULL,NULL,NULL,NULL,NULL,NULL,NULL,NULL,NULL,'1'),(11,'','','',NULL,'masih menyimpan\r\n','lupa/ragu-ragu\r\n','tidak ada sama sekali\r\n',NULL,NULL,NULL,NULL,NULL,NULL,NULL,NULL,NULL,'1');

--
-- Table structure for table `master_wawancara_anak_sma_`
--

CREATE TABLE `master_wawancara_anak_sma_` (
  `nomor` int(11) DEFAULT NULL,
  `group_id` varchar(50) DEFAULT NULL,
  `tor_interview` text,
  `keterangan_tor` text,
  `cat_skor_0` text,
  `cat_skor_1` text,
  `cat_skor_3` text,
  `cat_skor_5` text,
  `cat_skor_10` text,
  `cat_skor_15` text,
  `cat_skor_16` text,
  `cat_skor_17` text,
  `remark` text,
  `created_by` varchar(20) DEFAULT NULL,
  `created_date` varchar(20) DEFAULT NULL,
  `updated_by` varchar(20) DEFAULT NULL,
  `updated_date` varchar(20) DEFAULT NULL,
  `id_ujian` varchar(20) DEFAULT '1'
) ENGINE=MyISAM DEFAULT CHARSET=latin1;

--
-- Dumping data for table `master_wawancara_anak_sma_`
--

INSERT INTO `master_wawancara_anak_sma_` VALUES (1,'Cek & Ricek Minat terhadap SMAIT  As-Syifa Boardin','Siapa yang menyuruh anda masuk assyifa ?\r\n','',NULL,'terpaksa, tidak tahu, disuruh ortu, coba-coba, ikut-ikutan teman\r\n','keinginan bersama, \r\n','keinginan sendiri, pilihan pertama, \r\n',NULL,NULL,NULL,NULL,NULL,NULL,NULL,NULL,NULL,'1'),(2,'Cek & Ricek Kesiapan masuk & mengikuti peraturan S','Apakah anda siap masuk boarding dan siap mengikuti peraturannya?\r\n','',NULL,'tidak siap, < 50%\r\n','Insyaallah siap, < 70%\r\n','Sangat siap, > 80%\r\n',NULL,NULL,NULL,NULL,NULL,NULL,NULL,NULL,NULL,'1'),(3,'Cek & Ricek Akhlaq 					\r\n','Kalau hang-out/jalan sama pacar biasanya ke mana?\r\n','',NULL,'terdeteksi pernah, dan masih pacaran\r\n','terdeteksi : pernah tapi sudah tobat dan gak mau pacaran lagi\r\n','tidak pernah / tidak terdeteksi\r\n',NULL,NULL,NULL,NULL,NULL,NULL,NULL,NULL,NULL,'1'),(4,'Cek & Ricek Akhlaq 					\r\n','Berapa kali anda, membaca/menonton cerita/film porno ?\r\n','',NULL,'pernah lama menonton, sering dan sengaja nonton \r\n','sekilas/sebentar dan tidak sengaja\r\n','tidak pernah\r\n',NULL,NULL,NULL,NULL,NULL,NULL,NULL,NULL,NULL,'1'),(5,'Cek & Ricek Akhlaq 					\r\n','Apakah anda pernah merokok & memakai narkoba ?\r\n','',NULL,'pernah, sudah lama merokok, masih merokok, kecanduan\r\n','pernah merokok (SMP kls 8) tapi sudah tobat gak merokok lagi sampai sekarang\r\n','tidak pernah, karena merokok bahaya\r\n',NULL,NULL,NULL,NULL,NULL,NULL,NULL,NULL,NULL,'1'),(6,'Cek & Ricek Akhlaq 					\r\n','Apakah anda pernah mendapatkan surat peringatan dari sekolah\r\n','',NULL,'pelanggaran sedang & berat pernah, pelanggaran ringan sering\r\n','pelanggaran ringan sering\r\n','tidak pernah\r\n',NULL,NULL,NULL,NULL,NULL,NULL,NULL,NULL,NULL,'1'),(7,'Cek & Ricek Akhlaq 					\r\n','Apakah anda pernah mendapatkan perlakuan/melakukan perbuatan yang tidak senonoh ?\r\n','',NULL,'sering dan tidak bisa menghindar\r\n','kadang kadang dan berusaha untuk menghindar\r\n','tidak pernah\r\n',NULL,NULL,NULL,NULL,NULL,NULL,NULL,NULL,NULL,'1'),(8,'Cek & Ricek Akhlaq 					\r\n','Jika anda tersinggung dengan orang, Sikap anda seperti apa ?\r\n','',NULL,'Marah dengan cara memukul\r\n','Marah dengan kata-kata\r\n','Diam\r\n',NULL,NULL,NULL,NULL,NULL,NULL,NULL,NULL,NULL,'1'),(9,'Cek & Ricek Ibadah \r\n','Apakah anda pernah meninggalkan sholat ?\r\n','','','sering\r\n','kadang-kadang\r\n','tidak pernah\r\n','Poin : 16 (Nasional)\r\n1. 05 besar peringkat sekolah\r\n2. Juara 1-3 (Olimpiade, \r\nmusabaqah / olahraga) sewaktu SD, SMP - SMA tingkat Nasional.','Poin : 17 (Nasional)\r\n1. 03 besar peringkat sekolah\r\n2. Juara harapan  (Olimpiade, \r\nmusabaqah / olahraga) sewaktu SD, SMP - SMA tingkat Internasional.','Poin : 20  (internasional)\r\n1. 03 besar peringkat sekolah\r\n2. Juara 1-3  (Olimpiade, \r\nmusabaqah / olahraga) sewaktu SD, SMP - SMA tingkat Nasional - Internasional.',NULL,'nilai max. 20 (tingkat internasional)',NULL,NULL,NULL,NULL,'1'),(10,'Cek & Ricek Pola Asuh\r\n','Antara ayah dan ibu, anda paling dekat dengan siapa ?\r\n','',NULL,'tidak ada\r\n','hanya salah satu dari orang tua\r\n','dengan kedua orang tua\r\n',NULL,NULL,NULL,NULL,NULL,NULL,NULL,NULL,NULL,'1'),(11,'Cek & Ricek Pola Asuh\r\n','Selama ini apakah anda masih menyimpan sakit hati kepada orang tua ?\r\n','',NULL,'masih menyimpan\r\n','lupa/ragu-ragu\r\n','tidak ada sama sekali\r\n',NULL,NULL,NULL,NULL,NULL,NULL,NULL,NULL,NULL,'1'),(12,'Cek & Ricek Kemandirian\r\n','Jam berapa anda biasa bangun tidur ?\r\n','',NULL,'jam 05.00 - Jam 06.00\r\n','jam 04.00 - Jam 04.30\r\n','jam 03.30 - jam 04.00\r\n',NULL,NULL,NULL,NULL,'Mohon isi dg catatan.',NULL,NULL,NULL,NULL,'1');

--
-- Table structure for table `master_wawancara_anak_sma_jawaban`
--

CREATE TABLE `master_wawancara_anak_sma_jawaban` (
  `nomor` int(11) DEFAULT NULL,
  `skor_jawaban` int(11) DEFAULT NULL,
  `catatan_skor` text,
  `id` int(11) NOT NULL AUTO_INCREMENT,
  PRIMARY KEY (`id`)
) ENGINE=MyISAM AUTO_INCREMENT=37 DEFAULT CHARSET=utf8;

--
-- Dumping data for table `master_wawancara_anak_sma_jawaban`
--

INSERT INTO `master_wawancara_anak_sma_jawaban` VALUES (1,-5,'Dipaksa orangtua atau ikut-ikutan teman\r\n',1),(1,3,'Kesepakatan Bersama Orangtua\r\n',2),(1,5,'Keinginan dan Keputusan Sendiri\r\n',3),(2,-5,'0 - 50%',4),(2,3,'51 - 80%',5),(2,5,'81 - 100%',6),(3,-5,'Pacar atau orang asing\r\n',7),(3,3,'Saudara (bukan mahram)\r\n',8),(3,5,'Orang tua',9),(4,1,'menyimpan dendam\r\n',10),(4,3,'memaafkan',11),(4,5,'tidak pernah',12),(5,1,'melawan balik',13),(5,3,'melapor ke guru atau orang tua',14),(5,5,'sabar dan bertahan',15),(6,1,'melindungi sahabat',16),(6,3,'diam saja',17),(6,5,'Melaporkan ke guru\r\n',18),(7,5,'ringan',19),(7,3,'sedang',20),(7,-5,'berat',21),(8,5,'ringan',22),(8,3,'sedang',23),(8,-5,'berat',24),(9,5,'ringan',25),(9,3,'sedang',26),(9,1,'berat',27),(10,1,'Tidak pernah sholat berjamaah\r\n',28),(10,3,'Kadang-kadang berjamaah (meninggalkan maks 2 kali waktu sehari)\r\n',29),(10,5,'Selalu berjamaah (tepat waktu)\r\n',30);

--
-- Table structure for table `master_wawancara_anak_sma_jawaban_`
--

CREATE TABLE `master_wawancara_anak_sma_jawaban_` (
  `nomor` int(11) DEFAULT NULL,
  `skor_jawaban` int(11) DEFAULT NULL,
  `catatan_skor` text
) ENGINE=MyISAM DEFAULT CHARSET=utf8;

--
-- Dumping data for table `master_wawancara_anak_sma_jawaban_`
--

INSERT INTO `master_wawancara_anak_sma_jawaban_` VALUES (1,1,'terpaksa, tidak tahu, disuruh ortu, coba-coba, ikut-ikutan teman\r\n'),(1,3,'keinginan bersama, \r\n'),(1,5,'keinginan sendiri, pilihan pertama, \r\n'),(2,1,'tidak siap, < 50%\r\n'),(2,3,'Insyaallah siap, < 70%\r\n'),(2,5,'Sangat siap, > 80%\r\n'),(3,1,'terdeteksi pernah, dan masih pacaran\r\n'),(3,3,'terdeteksi : pernah tapi sudah tobat dan gak mau pacaran lagi\r\n'),(3,5,'tidak pernah / tidak terdeteksi\r\n'),(4,1,'pernah lama menonton, sering dan sengaja nonton \r\n'),(4,3,'sekilas/sebentar dan tidak sengaja\r\n'),(4,5,'tidak pernah\r\n'),(5,1,'pernah, sudah lama merokok, masih merokok, kecanduan\r\n'),(5,3,'pernah merokok (SMP kls 8) tapi sudah tobat gak merokok lagi sampai sekarang\r\n'),(5,5,'tidak pernah, karena merokok bahaya\r\n'),(6,1,'pelanggaran sedang & berat pernah, pelanggaran ringan sering\r\n'),(6,3,'pelanggaran ringan sering\r\n'),(6,5,'tidak pernah\r\n'),(7,1,'sering dan tidak bisa menghindar\r\n'),(7,3,'kadang kadang dan berusaha untuk menghindar\r\n'),(7,5,'tidak pernah\r\n'),(8,1,'Marah dengan cara memukul\r\n'),(8,3,'Marah dengan kata-kata\r\n'),(8,5,'Diam\r\n'),(9,1,'sering\r\n'),(9,3,'kadang-kadang\r\n'),(9,5,'tidak pernah\r\n'),(10,1,'tidak ada\r\n'),(10,3,'hanya salah satu dari orang tua\r\n'),(10,5,'dengan kedua orang tua\r\n'),(11,1,'masih menyimpan\r\n'),(11,3,'lupa/ragu-ragu\r\n'),(11,5,'tidak ada sama sekali\r\n'),(12,1,'jam 05.00 - Jam 06.00\r\n'),(12,3,'jam 04.00 - Jam 04.30\r\n'),(12,5,'jam 03.30 - jam 04.00\r\n');

--
-- Table structure for table `master_wawancara_anak_smp`
--

CREATE TABLE `master_wawancara_anak_smp` (
  `nomor` int(11) DEFAULT NULL,
  `aspek` text,
  `bobot_soal` int(11) DEFAULT NULL,
  `tor_interview` text,
  `nilai_0` text,
  `nilai_1` text,
  `nilai_2` text,
  `nilai_3` text,
  `nilai_4` text,
  `remark` text,
  `created_by` text,
  `created_date` varchar(20) DEFAULT NULL,
  `updated_by` varchar(20) DEFAULT NULL,
  `updated_date` varchar(20) DEFAULT NULL,
  `id_ujian` varchar(20) DEFAULT '1',
  KEY `nomor` (`nomor`)
) ENGINE=MyISAM DEFAULT CHARSET=latin1;

--
-- Dumping data for table `master_wawancara_anak_smp`
--

INSERT INTO `master_wawancara_anak_smp` VALUES (3,'KASUS',1,'Ketika kamu merasa tidak betah di asrama atau di sekolah apa yang akan kamu lakukan?',NULL,'Sering , lebih dari 3x, selalu sampai dipanggil ortu\r\n','kadang-kadang, pernah ( 1- 3 kali )\r\n','tidak pernah\r\n',NULL,NULL,NULL,NULL,NULL,NULL,'1'),(4,'POLA ASUH\r\n',1,'Pernahkah dibentak oleh orangtuamu? Atau bahkan pernah dipukul?\r\n',NULL,'sering dan tidak bisa menghindar\r\n','kadang kadang dan berusaha untuk menghindar\r\n','tidak pernah\r\n',NULL,NULL,NULL,NULL,NULL,NULL,'1'),(5,'ADVERSITY',1,'Jika kamu diejek, dipukul atau diperlakukan kurang baik oleh temanmu, apa yang akan kamu lakukan\r\n',NULL,'ada pacaran boleh paling nanti sma atau sudah dewasa, setuju\r\n','biasa aja/boleh pacaran boleh tidak/permisiv/ orang tua boleh / \r\n','tidak ada,  sangat tidak setuju\r\n',NULL,NULL,NULL,NULL,NULL,NULL,'1'),(6,'KASUS',1,'Pernah merokok atau ngevape berapa kali?\r\n',NULL,'pernah diajakin/dipaksa teman, sudah lama merokok, masih merokok, kecanduan\r\n','pernah merokok tapi sudah tobat gak merokok lagi sampai sekarang\r\n','tidak pernah, tidak baik bagi kesehatan, dilarang agama\r\n',NULL,NULL,NULL,NULL,NULL,NULL,'1'),(7,'KASUS',1,'Berapa kali menonton video atau gambar porno?\r\n',NULL,'kabur, melakukan pelanggaran, coba paksa orangtua, cari alasan agar pindah\r\n','berusaha bertahan sampai lulus meskipun tidak nyaman dan selalu mengeluh\r\n','akan menginformasikan ke sekolah dan memintakan saran untuk solusi nya, berusaha bertahan s/d lulus\r\n',NULL,NULL,NULL,NULL,NULL,NULL,'1'),(8,'POLA ASUH',1,'sampai sekarang kamu tidur dengan siapa?\r\n',NULL,'tidak biasa saja ,orangtua sibuk\r\n','kadang kadang ketat dan kadang kadang cuek\r\n','sangat ketat menerapkan aturan\r\n',NULL,NULL,NULL,NULL,NULL,NULL,'1'),(9,'KESEHATAN',1,'Penyakit apa yang pernah diderita?\r\n',NULL,'sering ( lebih dari 7x asyik main )\r\n','kadang-kadang\r\n','tidak pernah\r\n',NULL,NULL,NULL,NULL,NULL,NULL,'1'),(10,'Fiqih dan Aqidah		',1,'Belakangan ini,  Sholat apa yang pernah kamu tinggalkan?\r\n',NULL,'tidak ada, teman bibi, nenek, kakek\r\n','hanya salah satu dari orang tua\r\n','dengan kedua orang tua\r\n',NULL,NULL,NULL,NULL,NULL,NULL,'1'),(11,NULL,NULL,NULL,NULL,NULL,NULL,NULL,NULL,NULL,NULL,NULL,NULL,NULL,'1'),(1,'ADVERSITY',1,'Siapa yang menyuruh kamu masuk As-Syifa?',NULL,'Dipaksa Orang Tua atau Ikut-ikutan Teman','Kesepakatan bersama orang tua','Keinginan dan Keputusan sendiri',NULL,NULL,NULL,NULL,NULL,NULL,'1'),(2,'KASUS',1,'Kamu tahu bagian tubuh yang tidak boleh dipegang oleh orang lain? Apakah bagian itu pernah dipegang oleh orang lain?',NULL,'pernah lama menonton, sering dan sengaja nonton, (di ajakin teman lebih dari 3x)\r\n','di ajakin teman sekilas/sebentar dan tidak sengaja ( 1- 3 kali )\r\n','tidak pernah\r\n',NULL,NULL,NULL,NULL,NULL,NULL,'1');

--
-- Table structure for table `master_wawancara_anak_smp_`
--

CREATE TABLE `master_wawancara_anak_smp_` (
  `nomor` int(11) DEFAULT NULL,
  `aspek` text,
  `bobot_soal` int(11) DEFAULT NULL,
  `tor_interview` text,
  `nilai_0` text,
  `nilai_1` text,
  `nilai_2` text,
  `nilai_3` text,
  `nilai_4` text,
  `remark` text,
  `created_by` text,
  `created_date` varchar(20) DEFAULT NULL,
  `updated_by` varchar(20) DEFAULT NULL,
  `updated_date` varchar(20) DEFAULT NULL,
  `id_ujian` varchar(20) DEFAULT '1'
) ENGINE=MyISAM DEFAULT CHARSET=latin1;

--
-- Dumping data for table `master_wawancara_anak_smp_`
--

INSERT INTO `master_wawancara_anak_smp_` VALUES (3,'Cek & Ricek Akhlaq 					\r\n',1,'Apakah kamu pernah melakukan pelanggaran (mencuri, bolos, pacaran, bullying) ? (SMP)\r\n',NULL,'Sering , lebih dari 3x, selalu sampai dipanggil ortu\r\n','kadang-kadang, pernah ( 1- 3 kali )\r\n','tidak pernah\r\n',NULL,NULL,NULL,NULL,NULL,NULL,'1'),(4,'Cek & Ricek Akhlaq 					',1,'apakah anda pernah mendapatkan perlakuan/melakukan yang tidak senonoh seperti di cium lawan jenis ? (SMP)\r\n',NULL,'sering dan tidak bisa menghindar\r\n','kadang kadang dan berusaha untuk menghindar\r\n','tidak pernah\r\n',NULL,NULL,NULL,NULL,NULL,NULL,'1'),(5,'Cek & Ricek Akhlaq 					\r\n',1,'Menurut kamu pacaran yang Islami ada gak sih (SMP)\r\n',NULL,'ada pacaran boleh paling nanti sma atau sudah dewasa, setuju\r\n','biasa aja/boleh pacaran boleh tidak/permisiv/ orang tua boleh / \r\n','tidak ada,  sangat tidak setuju\r\n',NULL,NULL,NULL,NULL,NULL,NULL,'1'),(6,'Cek & Ricek Akhlaq 					',1,'Teman-temanmu ada yang suka merokok? Pernah ikut nyobain? (SMP)',NULL,'pernah diajakin/dipaksa teman, sudah lama merokok, masih merokok, kecanduan\r\n','pernah merokok tapi sudah tobat gak merokok lagi sampai sekarang\r\n','tidak pernah, tidak baik bagi kesehatan, dilarang agama\r\n',NULL,NULL,NULL,NULL,NULL,NULL,'1'),(7,'Cek & Ricek Kesiapan masuk SMPIT As-Syifa Boarding School					',1,'Kalau 1 s/d 3 bulan pertama tidak betah dengan kehidupan asrama/sekolah, apa yang kamu lakukan ? SMP',NULL,'kabur, melakukan pelanggaran, coba paksa orangtua, cari alasan agar pindah\r\n','berusaha bertahan sampai lulus meskipun tidak nyaman dan selalu mengeluh\r\n','akan menginformasikan ke sekolah dan memintakan saran untuk solusi nya, berusaha bertahan s/d lulus\r\n',NULL,NULL,NULL,NULL,NULL,NULL,'1'),(8,'Cek & Ricek Kesiapan masuk SMPIT As-Syifa Boarding School					',1,'Apakah ortu cukup ketat dengan aturan sholat ? SMP',NULL,'tidak biasa saja ,orangtua sibuk\r\n','kadang kadang ketat dan kadang kadang cuek\r\n','sangat ketat menerapkan aturan\r\n',NULL,NULL,NULL,NULL,NULL,NULL,'1'),(9,'Cek & Ricek Ibadah 		',1,'Apakah anda pernah meninggalkan sholat ? SMP',NULL,'sering ( lebih dari 7x asyik main )\r\n','kadang-kadang\r\n','tidak pernah\r\n',NULL,NULL,NULL,NULL,NULL,NULL,'1'),(10,'Cek & Ricek Pola Asuh			',1,'antara ayah dan ibu, anda paling dekat dengan siapa ? SMP',NULL,'tidak ada, teman bibi, nenek, kakek\r\n','hanya salah satu dari orang tua\r\n','dengan kedua orang tua\r\n',NULL,NULL,NULL,NULL,NULL,NULL,'1'),(11,'Cek & Ricek Pola Asuh			',1,'selama ini apakah anda masih menyimpan sakit hati kepada orang tua ? SMP',NULL,'masih menyimpan, pernah sampai sekarang\r\n','lupa/ragu-ragu/kadang-kadang\r\n','tidak ada sama sekali\r\n',NULL,NULL,NULL,NULL,NULL,NULL,'1'),(12,'Cek & Ricek Sosial dan Kemandirian			',1,'Jika anda tersinggung dengan orang, Sikap anda seperti apa ? SMP',NULL,'Marah dengan cara memukul, pindah sekolah, menangis\r\n','Marah dengan kata-kata\r\n','Diam\r\n',NULL,NULL,NULL,NULL,NULL,NULL,'1'),(13,'Cek & Ricek Sosial dan Kemandirian			',1,'seringnya tidur bersama siapa ? Ngompol terakhir kelas berapa ? SMP',NULL,'masih dengan orang tua dan sering/masih ngompol\r\n','kadang -kadang Masih dengan orang tua dan tidak ngompol/ kadang ngompol pernah gara2 kecapean\r\n','sendiri di kamar masing masing dan tidak pernah ngompol, sudah dari TK berhenti\r\n',NULL,NULL,NULL,NULL,NULL,NULL,'1'),(1,'Cek & Ricek Minat terhadap SMPIT As-Syifa Boarding School					\r\n',1,'Siapa yang menyuruh antum/anti masuk assyifa ?\r\n',NULL,'terpaksa, tidak tahu, disuruh ortu, coba-coba, ikut-ikutan teman\r\n','keinginan bersama, \r\n','keinginan sendiri, pilihan pertama, \r\n',NULL,NULL,NULL,NULL,NULL,NULL,'1'),(2,'Cek & Ricek Akhlaq 					\r\n',1,'Pernahkah anda, sengaja ataupun tidak, diajak teman untuk membaca/menonton cerita/film porno ? (SMP)\r\n',NULL,'pernah lama menonton, sering dan sengaja nonton, (di ajakin teman lebih dari 3x)\r\n','di ajakin teman sekilas/sebentar dan tidak sengaja ( 1- 3 kali )\r\n','tidak pernah\r\n',NULL,NULL,NULL,NULL,NULL,NULL,'1');

--
-- Table structure for table `master_wawancara_anak_smp_jawaban`
--

CREATE TABLE `master_wawancara_anak_smp_jawaban` (
  `nomor` int(11) DEFAULT NULL,
  `skor_jawaban` int(11) DEFAULT NULL,
  `catatan_skor` text,
  `id` int(11) NOT NULL AUTO_INCREMENT,
  PRIMARY KEY (`id`),
  KEY `nomor` (`nomor`)
) ENGINE=MyISAM AUTO_INCREMENT=40 DEFAULT CHARSET=utf8;

--
-- Dumping data for table `master_wawancara_anak_smp_jawaban`
--

INSERT INTO `master_wawancara_anak_smp_jawaban` VALUES (1,-5,'Dipaksa orangtua atau ikut-ikutan teman\r\n',1),(1,3,'Kesepakatan bersama orangtua',2),(1,5,'Keinginan dan keputusan sendiri',3),(2,-5,'Pacar atau orang asing',4),(2,3,'Saudara (bukan mahram)',5),(2,5,'Orangtua',6),(3,-5,'Kabur atau minta pindah sekolah\r\n',7),(3,3,'Mencoba bertahan dalam waktu tertentu (membuat kesepakatan)\r\n',8),(3,5,'Sabar dan Bertahan',9),(4,1,'Menyimpan dendam',10),(4,3,'Memaafkan',11),(4,5,'tidak pernah\r\n',12),(5,-5,'Melawan balik',13),(5,3,'Melapor ke guru atau orangtua\r\n',14),(5,5,'Sabar dan bertahan',15),(6,1,'Berat',16),(6,3,'Sedang',17),(6,5,'Ringan',18),(7,-5,'Berat',19),(7,3,'Sedang',20),(7,5,'Ringan',21),(8,1,'dengan orangtua\r\n',22),(8,3,'Kadang-Kadang sendiri\r\n',23),(8,5,'Terbiasa Sendiri\r\n',24),(9,1,'Berat',25),(9,3,'Sedang',26),(9,5,'Ringan',27),(10,1,'lebih dari 2 kali\r\n',28),(10,3,'2 kali dalam sehari\r\n',29),(10,5,'Tidak Pernah\r\n',30);

--
-- Table structure for table `master_wawancara_anak_smp_jawaban_`
--

CREATE TABLE `master_wawancara_anak_smp_jawaban_` (
  `nomor` int(11) DEFAULT NULL,
  `skor_jawaban` int(11) DEFAULT NULL,
  `catatan_skor` text
) ENGINE=MyISAM DEFAULT CHARSET=utf8;

--
-- Dumping data for table `master_wawancara_anak_smp_jawaban_`
--

INSERT INTO `master_wawancara_anak_smp_jawaban_` VALUES (1,1,'terpaksa, tidak tahu, disuruh ortu, coba-coba, ikut-ikutan teman\r\n'),(1,3,'keinginan bersama, \r\n'),(1,5,'keinginan sendiri, pilihan pertama, \r\n'),(2,1,'pernah lama menonton, sering dan sengaja nonton, (di ajakin teman lebih dari 3x)\r\n'),(2,3,'di ajakin teman sekilas/sebentar dan tidak sengaja ( 1- 3 kali )\r\n'),(2,5,'tidak pernah\r\n'),(3,1,'Sering , lebih dari 3x, selalu sampai dipanggil ortu\r\n'),(3,3,'kadang-kadang, pernah ( 1- 3 kali )\r\n'),(3,5,'tidak pernah\r\n'),(4,1,'sering dan tidak bisa menghindar\r\n'),(4,3,'kadang kadang dan berusaha untuk menghindar\r\n'),(4,5,'tidak pernah\r\n'),(5,1,'ada pacaran boleh paling nanti sma atau sudah dewasa, setuju\r\n'),(5,3,'biasa aja/boleh pacaran boleh tidak/permisiv/ orang tua boleh / \r\n'),(5,5,'tidak ada,  sangat tidak setuju\r\n'),(6,1,'pernah diajakin/dipaksa teman, sudah lama merokok, masih merokok, kecanduan\r\n'),(6,3,'pernah merokok tapi sudah tobat gak merokok lagi sampai sekarang\r\n'),(6,5,'tidak pernah, tidak baik bagi kesehatan, dilarang agama\r\n'),(7,1,'kabur, melakukan pelanggaran, coba paksa orangtua, cari alasan agar pindah\r\n'),(7,3,'berusaha bertahan sampai lulus meskipun tidak nyaman dan selalu mengeluh\r\n'),(7,5,'akan menginformasikan ke sekolah dan memintakan saran untuk solusi nya, berusaha bertahan s/d lulus\r\n'),(8,1,'tidak biasa saja ,orangtua sibuk\r\n'),(8,3,'kadang kadang ketat dan kadang kadang cuek\r\n'),(8,5,'sangat ketat menerapkan aturan\r\n'),(9,1,'sering ( lebih dari 7x asyik main )\r\n'),(9,3,'kadang-kadang\r\n'),(9,5,'tidak pernah\r\n'),(10,1,'tidak ada, teman bibi, nenek, kakek\r\n'),(10,3,'hanya salah satu dari orang tua\r\n'),(10,5,'dengan kedua orang tua\r\n');

--
-- Table structure for table `master_wwcr_quran_jawaban`
--

CREATE TABLE `master_wwcr_quran_jawaban` (
  `id_soal` varchar(50) DEFAULT NULL,
  `skor_jawaban` int(11) DEFAULT NULL,
  `jawaban` text
) ENGINE=MyISAM DEFAULT CHARSET=utf8;

--
-- Dumping data for table `master_wwcr_quran_jawaban`
--

INSERT INTO `master_wwcr_quran_jawaban` VALUES ('wawancara1',1,'< 2 kali dalam sepekan'),('wawancara1',2,'Rutin 2 sampai 5 halaman per hari'),('wawancara1',3,'>  5 halaman per hari (1/4 juz) '),('wawancara2',1,'Tidak Siap'),('wawancara2',2,'Ragu-ragu'),('wawancara2',3,'Siap'),('wawancara3',1,'Belum pernah'),('wawancara3',2,'Pernah, tapi sudah banyak yang lupa'),('wawancara3',3,'Pernah dan masih cukup kuat'),('wawancara4',1,'Tidak bisa menjawab 3 pertanyaan'),('wawancara4',2,'Mampu menjawab 1-2 pertanyaan dengan lancar'),('wawancara4',3,'Mampu menjawab 3 pertanyaan dengan lancar'),('wawancara5',1,'Banyak pengucapan makhroj yang tidak sesuai pada tempatnya > 5 huruf'),('wawancara5',2,'Cukup bagus dalam pengucapan makhorijil hurufnya tapi masih ada yang salah <5'),('wawancara5',3,'Bagus dalam pengucapan makhorijil huruf dan sesuai pada tempatnya'),('wawancara6',1,'tidak lancar dan terbata-bata dan kesalahan lebih dari tiga kali'),('wawancara6',2,'cukup lancar tapi masih ada kesalahan kurang dari 3 kesalahan'),('wawancara6',3,'lancar dan tidak ada kesalahan sama sekali'),('wawancara7',1,'hafalan tidak lancar dan tidak bisa menjawab 3 pertanyaan'),('wawancara7',2,'mampu menjawab tapi masih tidak lancar dan masih ada kesalahan'),('wawancara7',3,'mampu menjawab 3 pertanyaan dengan lancar dan tidak ada kesalahan');

--
-- Table structure for table `menu_client`
--

CREATE TABLE `menu_client` (
  `id` int(11) NOT NULL AUTO_INCREMENT,
  `kode_menu` varchar(50) NOT NULL DEFAULT '',
  `nama_menu` varchar(200) DEFAULT NULL,
  `induk` varchar(20) DEFAULT 'HEAD',
  `modul` varchar(50) DEFAULT NULL,
  `nama_folder` varchar(500) DEFAULT NULL,
  `image` varchar(200) DEFAULT NULL,
  `image_kanan` varchar(50) DEFAULT NULL,
  `remark` varchar(50) DEFAULT NULL,
  `created_by` varchar(50) DEFAULT NULL,
  `created_date` varchar(50) DEFAULT NULL,
  `updated_by` varchar(50) DEFAULT NULL,
  `updated_date` varchar(50) DEFAULT NULL,
  PRIMARY KEY (`id`)
) ENGINE=InnoDB AUTO_INCREMENT=15 DEFAULT CHARSET=latin1 ROW_FORMAT=COMPACT;

--
-- Dumping data for table `menu_client`
--

INSERT INTO `menu_client` VALUES (1,'0','BIODATA MURID','HEAD',NULL,'biodata_murid',NULL,NULL,'1',NULL,NULL,NULL,NULL),(2,'1','BIODATA AYAH','HEAD',NULL,'biodata_ayah',NULL,NULL,'2',NULL,NULL,NULL,NULL),(3,'2','BIODATA IBU','HEAD',NULL,'biodata_ibu',NULL,NULL,'3',NULL,NULL,NULL,NULL),(4,'3','SEKOLAH ASAL','HEAD',NULL,'sekolah_asal',NULL,NULL,'4',NULL,NULL,NULL,NULL),(5,'4','TUJUAN SEKOLAH','HEAD',NULL,'tujuan_sekolah',NULL,NULL,'5',NULL,NULL,NULL,NULL),(6,'5','PILIHAN KAMPUS','HEAD',NULL,'pilihan_kampus',NULL,NULL,'6',NULL,NULL,NULL,NULL),(7,'6','JALUR PENERIMAAN','HEAD',NULL,'jalur_penerimaan',NULL,NULL,'7',NULL,NULL,NULL,NULL),(8,'7','DESKRIPSI PENERIMAAN','HEAD',NULL,'deskripsi_penerimaan',NULL,NULL,'8',NULL,NULL,NULL,NULL),(9,'8','PRESTASI OSN','HEAD',NULL,'prestasi_osn',NULL,NULL,'9',NULL,NULL,NULL,NULL),(10,'9','PRESTASI TAHFIZH','HEAD',NULL,'prestasi_tahfizh',NULL,NULL,'10',NULL,NULL,NULL,NULL),(11,'10','PRESTASI PENDUKUNG','HEAD',NULL,'prestasi_pendukung',NULL,NULL,'11',NULL,NULL,NULL,NULL),(12,'11','LOKASI TEST','HEAD',NULL,'lokasi_test',NULL,NULL,'12',NULL,NULL,NULL,NULL),(13,'12','DESKRIPSI LOKASI','HEAD',NULL,'deskripsi_lokasi',NULL,NULL,'13',NULL,NULL,NULL,NULL),(14,'13','LOKASI REGIONAL','HEAD',NULL,'lokasi_regional',NULL,NULL,'14',NULL,NULL,NULL,NULL);

--
-- Table structure for table `menu_client_daftar`
--

CREATE TABLE `menu_client_daftar` (
  `id` int(11) NOT NULL AUTO_INCREMENT,
  `kode_menu` varchar(50) NOT NULL DEFAULT '',
  `nama_menu` varchar(200) DEFAULT NULL,
  `induk` varchar(20) DEFAULT 'HEAD',
  `modul` varchar(50) DEFAULT NULL,
  `nama_folder` varchar(500) DEFAULT NULL,
  `image` varchar(200) DEFAULT NULL,
  `image_kanan` varchar(50) DEFAULT NULL,
  `remark` varchar(50) DEFAULT NULL,
  `created_by` varchar(50) DEFAULT NULL,
  `created_date` varchar(50) DEFAULT NULL,
  `updated_by` varchar(50) DEFAULT NULL,
  `updated_date` varchar(50) DEFAULT NULL,
  PRIMARY KEY (`id`)
) ENGINE=InnoDB AUTO_INCREMENT=6 DEFAULT CHARSET=latin1;

--
-- Dumping data for table `menu_client_daftar`
--

INSERT INTO `menu_client_daftar` VALUES (1,'0','PANDUAN DAFTAR','HEAD',NULL,'daftar_panduan',NULL,NULL,'1',NULL,NULL,NULL,NULL),(2,'1','PERNYATAAN','HEAD',NULL,'daftar_pernyataan',NULL,NULL,'2',NULL,NULL,NULL,NULL),(3,'2','FORM DAFTAR','HEAD',NULL,'daftar_form',NULL,NULL,'3',NULL,NULL,NULL,NULL),(4,'3','PEMBAYARAN','HEAD',NULL,'pembayaran',NULL,NULL,'4',NULL,NULL,NULL,NULL),(5,'4','FORM KELUARGA','HEAD',NULL,'daftar_form_keluarga',NULL,NULL,'5',NULL,NULL,NULL,NULL);

--
-- Table structure for table `menu_status`
--

CREATE TABLE `menu_status` (
  `user` varchar(50) NOT NULL,
  `biodata_murid` int(11) DEFAULT '1',
  `biodata_ayah` int(11) DEFAULT '0',
  `biodata_ibu` int(11) DEFAULT '0',
  `sekolah_asal` int(11) DEFAULT '0',
  `tujuan_sekolah` int(11) DEFAULT '0',
  `pilihan_kampus` int(11) DEFAULT '0',
  `jalur_penerimaan` int(11) DEFAULT '0',
  `deskripsi_penerimaan` int(11) DEFAULT '0',
  `prestasi_osn` int(11) DEFAULT '0',
  `prestasi_tahfizh` int(11) DEFAULT '0',
  `prestasi_pendukung` int(11) DEFAULT '0',
  `lokasi_test` int(11) DEFAULT '0',
  `deskripsi_lokasi` int(11) DEFAULT '0',
  `lokasi_regional` int(11) DEFAULT '0',
  `menu_akhir` varchar(50) DEFAULT 'biodata_murid',
  PRIMARY KEY (`user`)
) ENGINE=InnoDB DEFAULT CHARSET=latin1;

--
-- Dumping data for table `menu_status`
--

INSERT INTO `menu_status` VALUES ('081320130007',1,1,0,0,0,0,0,0,0,0,0,0,0,0,'biodata_ayah'),('081335111174',1,0,0,0,0,0,0,0,0,0,0,0,0,0,'biodata_murid'),('082121070001',1,0,0,0,0,0,0,0,0,0,0,0,0,0,'biodata_murid'),('0821210700011',1,0,0,0,0,0,0,0,0,0,0,0,0,0,'biodata_murid'),('08212107000111',1,0,0,0,0,0,0,0,0,0,0,0,0,0,'biodata_murid'),('082121070001112',1,0,0,0,0,0,0,0,0,0,0,0,0,0,'biodata_murid'),('082121070001114',1,0,0,0,0,0,0,0,0,0,0,0,0,0,'biodata_murid'),('0821210700011146',1,0,0,0,0,0,0,0,0,0,0,0,0,0,'biodata_murid'),('08212107000111467',1,0,0,0,0,0,0,0,0,0,0,0,0,0,'biodata_murid'),('082121070001114678',1,0,0,0,0,0,0,0,0,0,0,0,0,0,'biodata_murid'),('082121070002',1,0,0,0,0,0,0,0,0,0,0,0,0,0,'biodata_murid'),('085795550685',1,1,1,0,0,0,0,0,0,0,0,0,0,0,'biodata_ibu'),('09090',1,0,0,0,0,0,0,0,0,0,0,0,0,0,'biodata_murid'),('111111',1,0,0,0,0,0,0,0,0,0,0,0,0,0,'biodata_murid'),('12',1,0,0,0,0,0,0,0,0,0,0,0,0,0,'biodata_murid'),('123',1,1,1,0,0,0,0,0,0,0,0,0,0,0,'biodata_ibu'),('123456',1,1,0,0,0,0,0,0,0,0,0,0,0,0,'biodata_ayah'),('1234567890',1,0,0,0,0,0,0,0,0,0,0,0,0,0,'biodata_murid'),('12345678900',1,0,0,0,0,0,0,0,0,0,0,0,0,0,'biodata_murid'),('234',1,0,0,0,0,0,0,0,0,0,0,0,0,0,'biodata_murid'),('333333',1,0,0,0,0,0,0,0,0,0,0,0,0,0,'biodata_murid'),('54634563456',1,0,0,0,0,0,0,0,0,0,0,0,0,0,'biodata_murid'),('55555',1,0,0,0,0,0,0,0,0,0,0,0,0,0,'biodata_murid'),('66666',1,0,0,0,0,0,0,0,0,0,0,0,0,0,'biodata_murid'),('77777777',1,0,0,0,0,0,0,0,0,0,0,0,0,0,'biodata_murid'),('8',1,0,0,0,0,0,0,0,0,0,0,0,0,0,'biodata_murid'),('813',1,1,0,0,0,0,0,0,0,0,0,0,0,0,'biodata_ayah'),('81320130007',1,0,0,0,0,0,0,0,0,0,0,0,0,0,'biodata_murid'),('9',1,0,0,0,0,0,0,0,0,0,0,0,0,0,'biodata_murid'),('98',1,0,0,0,0,0,0,0,0,0,0,0,0,0,'biodata_murid'),('99999',1,0,0,0,0,0,0,0,0,0,0,0,0,0,'biodata_murid');

--
-- Table structure for table `modul`
--

CREATE TABLE `modul` (
  `modul` varchar(50) NOT NULL DEFAULT '',
  `nama_modul` varchar(50) DEFAULT NULL,
  `remark` varchar(50) DEFAULT NULL,
  `created_by` varchar(50) DEFAULT NULL,
  `created_date` varchar(50) DEFAULT NULL,
  `updated_by` varchar(50) DEFAULT NULL,
  `updated_date` varchar(50) DEFAULT NULL,
  PRIMARY KEY (`modul`)
) ENGINE=MyISAM DEFAULT CHARSET=latin1;

--
-- Dumping data for table `modul`
--

INSERT INTO `modul` VALUES ('A','Umum',NULL,NULL,NULL,NULL,NULL),('SIMKEP','SIM PANITIA PMB AS SYIFA',NULL,NULL,NULL,NULL,NULL);

--
-- Table structure for table `mpom_channel`
--

CREATE TABLE `mpom_channel` (
  `id` int(11) DEFAULT NULL,
  `channel` varchar(50) DEFAULT NULL,
  `remark` varchar(20) DEFAULT NULL,
  `created_by` varchar(20) DEFAULT NULL,
  `created_date` varchar(20) DEFAULT NULL,
  `updated_by` varchar(20) DEFAULT NULL,
  `updated_date` varchar(20) DEFAULT NULL
) ENGINE=InnoDB DEFAULT CHARSET=latin1;

--
-- Dumping data for table `mpom_channel`
--

INSERT INTO `mpom_channel` VALUES (1,'ATM',NULL,NULL,NULL,NULL,NULL),(2,'TELLER',NULL,NULL,NULL,NULL,NULL),(3,'INTERNET BANKING',NULL,NULL,NULL,NULL,NULL),(4,'EDC',NULL,NULL,NULL,NULL,NULL),(5,'MOBILE BANKING',NULL,NULL,NULL,NULL,NULL);

--
-- Table structure for table `mpom_err_kode`
--

CREATE TABLE `mpom_err_kode` (
  `kode` varchar(50) DEFAULT NULL,
  `keterangan` varchar(52) DEFAULT NULL,
  `id` int(11) NOT NULL AUTO_INCREMENT,
  PRIMARY KEY (`id`)
) ENGINE=MyISAM AUTO_INCREMENT=11 DEFAULT CHARSET=latin1;

--
-- Dumping data for table `mpom_err_kode`
--

INSERT INTO `mpom_err_kode` VALUES ('00','Sukses',1),('12','Invalid transaction',2),('13','Invalid amount',3),('16','Invalid full amount',4),('30','Format Error',5),('15','Bill ID not found',6),('88','The bills already paid',7);

--
-- Table structure for table `mpom_inquiry`
--

CREATE TABLE `mpom_inquiry` (
  `refno` varchar(20) DEFAULT NULL,
  `vano` varchar(20) DEFAULT NULL,
  `trxdate` varchar(20) DEFAULT NULL,
  `channelID` varchar(20) DEFAULT NULL,
  `custname` varchar(50) DEFAULT NULL,
  `bill` varchar(20) DEFAULT NULL,
  `ccy` varchar(20) DEFAULT NULL,
  `description1` varchar(40) DEFAULT NULL,
  `description2` varchar(256) DEFAULT NULL,
  `err` varchar(20) DEFAULT NULL,
  `remark` varchar(20) DEFAULT NULL,
  `created_by` varchar(20) DEFAULT NULL,
  `created_date` varchar(20) DEFAULT NULL,
  `updated_by` varchar(20) DEFAULT NULL,
  `updated_date` varchar(20) DEFAULT NULL,
  `id` int(11) NOT NULL AUTO_INCREMENT,
  PRIMARY KEY (`id`)
) ENGINE=MyISAM AUTO_INCREMENT=5149 DEFAULT CHARSET=latin1;

--
-- Dumping data for table `mpom_inquiry`
--

INSERT INTO `mpom_inquiry` VALUES ('000314909653','7399042020000006','20190829092525','1','NAMA 1','000048500000','360','Biaya Registrasi','','30',NULL,NULL,'2019-08-29 09:25:45',NULL,NULL,1),('000314922011','7399042020000006','20190829093752','1','NAMA 1','000048500000','360','Biaya Registrasi','','00',NULL,NULL,'2019-08-29 09:38:14',NULL,NULL,2),('000000142183','7399042019000265','20190829100644','1','','','','','','15',NULL,NULL,'2019-08-29 10:06:50',NULL,NULL,3),('000000142390','7399042019000265','20190829100717','1','','','','','','15',NULL,NULL,'2019-08-29 10:07:25',NULL,NULL,4),('000000142939','7399042019000265','20190829100906','1','','','','','','15',NULL,NULL,'2019-08-29 10:09:13',NULL,NULL,5),('000000782534','7399042020000006','20190829102722','2','NAMA 1','000048500000','360','Biaya Registrasi','','00',NULL,NULL,'2019-08-29 10:27:51',NULL,NULL,6),('000000782654','7399042020000006','20190829102819','2','NAMA 1','000048500000','360','Biaya Registrasi','','00',NULL,NULL,'2019-08-29 10:28:47',NULL,NULL,7),('000000692051','7399042019003813','20190829135348','1','','','','','','15',NULL,NULL,'2019-08-29 13:58:02',NULL,NULL,8),('000000693021','7399042019003813','20190829135414','1','','','','','','15',NULL,NULL,'2019-08-29 13:58:49',NULL,NULL,9),('000000718083','7399042019003813','20190829140350','1','','','','','','15',NULL,NULL,'2019-08-29 14:06:21',NULL,NULL,10),('732941      ','7399042019000346','20190831071622','1','','','','','','15',NULL,NULL,'2019-08-31 07:16:35',NULL,NULL,11),('000317627067','7399042020000002','20190901003611','1','SUHERMAN HASAN BASRI','000048500000','360','Biaya Registrasi','','00',NULL,NULL,'2019-09-01 00:36:32',NULL,NULL,12),('000000182212','7399042020000004','20190901100813','1','HANIFA AULIA AHMAD','000048500000','360','Biaya Registrasi','','00',NULL,NULL,'2019-09-01 10:08:14',NULL,NULL,13),('000000182393','7399042020000004','20190901100822','1','HANIFA AULIA AHMAD','000048500000','360','Biaya Registrasi','','00',NULL,NULL,'2019-09-01 10:08:23',NULL,NULL,14),('000000182872','7399042020000004','20190901100843','1','HANIFA AULIA AHMAD','000048500000','360','Biaya Registrasi','','00',NULL,NULL,'2019-09-01 10:08:43',NULL,NULL,15),('206717541202','7399042020000005','20190901100954','1','MUHAMMAD NABIL ATHALLAH ZAIDAN','000048500000','360','Biaya Registrasi','','00',NULL,NULL,'2019-09-01 10:09:55',NULL,NULL,16),('520089      ','7399042020000006','20190901101037','1','RAISYA ADINDA IZZATI','000048500000','360','Biaya Registrasi','','00',NULL,NULL,'2019-09-01 10:10:37',NULL,NULL,17),('000000185696','7399042020000019','20190901101044','1','KINAN SYAUQI RAHMAN','000048500000','360','Biaya Registrasi','','00',NULL,NULL,'2019-09-01 10:10:45',NULL,NULL,18),('000000185794','7399042020000019','20190901101048','1','KINAN SYAUQI RAHMAN','000048500000','360','Biaya Registrasi','','00',NULL,NULL,'2019-09-01 10:10:49',NULL,NULL,19),('834834      ','7399042020000007','20190901101053','1','MUHAMMAD YUSUF HIZAMY','000048500000','360','Biaya Registrasi','','00',NULL,NULL,'2019-09-01 10:10:53',NULL,NULL,20),('000000186214','7399042020000040','20190901101106','1','BALQIS NAJWA HANIFA','000048500000','360','Biaya Registrasi','','00',NULL,NULL,'2019-09-01 10:11:06',NULL,NULL,21),('206717552716','7399042020000005','20190901101109','1','MUHAMMAD NABIL ATHALLAH ZAIDAN','000048500000','360','Biaya Registrasi','','00',NULL,NULL,'2019-09-01 10:11:09',NULL,NULL,22),('000000186436','7399042020000040','20190901101115','1','BALQIS NAJWA HANIFA','000048500000','360','Biaya Registrasi','','00',NULL,NULL,'2019-09-01 10:11:15',NULL,NULL,23),('000000186708','7399042020000001','20190901101127','1','RAUSAN FEKRAN AUFA','000048500000','360','Biaya Registrasi','','00',NULL,NULL,'2019-09-01 10:11:27',NULL,NULL,24),('000000186821','7399042020000001','20190901101131','1','RAUSAN FEKRAN AUFA','000048500000','360','Biaya Registrasi','','00',NULL,NULL,'2019-09-01 10:11:32',NULL,NULL,25),('000000186841','7399042020000019','20190901101132','1','KINAN SYAUQI RAHMAN','000048500000','360','Biaya Registrasi','','00',NULL,NULL,'2019-09-01 10:11:33',NULL,NULL,26),('000000187189','7399042020000040','20190901101148','1','BALQIS NAJWA HANIFA','000048500000','360','Biaya Registrasi','','00',NULL,NULL,'2019-09-01 10:11:48',NULL,NULL,27),('000000187416','7399042020000024','20190901101158','1','AZALEA ZAHRA GHIHADA','000048500000','360','Biaya Registrasi','','00',NULL,NULL,'2019-09-01 10:11:58',NULL,NULL,28),('000000187702','7399042020000024','20190901101209','1','AZALEA ZAHRA GHIHADA','000048500000','360','Biaya Registrasi','','00',NULL,NULL,'2019-09-01 10:12:09',NULL,NULL,29),('000000187802','7399042020000001','20190901101213','1','RAUSAN FEKRAN AUFA','000048500000','360','Biaya Registrasi','','00',NULL,NULL,'2019-09-01 10:12:13',NULL,NULL,30),('843152      ','7399042020000010','20190901101225','1','KIARA AZ-ZAHRA','000048500000','360','Biaya Registrasi','','00',NULL,NULL,'2019-09-01 10:12:25',NULL,NULL,31),('000000188566','7399042020000024','20190901101245','1','AZALEA ZAHRA GHIHADA','000048500000','360','Biaya Registrasi','','00',NULL,NULL,'2019-09-01 10:12:45',NULL,NULL,32),('000000112911','7399042020000044','20190901101241','2','SALMA RASYIDATUZZAHRA','000048500000','360','Biaya Registrasi','','00',NULL,NULL,'2019-09-01 10:12:56',NULL,NULL,33),('000000112927','7399042020000044','20190901101251','2','SALMA RASYIDATUZZAHRA','000048500000','360','Biaya Registrasi','','00',NULL,NULL,'2019-09-01 10:13:06',NULL,NULL,34),('000000112965','7399042020000048','20190901101319','2','TSABIT AL FARIZI','000048500000','360','Biaya Registrasi','','00',NULL,NULL,'2019-09-01 10:13:35',NULL,NULL,35),('000000190472','7399042020000028','20190901101404','1','ANDRA PRATAMA','000048500000','360','Biaya Registrasi','','00',NULL,NULL,'2019-09-01 10:14:04',NULL,NULL,36),('000000190861','7399042020000028','20190901101423','1','ANDRA PRATAMA','000048500000','360','Biaya Registrasi','','00',NULL,NULL,'2019-09-01 10:14:23',NULL,NULL,37),('000000191618','7399042020000028','20190901101455','1','ANDRA PRATAMA','000048500000','360','Biaya Registrasi','','00',NULL,NULL,'2019-09-01 10:14:55',NULL,NULL,38),('703009      ','7399042020000038','20190901101505','1','KEYSHA MAULANA','000048500000','360','Biaya Registrasi','','00',NULL,NULL,'2019-09-01 10:15:05',NULL,NULL,39),('959801      ','7399042020000023','20190901101627','1','KAYLA AYUNETTA MAHESWARI','000048500000','360','Biaya Registrasi','','00',NULL,NULL,'2019-09-01 10:15:46',NULL,NULL,40),('000000193111','7399042020000029','20190901101558','1','BENN RADYTH RHEIVANNIO','000048500000','360','Biaya Registrasi','','00',NULL,NULL,'2019-09-01 10:15:58',NULL,NULL,41),('000000193294','7399042020000029','20190901101605','1','BENN RADYTH RHEIVANNIO','000048500000','360','Biaya Registrasi','','00',NULL,NULL,'2019-09-01 10:16:05',NULL,NULL,42),('000000194303','7399042020000029','20190901101644','1','BENN RADYTH RHEIVANNIO','000048500000','360','Biaya Registrasi','','00',NULL,NULL,'2019-09-01 10:16:45',NULL,NULL,43),('000000113228','7399042020000051','20190901101643','2','AHMAD AUFA RIZQULLAH','000048500000','360','Biaya Registrasi','','00',NULL,NULL,'2019-09-01 10:16:59',NULL,NULL,44),('000000002041','7399042020000003','20190901101808','1','ALLYSA PUTRI SABRINA','000048500000','360','Biaya Registrasi','','00',NULL,NULL,'2019-09-01 10:18:08',NULL,NULL,45),('685723      ','7399042020000053','20190901101832','1','LINTANG FAIZA KINANTI','000048500000','360','Biaya Registrasi','','00',NULL,NULL,'2019-09-01 10:18:32',NULL,NULL,46),('838136      ','7399042020000020','20190901101923','1','MUHAMMAD AZKA NAUFAL','000048500000','360','Biaya Registrasi','','00',NULL,NULL,'2019-09-01 10:19:23',NULL,NULL,47),('000000977709','7399042020000027','20190901101931','1','QONITA AULIA MA\'ARIF','000048500000','360','Biaya Registrasi','','00',NULL,NULL,'2019-09-01 10:19:25',NULL,NULL,48),('000000977860','7399042020000043','20190901102025','1','MOCHAMAD AZMIL FARADISNA','000048500000','360','Biaya Registrasi','','00',NULL,NULL,'2019-09-01 10:20:19',NULL,NULL,49),('688924      ','7399042020000033','20190901102054','1','SRI NURUL AJIJAH','000048500000','360','Biaya Registrasi','','00',NULL,NULL,'2019-09-01 10:20:55',NULL,NULL,50),('000004426136','7399042020000064','20190901102058','1','RIZKIRANI RAHMANIA','000048500000','360','Biaya Registrasi','','00',NULL,NULL,'2019-09-01 10:20:58',NULL,NULL,51),('000000201880','7399042020000017','20190901102204','1','VARGAS ALVIANIZAR ROZZAKU','000048500000','360','Biaya Registrasi','','00',NULL,NULL,'2019-09-01 10:22:10',NULL,NULL,52),('836597      ','7399042020000020','20190901102205','1','MUHAMMAD AZKA NAUFAL','000048500000','360','Biaya Registrasi','','00',NULL,NULL,'2019-09-01 10:22:10',NULL,NULL,53),('000000202131','7399042020000017','20190901102215','1','VARGAS ALVIANIZAR ROZZAKU','000048500000','360','Biaya Registrasi','','00',NULL,NULL,'2019-09-01 10:22:15',NULL,NULL,54),('836615      ','7399042020000020','20190901102221','1','MUHAMMAD AZKA NAUFAL','000048500000','360','Biaya Registrasi','','00',NULL,NULL,'2019-09-01 10:22:21',NULL,NULL,55),('000000202936','7399042020000017','20190901102250','1','VARGAS ALVIANIZAR ROZZAKU','000048500000','360','Biaya Registrasi','','00',NULL,NULL,'2019-09-01 10:22:51',NULL,NULL,56),('859918      ','7399042020000052','20190901102350','1','AMEERA SYAHLI HAFIDZAH','000048500000','360','Biaya Registrasi','','00',NULL,NULL,'2019-09-01 10:23:56',NULL,NULL,57),('845097      ','7399042020000075','20190901102458','1','HILMY KUMARA SANTOSO','000048500000','360','Biaya Registrasi','','00',NULL,NULL,'2019-09-01 10:24:58',NULL,NULL,58),('835755      ','7399042020000054','20190901102500','1','ZAHRAN ALI AL-ISFAHANI','000048500000','360','Biaya Registrasi','','00',NULL,NULL,'2019-09-01 10:25:00',NULL,NULL,59),('000000455756','7399042020000045','20190901101838','1','MUHAMMAD ZUHDI KAMIIL','000048500000','360','Biaya Registrasi','','00',NULL,NULL,'2019-09-01 10:25:00',NULL,NULL,60),('901111846460','7399042020000070','20190901102601','4','NAILA HANNANI','000048500000','360','Biaya Registrasi','','00',NULL,NULL,'2019-09-01 10:26:13',NULL,NULL,61),('705242      ','7399042020000078','20190901102640','1','LUQMAN ALI DINUL RAMADHAN','000048500000','360','Biaya Registrasi','','00',NULL,NULL,'2019-09-01 10:26:40',NULL,NULL,62),('901111846469','7399042020000070','20190901102803','4','NAILA HANNANI','000048500000','360','Biaya Registrasi','','00',NULL,NULL,'2019-09-01 10:28:15',NULL,NULL,63),('000000001155','7399042020000009','20190901103806','1','NAILA AENUN NAJMA','000048500000','360','Biaya Registrasi','','00',NULL,NULL,'2019-09-01 10:28:50',NULL,NULL,64),('000000211615','7399042020000086','20190901102857','1','SAFA KEISHA MULYANA','000048500000','360','Biaya Registrasi','','00',NULL,NULL,'2019-09-01 10:28:57',NULL,NULL,65),('845482      ','7399042020000080','20190901102904','1','SYAUQI RAFID PRATAMA','000048500000','360','Biaya Registrasi','','00',NULL,NULL,'2019-09-01 10:29:04',NULL,NULL,66),('000000211797','7399042020000086','20190901102904','1','SAFA KEISHA MULYANA','000048500000','360','Biaya Registrasi','','00',NULL,NULL,'2019-09-01 10:29:04',NULL,NULL,67),('000000000186','7399042020000026','20190901103030','1','MUHAMMAD PANDYA BESARIANTA','000048500000','360','Biaya Registrasi','','00',NULL,NULL,'2019-09-01 10:29:31',NULL,NULL,68),('000000212461','7399042020000086','20190901102931','1','SAFA KEISHA MULYANA','000048500000','360','Biaya Registrasi','','00',NULL,NULL,'2019-09-01 10:29:32',NULL,NULL,69),('690228      ','7399042020000089','20190901103006','1','ZALIKA SAVAIRA TANISHA ','000048500000','360','Biaya Registrasi','','00',NULL,NULL,'2019-09-01 10:30:06',NULL,NULL,70),('690244      ','7399042020000089','20190901103013','1','ZALIKA SAVAIRA TANISHA ','000048500000','360','Biaya Registrasi','','00',NULL,NULL,'2019-09-01 10:30:13',NULL,NULL,71),('000000003367','7399042020000032','20190901103108','1','MARSHA NUR FAUZIAH','000048500000','360','Biaya Registrasi','','00',NULL,NULL,'2019-09-01 10:31:08',NULL,NULL,72),('000000002060','7399042020000036','20190901103121','1','RELIGY KHALIS GHANIYA HARYONO','000048500000','360','Biaya Registrasi','','00',NULL,NULL,'2019-09-01 10:31:26',NULL,NULL,73),('851040      ','7399042020000080','20190901103127','1','SYAUQI RAFID PRATAMA','000048500000','360','Biaya Registrasi','','00',NULL,NULL,'2019-09-01 10:31:27',NULL,NULL,74),('000000114736','7399042020000085','20190901103339','2','FATHIMAH ZAHRA AHMAD ZUHRI','000048500000','360','Biaya Registrasi','','00',NULL,NULL,'2019-09-01 10:34:06',NULL,NULL,75),('000000002696','7399042020000060','20190901103424','1','GALIL FAKHRI','000048500000','360','Biaya Registrasi','','00',NULL,NULL,'2019-09-01 10:34:25',NULL,NULL,76),('000000005119','7399042020000032','20190901103439','1','MARSHA NUR FAUZIAH','000048500000','360','Biaya Registrasi','','00',NULL,NULL,'2019-09-01 10:34:39',NULL,NULL,77),('000000219998','7399042020000047','20190901103452','1','REFFI ZACHARY','000048500000','360','Biaya Registrasi','','00',NULL,NULL,'2019-09-01 10:34:52',NULL,NULL,78),('000000114825','7399042020000085','20190901103450','2','FATHIMAH ZAHRA AHMAD ZUHRI','000048500000','360','Biaya Registrasi','','00',NULL,NULL,'2019-09-01 10:35:04',NULL,NULL,79),('000000220468','7399042020000047','20190901103513','1','REFFI ZACHARY','000048500000','360','Biaya Registrasi','','00',NULL,NULL,'2019-09-01 10:35:13',NULL,NULL,80),('000317858357','7399042020000025','20190901103511','1','MUHAMMAD NAFIS ZAIDAN','000048500000','360','Biaya Registrasi','','00',NULL,NULL,'2019-09-01 10:35:19',NULL,NULL,81),('000000004986','7399042020000022','20190901103533','1','HANIF RASYID FADHILAH','000048500000','360','Biaya Registrasi','','00',NULL,NULL,'2019-09-01 10:35:33',NULL,NULL,82),('847343      ','7399042020000059','20190901103549','1','THREANANDA KHAIRA AZZAHRA','000048500000','360','Biaya Registrasi','','00',NULL,NULL,'2019-09-01 10:35:49',NULL,NULL,83),('492993      ','7399042020000080','20190901103324','1','SYAUQI RAFID PRATAMA','000048500000','360','Biaya Registrasi','','00',NULL,NULL,'2019-09-01 10:35:51',NULL,NULL,84),('000000221625','7399042020000047','20190901103600','1','REFFI ZACHARY','000048500000','360','Biaya Registrasi','','00',NULL,NULL,'2019-09-01 10:36:00',NULL,NULL,85),('493021      ','7399042020000080','20190901103336','1','SYAUQI RAFID PRATAMA','000048500000','360','Biaya Registrasi','','00',NULL,NULL,'2019-09-01 10:36:03',NULL,NULL,86),('000000115047','7399042020000085','20190901103701','2','FATHIMAH ZAHRA AHMAD ZUHRI','000048500000','360','Biaya Registrasi','','00',NULL,NULL,'2019-09-01 10:37:16',NULL,NULL,87),('000000002727','7399042020000093','20190901103924','1','KHALIFAH THARIQ RAUDHA','000048500000','360','Biaya Registrasi','','00',NULL,NULL,'2019-09-01 10:39:25',NULL,NULL,88),('849337      ','7399042020000059','20190901103931','1','THREANANDA KHAIRA AZZAHRA','000048500000','360','Biaya Registrasi','','00',NULL,NULL,'2019-09-01 10:39:43',NULL,NULL,89),('847791      ','7399042020000097','20190901104002','1','ARETHA ODELIA AZZAHRA','000048500000','360','Biaya Registrasi','','00',NULL,NULL,'2019-09-01 10:40:03',NULL,NULL,90),('000317863499','7399042020000050','20190901104059','1','RAKHA RAIHANURRAHMAN','000048500000','360','Biaya Registrasi','','00',NULL,NULL,'2019-09-01 10:41:07',NULL,NULL,91),('000000003380','7399042020000082','20190901104129','1','MUHAMMAD DZAKY NUR HAMDANI','000048500000','360','Biaya Registrasi','','00',NULL,NULL,'2019-09-01 10:41:29',NULL,NULL,92),('638375      ','7399042020000092','20190901104214','1','CYNTHIA APHRODITTA AZ-ZAHRA','000048500000','360','Biaya Registrasi','','00',NULL,NULL,'2019-09-01 10:42:15',NULL,NULL,93),('004528      ','7399042020000041','20190901104243','1','ASYIFA ZASKIYAH FRANIA','000048500000','360','Biaya Registrasi','','00',NULL,NULL,'2019-09-01 10:42:44',NULL,NULL,94),('865396      ','7399042020000018','20190901104319','1','MUHAMMAD HAIKAL HARLIMAN','000048500000','360','Biaya Registrasi','','00',NULL,NULL,'2019-09-01 10:43:19',NULL,NULL,95),('206717843658','7399042020000002','20190901104404','1','NAURAH AIRINE LATHIFAH','000048500000','360','Biaya Registrasi','','00',NULL,NULL,'2019-09-01 10:44:04',NULL,NULL,96),('000000008272','7399042020000071','20190901104443','1','AKBAR SURYA PRATAMA','000048500000','360','Biaya Registrasi','','00',NULL,NULL,'2019-09-01 10:44:48',NULL,NULL,97),('853593      ','7399042020000101','20190901104523','1','KHEIZA NAZZILA PRADITA','000048500000','360','Biaya Registrasi','','00',NULL,NULL,'2019-09-01 10:45:23',NULL,NULL,98),('849818      ','7399042020000107','20190901104631','1','ARDISA NURHIDAYAT','000048500000','360','Biaya Registrasi','','00',NULL,NULL,'2019-09-01 10:46:31',NULL,NULL,99),('008621      ','7399042020000090','20190901104633','1','KHONSA ZUHDI PUTRI SUHENDI','000048500000','360','Biaya Registrasi','','00',NULL,NULL,'2019-09-01 10:46:33',NULL,NULL,100),('849825      ','7399042020000108','20190901104646','1','HANIDA NUR HAFIDZAH','000048500000','360','Biaya Registrasi','','00',NULL,NULL,'2019-09-01 10:46:46',NULL,NULL,101),('003092      ','7399042020000095','20190901104732','1','AHMAD FIKRI','000048500000','360','Biaya Registrasi','','00',NULL,NULL,'2019-09-01 10:47:33',NULL,NULL,102),('000000240212','7399042020000039','20190901104928','1','RIZKA KHAIRINNISA','000048500000','360','Biaya Registrasi','','00',NULL,NULL,'2019-09-01 10:49:28',NULL,NULL,103),('000000240420','7399042020000039','20190901104936','1','RIZKA KHAIRINNISA','000048500000','360','Biaya Registrasi','','00',NULL,NULL,'2019-09-01 10:49:36',NULL,NULL,104),('280672      ','7399042020000014','20190901104945','1','MUHAMMAD FADHIL AFIF','000048500000','360','Biaya Registrasi','','00',NULL,NULL,'2019-09-01 10:49:45',NULL,NULL,105),('281425      ','7399042020000014','20190901104945','1','MUHAMMAD FADHIL AFIF','000048500000','360','Biaya Registrasi','','00',NULL,NULL,'2019-09-01 10:49:46',NULL,NULL,106),('186293      ','7399042020000014','20190901104948','1','MUHAMMAD FADHIL AFIF','000048500000','360','Biaya Registrasi','','00',NULL,NULL,'2019-09-01 10:49:48',NULL,NULL,107),('186295      ','7399042020000014','20190901104948','1','MUHAMMAD FADHIL AFIF','000048500000','360','Biaya Registrasi','','00',NULL,NULL,'2019-09-01 10:49:49',NULL,NULL,108),('000000240849','7399042020000039','20190901104954','1','RIZKA KHAIRINNISA','000048500000','360','Biaya Registrasi','','00',NULL,NULL,'2019-09-01 10:49:54',NULL,NULL,109),('281659      ','7399042020000014','20190901105038','1','MUHAMMAD FADHIL AFIF','000048500000','360','Biaya Registrasi','','00',NULL,NULL,'2019-09-01 10:50:38',NULL,NULL,110),('000000003140','7399042020000094','20190901105105','1','AHMAD NAUFAL IBRAHIM','000048500000','360','Biaya Registrasi','','00',NULL,NULL,'2019-09-01 10:51:05',NULL,NULL,111),('000000243396','7399042020000121','20190901105141','1','SULTAN PUTRA WIBOWO','000048500000','360','Biaya Registrasi','','00',NULL,NULL,'2019-09-01 10:51:44',NULL,NULL,112),('000000243651','7399042020000121','20190901105152','1','SULTAN PUTRA WIBOWO','000048500000','360','Biaya Registrasi','','00',NULL,NULL,'2019-09-01 10:51:58',NULL,NULL,113),('000000116418','7399042020000116','20190901105136','2','ZAID TSABIT AL-KHAIRY','000048500000','360','Biaya Registrasi','','00',NULL,NULL,'2019-09-01 10:51:59',NULL,NULL,114),('000000008049','7399042020000099','20190901105221','1','NISRINA RAFILAH ALTHAFUNNISA','000048500000','360','Biaya Registrasi','','00',NULL,NULL,'2019-09-01 10:52:21',NULL,NULL,115),('532763      ','7399042020000098','20190901105420','1','MUHAMMAD AZHAR HANAFI BAY','000048500000','360','Biaya Registrasi','','00',NULL,NULL,'2019-09-01 10:54:21',NULL,NULL,116),('863318      ','7399042020000115','20190901105518','1','WASMA NAYYARA FAADHILLAH','000048500000','360','Biaya Registrasi','','00',NULL,NULL,'2019-09-01 10:55:18',NULL,NULL,117),('533256      ','7399042020000098','20190901105550','1','MUHAMMAD AZHAR HANAFI BAY','000048500000','360','Biaya Registrasi','','00',NULL,NULL,'2019-09-01 10:55:56',NULL,NULL,118),('862915      ','7399042020000126','20190901105734','1','KHALISHAH SAFA AQILAH','000048500000','360','Biaya Registrasi','','00',NULL,NULL,'2019-09-01 10:57:41',NULL,NULL,119),('000000252680','7399042020000121','20190901105811','1','SULTAN PUTRA WIBOWO','000048500000','360','Biaya Registrasi','','00',NULL,NULL,'2019-09-01 10:58:11',NULL,NULL,120),('000000253122','7399042020000121','20190901105827','1','SULTAN PUTRA WIBOWO','000048500000','360','Biaya Registrasi','','00',NULL,NULL,'2019-09-01 10:58:28',NULL,NULL,121),('000029      ','7399042020000113','20190901105855','1','ELZA ROSE ERYANTO','000048500000','360','Biaya Registrasi','','00',NULL,NULL,'2019-09-01 10:58:55',NULL,NULL,122),('000000254964','7399042020000121','20190901105943','1','SULTAN PUTRA WIBOWO','000048500000','360','Biaya Registrasi','','00',NULL,NULL,'2019-09-01 10:59:43',NULL,NULL,123),('000000255329','7399042020000121','20190901105959','1','SULTAN PUTRA WIBOWO','000048500000','360','Biaya Registrasi','','00',NULL,NULL,'2019-09-01 11:00:00',NULL,NULL,124),('000000256649','7399042020000121','20190901110106','1','SULTAN PUTRA WIBOWO','000048500000','360','Biaya Registrasi','','00',NULL,NULL,'2019-09-01 11:01:06',NULL,NULL,125),('000000257501','7399042020000121','20190901110142','1','SULTAN PUTRA WIBOWO','000048500000','360','Biaya Registrasi','','00',NULL,NULL,'2019-09-01 11:01:42',NULL,NULL,126),('000000257826','7399042020000121','20190901110156','1','SULTAN PUTRA WIBOWO','000048500000','360','Biaya Registrasi','','00',NULL,NULL,'2019-09-01 11:01:56',NULL,NULL,127),('000000258131','7399042020000121','20190901110208','1','SULTAN PUTRA WIBOWO','000048500000','360','Biaya Registrasi','','00',NULL,NULL,'2019-09-01 11:02:18',NULL,NULL,128),('865733      ','7399042020000087','20190901110225','1','DZAKIYAH HASNA CITRAHAYI ANJAL','000048500000','360','Biaya Registrasi','','00',NULL,NULL,'2019-09-01 11:02:25',NULL,NULL,129),('000000117339','7399042020000132','20190901110323','2','NUFAIL ABDILLAH SHIDIQ','000048500000','360','Biaya Registrasi','','00',NULL,NULL,'2019-09-01 11:03:38',NULL,NULL,130),('000000117385','7399042020000130','20190901110345','2','MUHAMMAD DANISCH KURNIA','000048500000','360','Biaya Registrasi','','00',NULL,NULL,'2019-09-01 11:04:00',NULL,NULL,131),('000000261358','7399042020000121','20190901110422','1','SULTAN PUTRA WIBOWO','000048500000','360','Biaya Registrasi','','00',NULL,NULL,'2019-09-01 11:04:22',NULL,NULL,132),('000000261889','7399042020000121','20190901110442','1','SULTAN PUTRA WIBOWO','000048500000','360','Biaya Registrasi','','00',NULL,NULL,'2019-09-01 11:04:42',NULL,NULL,133),('000000262421','7399042020000121','20190901110500','1','SULTAN PUTRA WIBOWO','000048500000','360','Biaya Registrasi','','00',NULL,NULL,'2019-09-01 11:05:00',NULL,NULL,134),('005680      ','7399042020000123','20190901110543','1','FATHIYAH HASNA AQILAH NUGROHO','000048500000','360','Biaya Registrasi','','00',NULL,NULL,'2019-09-01 11:05:43',NULL,NULL,135),('000000264010','7399042020000121','20190901110603','1','SULTAN PUTRA WIBOWO','000048500000','360','Biaya Registrasi','','00',NULL,NULL,'2019-09-01 11:06:04',NULL,NULL,136),('000000264682','7399042020000121','20190901110630','1','SULTAN PUTRA WIBOWO','000048500000','360','Biaya Registrasi','','00',NULL,NULL,'2019-09-01 11:06:30',NULL,NULL,137),('000000265705','7399042020000135','20190901110715','1','HAKIM AKHTAR ALFARISY','000048500000','360','Biaya Registrasi','','00',NULL,NULL,'2019-09-01 11:07:15',NULL,NULL,138),('697233      ','7399042020000131','20190901110716','1','MUHAMMAD FATHAN AL MU\'TASHIM B','000048500000','360','Biaya Registrasi','','00',NULL,NULL,'2019-09-01 11:07:17',NULL,NULL,139),('000000265875','7399042020000135','20190901110721','1','HAKIM AKHTAR ALFARISY','000048500000','360','Biaya Registrasi','','00',NULL,NULL,'2019-09-01 11:07:22',NULL,NULL,140),('697258      ','7399042020000131','20190901110730','1','MUHAMMAD FATHAN AL MU\'TASHIM B','000048500000','360','Biaya Registrasi','','00',NULL,NULL,'2019-09-01 11:07:30',NULL,NULL,141),('000000266848','7399042020000135','20190901110803','1','HAKIM AKHTAR ALFARISY','000048500000','360','Biaya Registrasi','','00',NULL,NULL,'2019-09-01 11:08:04',NULL,NULL,142),('000000267294','7399042020000121','20190901110823','1','SULTAN PUTRA WIBOWO','000048500000','360','Biaya Registrasi','','00',NULL,NULL,'2019-09-01 11:08:23',NULL,NULL,143),('000000008058','7399042020000073','20190901110834','1','MUHAMMAD NABIEL KARIMA','000048500000','360','Biaya Registrasi','','00',NULL,NULL,'2019-09-01 11:08:41',NULL,NULL,144),('000288      ','7399042020000021','20190901110841','1','MUHAMAD NABHAN','000048500000','360','Biaya Registrasi','','00',NULL,NULL,'2019-09-01 11:08:42',NULL,NULL,145),('333509      ','7399042020000106','20190901111027','1','NAZWA RAHMA DANTI','000048500000','360','Biaya Registrasi','','00',NULL,NULL,'2019-09-01 11:09:47',NULL,NULL,146),('312306      ','7399042020000125','20190901111156','1','GHAITSA MUSFIRA','000048500000','360','Biaya Registrasi','','00',NULL,NULL,'2019-09-01 11:11:56',NULL,NULL,147),('469997924401','7399042020000076','20190901111145','2','ALISHA SALSABILA RAMADHANI','000048500000','360','Biaya Registrasi','','00',NULL,NULL,'2019-09-01 11:12:03',NULL,NULL,148),('470131924401','7399042020000117','20190901111230','2','MUHAMAD ZULFAN NAJMI','000048500000','360','Biaya Registrasi','','00',NULL,NULL,'2019-09-01 11:12:42',NULL,NULL,149),('206718102861','7399042020000015','20190901111242','1','SYAURAH AIRINE KAYYISAH','000048500000','360','Biaya Registrasi','','00',NULL,NULL,'2019-09-01 11:12:43',NULL,NULL,150),('000000273701','7399042020000121','20190901111254','1','SULTAN PUTRA WIBOWO','000048500000','360','Biaya Registrasi','','00',NULL,NULL,'2019-09-01 11:12:54',NULL,NULL,151),('000000273998','7399042020000121','20190901111307','1','SULTAN PUTRA WIBOWO','000048500000','360','Biaya Registrasi','','00',NULL,NULL,'2019-09-01 11:13:07',NULL,NULL,152),('000000003727','7399042020000096','20190901111312','1','DANISH RAYHAN HAKIM','000048500000','360','Biaya Registrasi','','00',NULL,NULL,'2019-09-01 11:13:12',NULL,NULL,153),('000000339123','7399042020000111','20190901110915','1','FACHRIZAL ARSHAD BAGUS','000048500000','360','Biaya Registrasi','','00',NULL,NULL,'2019-09-01 11:15:38',NULL,NULL,154),('009198      ','7399042020000077','20190901111626','1','GIAN RUI ALFARIZI HAMBER','000048500000','360','Biaya Registrasi','','00',NULL,NULL,'2019-09-01 11:16:26',NULL,NULL,155),('243004      ','7399042020000106','20190901111728','1','NAZWA RAHMA DANTI','000048500000','360','Biaya Registrasi','','00',NULL,NULL,'2019-09-01 11:16:47',NULL,NULL,156),('000317895259','7399042020000025','20190901111844','1','MUHAMMAD NAFIS ZAIDAN','000048500000','360','Biaya Registrasi','','00',NULL,NULL,'2019-09-01 11:18:52',NULL,NULL,157),('000317896613','7399042020000008','20190901112021','1','IBRAHIM ROBBANI','000048500000','360','Biaya Registrasi','','00',NULL,NULL,'2019-09-01 11:20:29',NULL,NULL,158),('859695      ','7399042020000147','20190901112034','1','KEISYA NUR MEIRA','000048500000','360','Biaya Registrasi','','00',NULL,NULL,'2019-09-01 11:20:35',NULL,NULL,159),('000000345932','7399042020000138','20190901112257','1','MUHAMMAD FARHAN AL GHIFARI','000048500000','360','Biaya Registrasi','','00',NULL,NULL,'2019-09-01 11:22:50',NULL,NULL,160),('000000288019','7399042020000150','20190901112302','1','NAURA ATANDRA DENAYA','000048500000','360','Biaya Registrasi','','00',NULL,NULL,'2019-09-01 11:23:03',NULL,NULL,161),('000000288231','7399042020000150','20190901112313','1','NAURA ATANDRA DENAYA','000048500000','360','Biaya Registrasi','','00',NULL,NULL,'2019-09-01 11:23:13',NULL,NULL,162),('000000119048','7399042020000129','20190901112325','2','NAJMA SHAFA KAMILA','000048500000','360','Biaya Registrasi','','00',NULL,NULL,'2019-09-01 11:23:41',NULL,NULL,163),('000000289343','7399042020000150','20190901112359','1','NAURA ATANDRA DENAYA','000048500000','360','Biaya Registrasi','','00',NULL,NULL,'2019-09-01 11:23:59',NULL,NULL,164),('000317899583','7399042020000079','20190901112410','1','SULTHAN RADHITYA MIRZA','000048500000','360','Biaya Registrasi','','00',NULL,NULL,'2019-09-01 11:24:18',NULL,NULL,165),('000000290193','7399042020000037','20190901112436','1','AFGHAN AULIATAMA TAUFAN ','000048500000','360','Biaya Registrasi','','00',NULL,NULL,'2019-09-01 11:24:36',NULL,NULL,166),('000000290285','7399042020000037','20190901112439','1','AFGHAN AULIATAMA TAUFAN ','000048500000','360','Biaya Registrasi','','00',NULL,NULL,'2019-09-01 11:24:40',NULL,NULL,167),('000000290596','7399042020000037','20190901112452','1','AFGHAN AULIATAMA TAUFAN ','000048500000','360','Biaya Registrasi','','00',NULL,NULL,'2019-09-01 11:24:52',NULL,NULL,168),('000000001144','7399042020000110','20190901112852','1','ZAYYINATUL KHOIRIYAH','000048500000','360','Biaya Registrasi','','00',NULL,NULL,'2019-09-01 11:26:04',NULL,NULL,169),('000000000155','7399042020000140','20190901113143','1','FATHIMAH AZ ZAHRA','000048500000','360','Biaya Registrasi','','00',NULL,NULL,'2019-09-01 11:28:29',NULL,NULL,170),('806389      ','7399042020000152','20190901112932','1','ZAHWA AQQILA','000048500000','360','Biaya Registrasi','','00',NULL,NULL,'2019-09-01 11:29:33',NULL,NULL,171),('313740      ','7399042020000152','20190901112955','1','ZAHWA AQQILA','000048500000','360','Biaya Registrasi','','00',NULL,NULL,'2019-09-01 11:29:56',NULL,NULL,172),('000000298479','7399042020000151','20190901113031','1','MOCHAMAD FAJRI TAUFIK PERDANA','000048500000','360','Biaya Registrasi','','00',NULL,NULL,'2019-09-01 11:30:32',NULL,NULL,173),('000000298657','7399042020000151','20190901113040','1','MOCHAMAD FAJRI TAUFIK PERDANA','000048500000','360','Biaya Registrasi','','00',NULL,NULL,'2019-09-01 11:30:40',NULL,NULL,174),('000000299227','7399042020000151','20190901113105','1','MOCHAMAD FAJRI TAUFIK PERDANA','000048500000','360','Biaya Registrasi','','00',NULL,NULL,'2019-09-01 11:31:10',NULL,NULL,175),('000000299458','7399042020000151','20190901113115','1','MOCHAMAD FAJRI TAUFIK PERDANA','000048500000','360','Biaya Registrasi','','00',NULL,NULL,'2019-09-01 11:31:15',NULL,NULL,176),('000000301825','7399042020000153','20190901113254','1','MUHAMMAD ZIDANE RIZKIQO','000048500000','360','Biaya Registrasi','','00',NULL,NULL,'2019-09-01 11:32:54',NULL,NULL,177),('000000301988','7399042020000153','20190901113301','1','MUHAMMAD ZIDANE RIZKIQO','000048500000','360','Biaya Registrasi','','00',NULL,NULL,'2019-09-01 11:33:01',NULL,NULL,178),('000000302744','7399042020000153','20190901113335','1','MUHAMMAD ZIDANE RIZKIQO','000048500000','360','Biaya Registrasi','','00',NULL,NULL,'2019-09-01 11:33:36',NULL,NULL,179),('000000304126','7399042020000160','20190901113435','1','NAJWA ALIFIA TAUFIQ','000048500000','360','Biaya Registrasi','','00',NULL,NULL,'2019-09-01 11:34:35',NULL,NULL,180),('000000304264','7399042020000160','20190901113441','1','NAJWA ALIFIA TAUFIQ','000048500000','360','Biaya Registrasi','','00',NULL,NULL,'2019-09-01 11:34:42',NULL,NULL,181),('000000305247','7399042020000160','20190901113525','1','NAJWA ALIFIA TAUFIQ','000048500000','360','Biaya Registrasi','','00',NULL,NULL,'2019-09-01 11:35:25',NULL,NULL,182),('546061      ','7399042020000161','20190901113550','1','MUHAMMAD HABIBIE PURNAMA','000048500000','360','Biaya Registrasi','','00',NULL,NULL,'2019-09-01 11:35:51',NULL,NULL,183),('885400      ','7399042020000159','20190901113652','1','GENDIS MAULIDA KAMIL','000048500000','360','Biaya Registrasi','','00',NULL,NULL,'2019-09-01 11:36:52',NULL,NULL,184),('000000120139','7399042020000167','20190901113649','2','KANAIA LARASATI SYAWA','000048500000','360','Biaya Registrasi','','00',NULL,NULL,'2019-09-01 11:37:05',NULL,NULL,185),('007104      ','7399042020000165','20190901113837','1','MUHAMMAD ALISYAHRAN DIDU','000048500000','360','Biaya Registrasi','','00',NULL,NULL,'2019-09-01 11:38:37',NULL,NULL,186),('006247      ','7399042020000154','20190901114122','1','PANJI ILHAM SUYATNO','000048500000','360','Biaya Registrasi','','00',NULL,NULL,'2019-09-01 11:42:28',NULL,NULL,187),('000000006009','7399042020000137','20190901114450','1','DWINA NIRMALASARI','000048500000','360','Biaya Registrasi','','00',NULL,NULL,'2019-09-01 11:44:51',NULL,NULL,188),('000000322531','7399042020000172','20190901114737','1','MUHAMMAD AZLA SANAYA TANDAWIDJ','000048500000','360','Biaya Registrasi','','00',NULL,NULL,'2019-09-01 11:47:37',NULL,NULL,189),('000000322626','7399042020000172','20190901114741','1','MUHAMMAD AZLA SANAYA TANDAWIDJ','000048500000','360','Biaya Registrasi','','00',NULL,NULL,'2019-09-01 11:47:42',NULL,NULL,190),('000000323333','7399042020000172','20190901114813','1','MUHAMMAD AZLA SANAYA TANDAWIDJ','000048500000','360','Biaya Registrasi','','00',NULL,NULL,'2019-09-01 11:48:13',NULL,NULL,191),('000000002931','7399042020000136','20190901115216','1','ATHIFA NATHANIA ELYSIA AZRA','000048500000','360','Biaya Registrasi','','00',NULL,NULL,'2019-09-01 11:52:16',NULL,NULL,192),('000317922172','7399042020000176','20190901115215','1','NASHIRAH RAHADATUL AISY','000048500000','360','Biaya Registrasi','','00',NULL,NULL,'2019-09-01 11:52:23',NULL,NULL,193),('000000000613','7399042020000163','20190901115321','1','AZRATUL SHINTA BERLIANTI','000048500000','360','Biaya Registrasi','','00',NULL,NULL,'2019-09-01 11:53:22',NULL,NULL,194),('206718493651','7399042020000178','20190901115433','1','IMAM TAUHID IBRAHIM AL AWWAB','000048500000','360','Biaya Registrasi','','00',NULL,NULL,'2019-09-01 11:54:33',NULL,NULL,195),('206718511883','7399042020000178','20190901115629','1','IMAM TAUHID IBRAHIM AL AWWAB','000048500000','360','Biaya Registrasi','','00',NULL,NULL,'2019-09-01 11:56:30',NULL,NULL,196),('892289      ','7399042020000157','20190901115750','1','GHANI ARFA KUSUMAH','000048500000','360','Biaya Registrasi','','00',NULL,NULL,'2019-09-01 11:57:50',NULL,NULL,197),('891630      ','7399042020000184','20190901115930','1','HEMALIA PUTRI SAKINAH RIDHANIF','000048500000','360','Biaya Registrasi','','00',NULL,NULL,'2019-09-01 11:59:30',NULL,NULL,198),('206718581832','7399042020000168','20190901120412','1','KAISAR AL FARABI','000048500000','360','Biaya Registrasi','','00',NULL,NULL,'2019-09-01 12:04:13',NULL,NULL,199),('000000001916','7399042020000118','20190901120457','1','AHMAD BARUNA MUFLIH SANJAYA','000048500000','360','Biaya Registrasi','','00',NULL,NULL,'2019-09-01 12:04:57',NULL,NULL,200),('000000347809','7399042020000162','20190901120618','1','ZAHRA TAZKIYATIN NAFSI','000048500000','360','Biaya Registrasi','','00',NULL,NULL,'2019-09-01 12:06:18',NULL,NULL,201),('000000348112','7399042020000162','20190901120631','1','ZAHRA TAZKIYATIN NAFSI','000048500000','360','Biaya Registrasi','','00',NULL,NULL,'2019-09-01 12:06:31',NULL,NULL,202),('000000348755','7399042020000162','20190901120658','1','ZAHRA TAZKIYATIN NAFSI','000048500000','360','Biaya Registrasi','','00',NULL,NULL,'2019-09-01 12:06:58',NULL,NULL,203),('000000001917','7399042020000118','20190901120715','1','AHMAD BARUNA MUFLIH SANJAYA','000048500000','360','Biaya Registrasi','','00',NULL,NULL,'2019-09-01 12:07:15',NULL,NULL,204),('895630      ','7399042020000183','20190901121131','1','NAURA MUFIDA KARIMA','000048500000','360','Biaya Registrasi','','00',NULL,NULL,'2019-09-01 12:11:32',NULL,NULL,205),('000000002266','7399042020000049','20190901121605','1','KEISYA NASYWA AZAELA','000048500000','360','Biaya Registrasi','','00',NULL,NULL,'2019-09-01 12:16:06',NULL,NULL,206),('000000123298','7399042020000173','20190901121710','2','MUHAMMAD ZAHID ASHSHIDQI','000048500000','360','Biaya Registrasi','','00',NULL,NULL,'2019-09-01 12:17:26',NULL,NULL,207),('000000123322','7399042020000193','20190901121729','2','MUHAMMAD DZAKY ALFARISY','000048500000','360','Biaya Registrasi','','00',NULL,NULL,'2019-09-01 12:17:43',NULL,NULL,208),('000000002268','7399042020000049','20190901121755','1','KEISYA NASYWA AZAELA','000048500000','360','Biaya Registrasi','','00',NULL,NULL,'2019-09-01 12:17:56',NULL,NULL,209),('000000363968','7399042020000197','20190901121826','1','CASEIRO BRAGA MUHAMMAD','000048500000','360','Biaya Registrasi','','00',NULL,NULL,'2019-09-01 12:18:26',NULL,NULL,210),('000000364114','7399042020000197','20190901121833','1','CASEIRO BRAGA MUHAMMAD','000048500000','360','Biaya Registrasi','','00',NULL,NULL,'2019-09-01 12:18:38',NULL,NULL,211),('000000004061','7399042020000158','20190901121846','1','SASKIA MULKI RAHMAWATI ','000048500000','360','Biaya Registrasi','','00',NULL,NULL,'2019-09-01 12:18:46',NULL,NULL,212),('000000364778','7399042020000197','20190901121902','1','CASEIRO BRAGA MUHAMMAD','000048500000','360','Biaya Registrasi','','00',NULL,NULL,'2019-09-01 12:19:03',NULL,NULL,213),('000000123620','7399042020000199','20190901122151','2','SHABRINA RAHMA FAUZIA','000048500000','360','Biaya Registrasi','','00',NULL,NULL,'2019-09-01 12:22:06',NULL,NULL,214),('206718745200','7399042020000168','20190901122209','1','KAISAR AL FARABI','000048500000','360','Biaya Registrasi','','00',NULL,NULL,'2019-09-01 12:22:10',NULL,NULL,215),('000002278851','7399042020000188','20190901122453','1','NASYWA HAURA','000048500000','360','Biaya Registrasi','','00',NULL,NULL,'2019-09-01 12:24:53',NULL,NULL,216),('000000375455','7399042020000142','20190901122712','1','RAFA MUHAMMAD KHALFANI','000048500000','360','Biaya Registrasi','','00',NULL,NULL,'2019-09-01 12:27:13',NULL,NULL,217),('000000375740','7399042020000142','20190901122726','1','RAFA MUHAMMAD KHALFANI','000048500000','360','Biaya Registrasi','','00',NULL,NULL,'2019-09-01 12:27:30',NULL,NULL,218),('000000005253','7399042020000061','20190901122759','1','LUTFAN DANISH PUTRA','000048500000','360','Biaya Registrasi','','00',NULL,NULL,'2019-09-01 12:28:00',NULL,NULL,219),('000000376702','7399042020000142','20190901122809','1','RAFA MUHAMMAD KHALFANI','000048500000','360','Biaya Registrasi','','00',NULL,NULL,'2019-09-01 12:28:09',NULL,NULL,220),('206718801733','7399042020000178','20190901122823','1','IMAM TAUHID IBRAHIM AL AWWAB','000048500000','360','Biaya Registrasi','','00',NULL,NULL,'2019-09-01 12:28:23',NULL,NULL,221),('712940      ','7399042020000203','20190901122915','1','AURELIA CALLYSTA SYAMEL','000048500000','360','Biaya Registrasi','','00',NULL,NULL,'2019-09-01 12:29:16',NULL,NULL,222),('000000379597','7399042020000204','20190901123017','1','ALYSSA MAHIRA AS\'AD','000048500000','360','Biaya Registrasi','','00',NULL,NULL,'2019-09-01 12:30:17',NULL,NULL,223),('000000379799','7399042020000204','20190901123025','1','ALYSSA MAHIRA AS\'AD','000048500000','360','Biaya Registrasi','','00',NULL,NULL,'2019-09-01 12:30:25',NULL,NULL,224),('000000380458','7399042020000204','20190901123055','1','ALYSSA MAHIRA AS\'AD','000048500000','360','Biaya Registrasi','','00',NULL,NULL,'2019-09-01 12:30:55',NULL,NULL,225),('910931      ','7399042020000201','20190901123134','1','NAURA FADHILA ANWAR','000048500000','360','Biaya Registrasi','','00',NULL,NULL,'2019-09-01 12:31:34',NULL,NULL,226),('903121      ','7399042020000191','20190901123438','1','RAIHAN RABBANI ATMAJAHKV','000048500000','360','Biaya Registrasi','','00',NULL,NULL,'2019-09-01 12:34:48',NULL,NULL,227),('903282      ','7399042020000207','20190901123632','1','GAMEL ALWAN AIMAN ','000048500000','360','Biaya Registrasi','','00',NULL,NULL,'2019-09-01 12:36:32',NULL,NULL,228),('000000391464','7399042020000211','20190901123907','1','BINAR AKAR REVOLUSI SUKMA','000048500000','360','Biaya Registrasi','','00',NULL,NULL,'2019-09-01 12:39:13',NULL,NULL,229),('000000391762','7399042020000211','20190901123920','1','BINAR AKAR REVOLUSI SUKMA','000048500000','360','Biaya Registrasi','','00',NULL,NULL,'2019-09-01 12:39:20',NULL,NULL,230),('000000392371','7399042020000211','20190901123948','1','BINAR AKAR REVOLUSI SUKMA','000048500000','360','Biaya Registrasi','','00',NULL,NULL,'2019-09-01 12:39:49',NULL,NULL,231),('000000000356','7399042020000067','20190901124020','1','NABILA ALIFIANA SYAHIDAH','000048500000','360','Biaya Registrasi','','00',NULL,NULL,'2019-09-01 12:40:20',NULL,NULL,232),('000000007894','7399042020000081','20190901124417','1','NIDA IZZATI QURRATA AINI','000048500000','360','Biaya Registrasi','','00',NULL,NULL,'2019-09-01 12:44:18',NULL,NULL,233),('916036      ','7399042020000208','20190901124637','1','ADITYA BAYU WISHNUTAMA','000048500000','360','Biaya Registrasi','','00',NULL,NULL,'2019-09-01 12:46:37',NULL,NULL,234),('917122      ','7399042020000213','20190901124903','1','MAHMUD SAJJID SAHAR','000048500000','360','Biaya Registrasi','','00',NULL,NULL,'2019-09-01 12:49:03',NULL,NULL,235),('904820      ','7399042020000114','20190901124953','1','ADLY RAIS KASWORO','000048500000','360','Biaya Registrasi','','00',NULL,NULL,'2019-09-01 12:49:53',NULL,NULL,236),('916250      ','7399042020000214','20190901125012','1','NAYYARA PUTRI ARAVANIA','000048500000','360','Biaya Registrasi','','00',NULL,NULL,'2019-09-01 12:50:12',NULL,NULL,237),('000000001852','7399042020000185','20190901125053','1','INDIRA AULYA RAHARJO','000048500000','360','Biaya Registrasi','','00',NULL,NULL,'2019-09-01 12:50:53',NULL,NULL,238),('000000001448','7399042020000105','20190901130236','1','EVAN ADIKAH PRATISTA','000048500000','360','Biaya Registrasi','','00',NULL,NULL,'2019-09-01 12:53:20',NULL,NULL,239),('206719058148','7399042020000219','20190901125723','1','SYAIRA MARSYA IKLIMA','000048500000','360','Biaya Registrasi','','00',NULL,NULL,'2019-09-01 12:57:24',NULL,NULL,240),('486449924401','7399042020000170','20190901130249','2','MUHAMAD FAUZAN MUBARAK','000048500000','360','Biaya Registrasi','','00',NULL,NULL,'2019-09-01 13:03:01',NULL,NULL,241),('000000001296','7399042020000174','20190901131400','1','CHANTIKA DIAN ANUGRAH','000048500000','360','Biaya Registrasi','','00',NULL,NULL,'2019-09-01 13:04:43',NULL,NULL,242),('322532      ','7399042020000218','20190901130603','1','MUHAMMAD FARRAS EL-GHAZY','000048500000','360','Biaya Registrasi','','00',NULL,NULL,'2019-09-01 13:06:03',NULL,NULL,243),('322679      ','7399042020000218','20190901130726','1','MUHAMMAD FARRAS EL-GHAZY','000048500000','360','Biaya Registrasi','','00',NULL,NULL,'2019-09-01 13:07:26',NULL,NULL,244),('000000000589','7399042020000222','20190901131343','1','AZKIA CHALLISTA ARSYA','000048500000','360','Biaya Registrasi','','00',NULL,NULL,'2019-09-01 13:13:44',NULL,NULL,245),('000000444509','7399042020000121','20190901131943','1','SULTAN PUTRA WIBOWO','000048500000','360','Biaya Registrasi','','00',NULL,NULL,'2019-09-01 13:19:44',NULL,NULL,246),('000317986652','7399042020000156','20190901132034','1','RR RAISSA NABILA ZURIANTYNU','000048500000','360','Biaya Registrasi','','00',NULL,NULL,'2019-09-01 13:20:42',NULL,NULL,247),('000000476892','7399042020000102','20190901131523','1','ANNISA AURELIA SATRIANI','000048500000','360','Biaya Registrasi','','00',NULL,NULL,'2019-09-01 13:21:45',NULL,NULL,248),('000000003895','7399042020000226','20190901133020','1','IVA NURFAIZAH','000048500000','360','Biaya Registrasi','','00',NULL,NULL,'2019-09-01 13:30:21',NULL,NULL,249),('006355      ','7399042020000217','20190901133105','1','NABILLA RIFA HARDIYANTI','000048500000','360','Biaya Registrasi','','00',NULL,NULL,'2019-09-01 13:31:05',NULL,NULL,250),('929807      ','7399042020000236','20190901133439','1','ATHAYA SALMA RINI','000048500000','360','Biaya Registrasi','','00',NULL,NULL,'2019-09-01 13:34:39',NULL,NULL,251),('002691      ','7399042020000196','20190901133459','1','FABIAN NUR TRIWICAKSONO','000048500000','360','Biaya Registrasi','','00',NULL,NULL,'2019-09-01 13:34:59',NULL,NULL,252),('003829      ','7399042020000232','20190901133727','1','NAIYIRA AZURA RAKHSANI','000048500000','360','Biaya Registrasi','','00',NULL,NULL,'2019-09-01 13:37:27',NULL,NULL,253),('000000001168','7399042020000227','20190901133921','1','NADIA MEYLA NURLOVEIA','000048500000','360','Biaya Registrasi','','00',NULL,NULL,'2019-09-01 13:38:22',NULL,NULL,254),('000000002195','7399042020000235','20190901133836','1','ADHWA ADHAIZA SUKMA','000048500000','360','Biaya Registrasi','','00',NULL,NULL,'2019-09-01 13:38:36',NULL,NULL,255),('725176      ','7399042020000228','20190901134012','1','MUHAMMAD TAUFIK RAHMAN','000048500000','360','Biaya Registrasi','','00',NULL,NULL,'2019-09-01 13:40:13',NULL,NULL,256),('935283      ','7399042020000237','20190901134312','1','TAHARA HAFITA NAZWA','000048500000','360','Biaya Registrasi','','00',NULL,NULL,'2019-09-01 13:43:12',NULL,NULL,257),('492977924401','7399042020000091','20190901134308','2','KHOLID FAQIHUDDIN ','000048500000','360','Biaya Registrasi','','00',NULL,NULL,'2019-09-01 13:43:20',NULL,NULL,258),('000000479483','7399042020000045','20190901133713','1','MUHAMMAD ZUHDI KAMIIL','000048500000','360','Biaya Registrasi','','00',NULL,NULL,'2019-09-01 13:43:36',NULL,NULL,259),('933731      ','7399042020000238','20190901134407','1','KENZIE MALIK AR FAHREZI','000048500000','360','Biaya Registrasi','','00',NULL,NULL,'2019-09-01 13:44:07',NULL,NULL,260),('000000479671','7399042020000045','20190901133852','1','MUHAMMAD ZUHDI KAMIIL','000048500000','360','Biaya Registrasi','','00',NULL,NULL,'2019-09-01 13:45:15',NULL,NULL,261),('493487924401','7399042020000057','20190901134716','2','KHANSA ZIYAGI NAILA AZMI','000048500000','360','Biaya Registrasi','','00',NULL,NULL,'2019-09-01 13:47:28',NULL,NULL,262),('727172      ','7399042020000245','20190901135052','1','FATIH NIVAND MAULANA','000048500000','360','Biaya Registrasi','','00',NULL,NULL,'2019-09-01 13:50:52',NULL,NULL,263),('000000131459','7399042020000243','20190901140110','2','AISYAH SHOFARANIA','000048500000','360','Biaya Registrasi','','00',NULL,NULL,'2019-09-01 14:01:26',NULL,NULL,264),('000000497981','7399042020000249','20190901140154','1','HUMAIRA NADIRA','000048500000','360','Biaya Registrasi','','00',NULL,NULL,'2019-09-01 14:01:55',NULL,NULL,265),('000000498101','7399042020000249','20190901140200','1','HUMAIRA NADIRA','000048500000','360','Biaya Registrasi','','00',NULL,NULL,'2019-09-01 14:02:00',NULL,NULL,266),('000000498551','7399042020000249','20190901140221','1','HUMAIRA NADIRA','000048500000','360','Biaya Registrasi','','00',NULL,NULL,'2019-09-01 14:02:21',NULL,NULL,267),('000000131909','7399042020000253','20190901140642','2','HAMAM NARDO KALMANI','000048500000','360','Biaya Registrasi','','00',NULL,NULL,'2019-09-01 14:06:57',NULL,NULL,268),('948495      ','7399042020000248','20190901141355','1','AYLA FAIRUZ ISKANDAR','000048500000','360','Biaya Registrasi','','00',NULL,NULL,'2019-09-01 14:13:55',NULL,NULL,269),('177383      ','7399042020000257','20190901141949','1','HANNIDA MARITZA DARMAWAN','000048500000','360','Biaya Registrasi','','00',NULL,NULL,'2019-09-01 14:19:50',NULL,NULL,270),('000000521169','7399042020000258','20190901142042','1','NAFILA AJRA SYAKIRA','000048500000','360','Biaya Registrasi','','00',NULL,NULL,'2019-09-01 14:20:42',NULL,NULL,271),('000000521533','7399042020000258','20190901142059','1','NAFILA AJRA SYAKIRA','000048500000','360','Biaya Registrasi','','00',NULL,NULL,'2019-09-01 14:21:00',NULL,NULL,272),('000000522159','7399042020000258','20190901142132','1','NAFILA AJRA SYAKIRA','000048500000','360','Biaya Registrasi','','00',NULL,NULL,'2019-09-01 14:21:33',NULL,NULL,273),('000000003812','7399042020000241','20190901142506','1','DAVIN AZKA PUTRA MORI ','000048500000','360','Biaya Registrasi','','00',NULL,NULL,'2019-09-01 14:25:06',NULL,NULL,274),('000000000642','7399042020000189','20190901142549','1','NAZWA VANIA ZULEIKA SOFYAN','000048500000','360','Biaya Registrasi','','00',NULL,NULL,'2019-09-01 14:25:50',NULL,NULL,275),('000000005837','7399042020000177','20190901142649','1','RAJNI AMELIA WIBOWO','000048500000','360','Biaya Registrasi','','00',NULL,NULL,'2019-09-01 14:26:49',NULL,NULL,276),('951668      ','7399042020000262','20190901142832','1','MUHAMMAD AKMAL LATHIF','000048500000','360','Biaya Registrasi','','00',NULL,NULL,'2019-09-01 14:28:32',NULL,NULL,277),('000000001186','7399042020000180','20190901143536','1','JODDY AHMAD FAHRIZAL ','000048500000','360','Biaya Registrasi','','00',NULL,NULL,'2019-09-01 14:35:12',NULL,NULL,278),('206719917524','7399042020000270','20190901144008','1','ALAINA ATWA AWALI HARAHAP','000048500000','360','Biaya Registrasi','','00',NULL,NULL,'2019-09-01 14:40:08',NULL,NULL,279),('668525      ','7399042020000269','20190901144024','1','GLADYS GRACIELLA','000048500000','360','Biaya Registrasi','','00',NULL,NULL,'2019-09-01 14:41:33',NULL,NULL,280),('668627      ','7399042020000269','20190901144229','1','GLADYS GRACIELLA','000048500000','360','Biaya Registrasi','','00',NULL,NULL,'2019-09-01 14:43:38',NULL,NULL,281),('954752      ','7399042020000225','20190901144519','1','RAINA ADRIENNE PUTRI ARIFIAWAN','000048500000','360','Biaya Registrasi','','00',NULL,NULL,'2019-09-01 14:45:19',NULL,NULL,282),('965655      ','7399042020000272','20190901145000','1','MUHAMMAD NAJMIL ALFARIDSI','000048500000','360','Biaya Registrasi','','00',NULL,NULL,'2019-09-01 14:50:00',NULL,NULL,283),('000318054209','7399042020000273','20190901145000','1','TSAMARA TAJUUNA AL FARIDI','000048500000','360','Biaya Registrasi','','00',NULL,NULL,'2019-09-01 14:50:08',NULL,NULL,284),('000000005459','7399042020000268','20190901145458','1','MUHAMMAD IMAM BACHTIAR','000048500000','360','Biaya Registrasi','','00',NULL,NULL,'2019-09-01 14:54:58',NULL,NULL,285),('000000009504','7399042020000252','20190901145941','1','SUFIANA RAMADHAN','000048500000','360','Biaya Registrasi','','00',NULL,NULL,'2019-09-01 14:59:41',NULL,NULL,286),('000000007016','7399042020000062','20190901150615','1','FATHIYAH MADINAH AKBAR','000048500000','360','Biaya Registrasi','','00',NULL,NULL,'2019-09-01 15:06:15',NULL,NULL,287),('000000440351','7399042020000254','20190901150000','1','FADHIL MUHAMAD ','000048500000','360','Biaya Registrasi','','00',NULL,NULL,'2019-09-01 15:06:23',NULL,NULL,288),('959891      ','7399042020000276','20190901150900','1','ISA MUHAMMAD ROSYID','000048500000','360','Biaya Registrasi','','00',NULL,NULL,'2019-09-01 15:09:00',NULL,NULL,289),('206720154807','7399042020000261','20190901150917','1','BILAL AKHAD YASAKHA','000048500000','360','Biaya Registrasi','','00',NULL,NULL,'2019-09-01 15:09:18',NULL,NULL,290),('206720163559','7399042020000261','20190901151024','1','BILAL AKHAD YASAKHA','000048500000','360','Biaya Registrasi','','00',NULL,NULL,'2019-09-01 15:10:24',NULL,NULL,291),('000000587771','7399042020000083','20190901151517','1','AZZAM PRAYATA ANDERI PERANGIN ','000048500000','360','Biaya Registrasi','','00',NULL,NULL,'2019-09-01 15:15:21',NULL,NULL,292),('000000587935','7399042020000083','20190901151525','1','AZZAM PRAYATA ANDERI PERANGIN ','000048500000','360','Biaya Registrasi','','00',NULL,NULL,'2019-09-01 15:15:25',NULL,NULL,293),('000000588433','7399042020000083','20190901151550','1','AZZAM PRAYATA ANDERI PERANGIN ','000048500000','360','Biaya Registrasi','','00',NULL,NULL,'2019-09-01 15:15:50',NULL,NULL,294),('000000602832','7399042020000280','20190901152733','1','AURELIA NUR ASYIFA PERMANA','000048500000','360','Biaya Registrasi','','00',NULL,NULL,'2019-09-01 15:27:33',NULL,NULL,295),('000000603142','7399042020000280','20190901152749','1','AURELIA NUR ASYIFA PERMANA','000048500000','360','Biaya Registrasi','','00',NULL,NULL,'2019-09-01 15:27:49',NULL,NULL,296),('000000603220','7399042020000019','20190901152753','1','KINAN SYAUQI RAHMAN','000048500000','360','Biaya Registrasi','','00',NULL,NULL,'2019-09-01 15:27:53',NULL,NULL,297),('000000603492','7399042020000019','20190901152810','1','KINAN SYAUQI RAHMAN','000048500000','360','Biaya Registrasi','','00',NULL,NULL,'2019-09-01 15:28:10',NULL,NULL,298),('000000603600','7399042020000280','20190901152815','1','AURELIA NUR ASYIFA PERMANA','000048500000','360','Biaya Registrasi','','00',NULL,NULL,'2019-09-01 15:28:15',NULL,NULL,299),('975267      ','7399042020000011','20190901153718','1','ABISALI FATIN','000048500000','360','Biaya Registrasi','','00',NULL,NULL,'2019-09-01 15:37:18',NULL,NULL,300),('000000006800','7399042020000284','20190901154712','1','NAHDYA ROSSA AZUMARISKA','000048500000','360','Biaya Registrasi','','00',NULL,NULL,'2019-09-01 15:47:13',NULL,NULL,301),('007644      ','7399042020000266','20190901155227','1','FATIMATUL NASYWA ADZKYA','000048500000','360','Biaya Registrasi','','00',NULL,NULL,'2019-09-01 15:52:27',NULL,NULL,302),('991364      ','7399042020000287','20190901155312','1','GHAIDA ATHFAH FATHINAH','000048500000','360','Biaya Registrasi','','00',NULL,NULL,'2019-09-01 15:53:12',NULL,NULL,303),('000000460449','7399042020000127','20190901154939','1','ARSAL AZKIA ASSHIDIQY','000048500000','360','Biaya Registrasi','','00',NULL,NULL,'2019-09-01 15:56:02',NULL,NULL,304),('000000005074','7399042020000012','20190901161307','1','FATIMAH AZKY AULIA','000048500000','360','Biaya Registrasi','','00',NULL,NULL,'2019-09-01 16:13:08',NULL,NULL,305),('000318116604','7399042020000293','20190901161433','1','RATU AQILLA FADHIL RAIDA THAFA','000048500000','360','Biaya Registrasi','','00',NULL,NULL,'2019-09-01 16:14:41',NULL,NULL,306),('000000005077','7399042020000031','20190901161531','1','IBRAHIM ZAKY AVICIENA','000048500000','360','Biaya Registrasi','','00',NULL,NULL,'2019-09-01 16:15:32',NULL,NULL,307),('502688      ','7399042020000030','20190901162053','1','DAFFA ARKANA RAHADHI','000048500000','360','Biaya Registrasi','','00',NULL,NULL,'2019-09-01 16:20:53',NULL,NULL,308),('765703      ','7399042020000248','20190901162207','1','AYLA FAIRUZ ISKANDAR','000048500000','360','Biaya Registrasi','','00',NULL,NULL,'2019-09-01 16:22:07',NULL,NULL,309),('503847      ','7399042020000030','20190901162313','1','DAFFA ARKANA RAHADHI','000048500000','360','Biaya Registrasi','','00',NULL,NULL,'2019-09-01 16:23:13',NULL,NULL,310),('004087      ','7399042020000074','20190901162653','1','MUHAMMAD PRIYA SABIAN','000048500000','360','Biaya Registrasi','','00',NULL,NULL,'2019-09-01 16:26:53',NULL,NULL,311),('000004794899','7399042020000295','20190901162754','1','FAUZAN ALGA PRATAMA ZARMAN','000048500000','360','Biaya Registrasi','','00',NULL,NULL,'2019-09-01 16:27:54',NULL,NULL,312),('000000008372','7399042020000223','20190901162826','1','AGHNA ANNAFI A\'LAUNA WAHYU ADI','000048500000','360','Biaya Registrasi','','00',NULL,NULL,'2019-09-01 16:28:26',NULL,NULL,313),('973403      ','7399042020000297','20190901163824','1','FARREL ADITIYA PUTRA','000048500000','360','Biaya Registrasi','','00',NULL,NULL,'2019-09-01 16:37:43',NULL,NULL,314),('000000404606','7399042020000299','20190901164405','1','NUR AISYAH','000048500000','360','Biaya Registrasi','','00',NULL,NULL,'2019-09-01 16:43:59',NULL,NULL,315),('000000144943','7399042020000302','20190901165253','2','ASTI ALYA ANGGRAINI','000048500000','360','Biaya Registrasi','','00',NULL,NULL,'2019-09-01 16:53:08',NULL,NULL,316),('000000008105','7399042020000289','20190901165634','1','DAFFA ADITYA MULYANA','000048500000','360','Biaya Registrasi','','00',NULL,NULL,'2019-09-01 16:56:34',NULL,NULL,317),('523267      ','7399042020000305','20190901170553','1','MUHAMMAD FAKHRI MAULANA HARAHA','000048500000','360','Biaya Registrasi','','00',NULL,NULL,'2019-09-01 17:05:53',NULL,NULL,318),('344262      ','7399042020000306','20190901171005','1','ALTHAFUNNISA PUTRIANEDJA','000048500000','360','Biaya Registrasi','','00',NULL,NULL,'2019-09-01 17:10:06',NULL,NULL,319),('643412      ','7399042020000309','20190901171216','1','REGAN BAARIGH MUHAMMAD KUSRON','000048500000','360','Biaya Registrasi','','00',NULL,NULL,'2019-09-01 17:12:16',NULL,NULL,320),('008872      ','7399042020000285','20190901171401','1','FAIZ ARRAFI','000048500000','360','Biaya Registrasi','','00',NULL,NULL,'2019-09-01 17:14:01',NULL,NULL,321),('775362      ','7399042020000311','20190901171605','1','AMIR FAISHAL SHIDDIQ','000048500000','360','Biaya Registrasi','','00',NULL,NULL,'2019-09-01 17:16:05',NULL,NULL,322),('000000000843','7399042020000119','20190901171849','1','KAYLA AZZAHRA','000048500000','360','Biaya Registrasi','','00',NULL,NULL,'2019-09-01 17:18:50',NULL,NULL,323),('499424      ','7399042020000308','20190901171916','1','RR. ANJANI MAULIDA RAHARJA','000048500000','360','Biaya Registrasi','','00',NULL,NULL,'2019-09-01 17:20:25',NULL,NULL,324),('000000003113','7399042020000016','20190901172936','1','FATHIR FAIRUZ RAMADHAN','000048500000','360','Biaya Registrasi','','00',NULL,NULL,'2019-09-01 17:29:36',NULL,NULL,325),('000000147990','7399042020000316','20190901172933','2','NAJMA HANIYA','000048500000','360','Biaya Registrasi','','00',NULL,NULL,'2019-09-01 17:29:49',NULL,NULL,326),('528760      ','7399042020000283','20190901173634','1','RAYNARA ADYAKSA PRIATNA','000048500000','360','Biaya Registrasi','','00',NULL,NULL,'2019-09-01 17:36:35',NULL,NULL,327),('000000007578','7399042020000065','20190901174042','1','AQILA HAMIDZAN RAHMAN ','000048500000','360','Biaya Registrasi','','00',NULL,NULL,'2019-09-01 17:40:43',NULL,NULL,328),('090100090976','7399042020000212','20190901174740','1','HANNA LAUDYTA SUKMA','000048500000','360','Biaya Registrasi','','00',NULL,NULL,'2019-09-01 17:47:41',NULL,NULL,329),('000000001435','7399042020000256','20190901175139','1','BRILYAN HIKMAT KURNIA','000048500000','360','Biaya Registrasi','','00',NULL,NULL,'2019-09-01 17:48:26',NULL,NULL,330),('000000782986','7399042020000319','20190901174947','1','SYIFA ARIANI FADLIKA PUTRI','000048500000','360','Biaya Registrasi','','00',NULL,NULL,'2019-09-01 17:49:47',NULL,NULL,331),('000000783346','7399042020000319','20190901175003','1','SYIFA ARIANI FADLIKA PUTRI','000048500000','360','Biaya Registrasi','','00',NULL,NULL,'2019-09-01 17:50:03',NULL,NULL,332),('000000784049','7399042020000319','20190901175034','1','SYIFA ARIANI FADLIKA PUTRI','000048500000','360','Biaya Registrasi','','00',NULL,NULL,'2019-09-01 17:50:34',NULL,NULL,333),('006253      ','7399042020000069','20190901175346','1','SHINTA SEKAR DINATA','000048500000','360','Biaya Registrasi','','00',NULL,NULL,'2019-09-01 17:53:46',NULL,NULL,334),('770710      ','7399042020000323','20190901181023','1','RIZKI YAZID ARIFIN','000048500000','360','Biaya Registrasi','','00',NULL,NULL,'2019-09-01 18:10:23',NULL,NULL,335),('000318222787','7399042020000324','20190901181918','1','SALMA AZZAHRA','000048500000','360','Biaya Registrasi','','00',NULL,NULL,'2019-09-01 18:19:26',NULL,NULL,336),('000000001402','7399042020000327','20190901183721','1','LISQI AURYLIA SAFIRA UCA','000048500000','360','Biaya Registrasi','','00',NULL,NULL,'2019-09-01 18:28:09',NULL,NULL,337),('000318229550','7399042020000322','20190901182817','1','MUHAMMAD FATHIN SULAIMAN','000048500000','360','Biaya Registrasi','','00',NULL,NULL,'2019-09-01 18:28:25',NULL,NULL,338),('000000842405','7399042020000171','20190901183322','1','NADA YAOMI FITRA','000048500000','360','Biaya Registrasi','','00',NULL,NULL,'2019-09-01 18:33:23',NULL,NULL,339),('000000842603','7399042020000205','20190901183330','1','LAUZA ARSYA HERFANI','000048500000','360','Biaya Registrasi','','00',NULL,NULL,'2019-09-01 18:33:30',NULL,NULL,340),('000000842867','7399042020000171','20190901183341','1','NADA YAOMI FITRA','000048500000','360','Biaya Registrasi','','00',NULL,NULL,'2019-09-01 18:33:41',NULL,NULL,341),('000000843103','7399042020000205','20190901183350','1','LAUZA ARSYA HERFANI','000048500000','360','Biaya Registrasi','','00',NULL,NULL,'2019-09-01 18:33:51',NULL,NULL,342),('000000843628','7399042020000171','20190901183412','1','NADA YAOMI FITRA','000048500000','360','Biaya Registrasi','','00',NULL,NULL,'2019-09-01 18:34:17',NULL,NULL,343),('000000844452','7399042020000205','20190901183449','1','LAUZA ARSYA HERFANI','000048500000','360','Biaya Registrasi','','00',NULL,NULL,'2019-09-01 18:34:49',NULL,NULL,344),('564880      ','7399042020000333','20190901185008','1','ARKOUN ALI FATIH','000048500000','360','Biaya Registrasi','','00',NULL,NULL,'2019-09-01 18:50:08',NULL,NULL,345),('000000868763','7399042020000195','20190901185043','1','ISFI NUR HASNA SYARIFAH','000048500000','360','Biaya Registrasi','','00',NULL,NULL,'2019-09-01 18:50:44',NULL,NULL,346),('000000869043','7399042020000195','20190901185053','1','ISFI NUR HASNA SYARIFAH','000048500000','360','Biaya Registrasi','','00',NULL,NULL,'2019-09-01 18:50:54',NULL,NULL,347),('793732      ','7399042020000337','20190901185054','1','MUHAMMAD AZMI ALFADHIL HAKIM','000048500000','360','Biaya Registrasi','','00',NULL,NULL,'2019-09-01 18:50:57',NULL,NULL,348),('000004942014','7399042020000336','20190901185121','1','SHAFFADILA MAHARANI','000048500000','360','Biaya Registrasi','','00',NULL,NULL,'2019-09-01 18:51:22',NULL,NULL,349),('000000870002','7399042020000195','20190901185131','1','ISFI NUR HASNA SYARIFAH','000048500000','360','Biaya Registrasi','','00',NULL,NULL,'2019-09-01 18:51:32',NULL,NULL,350),('543589924401','7399042020000056','20190901190311','2','FATHIYATUL JIHAD','000048500000','360','Biaya Registrasi','','00',NULL,NULL,'2019-09-01 19:03:24',NULL,NULL,351),('000000888871','7399042020000315','20190901190359','1','QANITA RAFEYFA FADLIYAH','000048500000','360','Biaya Registrasi','','00',NULL,NULL,'2019-09-01 19:03:59',NULL,NULL,352),('000000889160','7399042020000315','20190901190409','1','QANITA RAFEYFA FADLIYAH','000048500000','360','Biaya Registrasi','','00',NULL,NULL,'2019-09-01 19:04:10',NULL,NULL,353),('000000889990','7399042020000315','20190901190440','1','QANITA RAFEYFA FADLIYAH','000048500000','360','Biaya Registrasi','','00',NULL,NULL,'2019-09-01 19:04:40',NULL,NULL,354),('569600      ','7399042020000335','20190901190542','1','KHANSA KHAIRUNNISA','000048500000','360','Biaya Registrasi','','00',NULL,NULL,'2019-09-01 19:05:42',NULL,NULL,355),('000000009946','7399042020000296','20190901190813','1','KEISHA NAILATUL FATIHA','000048500000','360','Biaya Registrasi','','00',NULL,NULL,'2019-09-01 19:08:13',NULL,NULL,356),('000000008314','7399042020000318','20190901193356','1','VERINA LUTFIYAH','000048500000','360','Biaya Registrasi','','00',NULL,NULL,'2019-09-01 19:33:57',NULL,NULL,357),('000465      ','7399042020000277','20190901193828','1','AISYAH ALIFAH HARAHAP','000048500000','360','Biaya Registrasi','','00',NULL,NULL,'2019-09-01 19:38:29',NULL,NULL,358),('002337      ','7399042020000013','20190901193959','1','MUHAMMAD HASBI CHAIRUNNANDANA','000048500000','360','Biaya Registrasi','','00',NULL,NULL,'2019-09-01 19:39:59',NULL,NULL,359),('000000159192','7399042020000346','20190901194351','2','FAUZAN AMRU','000048500000','360','Biaya Registrasi','','00',NULL,NULL,'2019-09-01 19:44:06',NULL,NULL,360),('000000159513','7399042020000348','20190901194758','2','MUHAMMAD FATIH AL MASYRIQI','000048500000','360','Biaya Registrasi','','00',NULL,NULL,'2019-09-01 19:48:15',NULL,NULL,361),('037850      ','7399042020000349','20190901195051','1','HIRZI MUHAMMAD HAFIZ','000048500000','360','Biaya Registrasi','','00',NULL,NULL,'2019-09-01 19:50:10',NULL,NULL,362),('008347      ','7399042020000310','20190901195147','1','AULIA CITRA KUSUMA DEWI','000048500000','360','Biaya Registrasi','','00',NULL,NULL,'2019-09-01 19:51:47',NULL,NULL,363),('740372      ','7399042020000349','20190901195234','1','HIRZI MUHAMMAD HAFIZ','000048500000','360','Biaya Registrasi','','00',NULL,NULL,'2019-09-01 19:51:53',NULL,NULL,364),('000001305675','7399042020000350','20190901195438','1','KAUTSAR MUHAMMAD AL GHIFARI','000048500000','360','Biaya Registrasi','','00',NULL,NULL,'2019-09-01 19:54:39',NULL,NULL,365),('000000003914','7399042020000233','20190901195702','1','MUHAMAD LUTHFI NOVIAR','000048500000','360','Biaya Registrasi','','00',NULL,NULL,'2019-09-01 19:57:03',NULL,NULL,366),('849702      ','7399042020000300','20190901200415','1','FATTAH ATTALA AULIYA ADAM','000048500000','360','Biaya Registrasi','','00',NULL,NULL,'2019-09-01 20:04:15',NULL,NULL,367),('000005023700','7399042020000353','20190901200428','1','ANNISA SEPTI PRATIWI','000048500000','360','Biaya Registrasi','','00',NULL,NULL,'2019-09-01 20:04:28',NULL,NULL,368),('000000981740','7399042020000286','20190901200822','1','BALQIS ISMA NADHIFA','000048500000','360','Biaya Registrasi','','00',NULL,NULL,'2019-09-01 20:08:22',NULL,NULL,369),('000000982071','7399042020000286','20190901200836','1','BALQIS ISMA NADHIFA','000048500000','360','Biaya Registrasi','','00',NULL,NULL,'2019-09-01 20:08:36',NULL,NULL,370),('951330      ','7399042020000354','20190901200854','1','JIHAN NUR FAZILA','000048500000','360','Biaya Registrasi','','00',NULL,NULL,'2019-09-01 20:08:54',NULL,NULL,371),('000000008012','7399042020000344','20190901201440','1','MUHAMMAD ALIF AL FAQIH','000048500000','360','Biaya Registrasi','','00',NULL,NULL,'2019-09-01 20:14:40',NULL,NULL,372),('605367      ','7399042020000358','20190901201754','1','M. RAKHA AMEZKA PUTRA','000048500000','360','Biaya Registrasi','','00',NULL,NULL,'2019-09-01 20:17:55',NULL,NULL,373),('945592      ','7399042020000352','20190901202500','1','MUHAMMAD YUSUF ARGHANATA','000048500000','360','Biaya Registrasi','','00',NULL,NULL,'2019-09-01 20:29:27',NULL,NULL,374),('000000005790','7399042020000352','20190901203151','1','MUHAMMAD YUSUF ARGHANATA','000048500000','360','Biaya Registrasi','','00',NULL,NULL,'2019-09-01 20:31:52',NULL,NULL,375),('383433      ','7399042020000361','20190901203412','1','CALYA RAJWA HERSANTI','000048500000','360','Biaya Registrasi','','00',NULL,NULL,'2019-09-01 20:34:13',NULL,NULL,376),('383513      ','7399042020000361','20190901203653','1','CALYA RAJWA HERSANTI','000048500000','360','Biaya Registrasi','','00',NULL,NULL,'2019-09-01 20:36:53',NULL,NULL,377),('000000134266','7399042020000363','20190901204741','1','NAJWA ANNISA PUTRI WARDHANI','000048500000','360','Biaya Registrasi','','00',NULL,NULL,'2019-09-01 20:47:41',NULL,NULL,378),('000000134495','7399042020000363','20190901204751','1','NAJWA ANNISA PUTRI WARDHANI','000048500000','360','Biaya Registrasi','','00',NULL,NULL,'2019-09-01 20:47:52',NULL,NULL,379),('000000135410','7399042020000363','20190901204835','1','NAJWA ANNISA PUTRI WARDHANI','000048500000','360','Biaya Registrasi','','00',NULL,NULL,'2019-09-01 20:48:35',NULL,NULL,380),('000000003417','7399042020000339','20190901204844','1','SALWA ARSY NUGROHO','000048500000','360','Biaya Registrasi','','00',NULL,NULL,'2019-09-01 20:48:44',NULL,NULL,381),('003224      ','7399042020000294','20190901205105','1','AL ZHENA PASHA ADIANSYAH ','000048500000','360','Biaya Registrasi','','00',NULL,NULL,'2019-09-01 20:51:06',NULL,NULL,382),('000000008227','7399042020000362','20190901205347','1','NIKEISHA ANINDITA SALMA','000048500000','360','Biaya Registrasi','','00',NULL,NULL,'2019-09-01 20:53:47',NULL,NULL,383),('000000154671','7399042020000282','20190901210411','1','FASTINA DIANTI AZARINE ARIEF','000048500000','360','Biaya Registrasi','','00',NULL,NULL,'2019-09-01 21:04:12',NULL,NULL,384),('000000154967','7399042020000282','20190901210425','1','FASTINA DIANTI AZARINE ARIEF','000048500000','360','Biaya Registrasi','','00',NULL,NULL,'2019-09-01 21:04:26',NULL,NULL,385),('000000155506','7399042020000282','20190901210451','1','FASTINA DIANTI AZARINE ARIEF','000048500000','360','Biaya Registrasi','','00',NULL,NULL,'2019-09-01 21:04:51',NULL,NULL,386),('000318362325','7399042020000365','20190901210835','1','MUHAMMAD ARGY ALVARO GHAUZY','000048500000','360','Biaya Registrasi','','00',NULL,NULL,'2019-09-01 21:08:43',NULL,NULL,387),('624240      ','7399042020000368','20190901211619','1','GHINA NUR AISHA PUTRI','000048500000','360','Biaya Registrasi','','00',NULL,NULL,'2019-09-01 21:16:20',NULL,NULL,388),('000000008306','7399042020000364','20190901211931','1','RAISHA HANUN NAFIZA','000048500000','360','Biaya Registrasi','','00',NULL,NULL,'2019-09-01 21:19:31',NULL,NULL,389),('000000001498','7399042020000371','20190901214426','1','RAFIF FIRDAUS','000048500000','360','Biaya Registrasi','','00',NULL,NULL,'2019-09-01 21:41:37',NULL,NULL,390),('000000168988','7399042020000377','20190901215144','2','NAZHEEF GHAZWAN AFZALURRAHMAN','000048500000','360','Biaya Registrasi','','00',NULL,NULL,'2019-09-01 21:52:00',NULL,NULL,391),('643943      ','7399042020000210','20190901220005','1','FARRAH GHEA MELINDA','000048500000','360','Biaya Registrasi','','00',NULL,NULL,'2019-09-01 22:00:06',NULL,NULL,392),('656210      ','7399042020000357','20190901221816','1','NURUL HASNA AWABIN','000048500000','360','Biaya Registrasi','','00',NULL,NULL,'2019-09-01 22:18:16',NULL,NULL,393),('000000000389','7399042020000380','20190901225907','1','FAUZAN SHOBHI ELFADA','000048500000','360','Biaya Registrasi','','00',NULL,NULL,'2019-09-01 22:59:08',NULL,NULL,394),('000000649362','7399042020000383','20190902051041','1','HUDAYYA MALIKI JENDRA','000048500000','360','Biaya Registrasi','','00',NULL,NULL,'2019-09-02 05:10:34',NULL,NULL,395),('000318435181','7399042020000192','20190902051234','1','MUHAMMAD ATHAYA GHOZY AKBAR','000048500000','360','Biaya Registrasi','','00',NULL,NULL,'2019-09-02 05:12:35',NULL,NULL,396),('000000649707','7399042020000384','20190902051719','1','HUGA KALEA SILANO','000048500000','360','Biaya Registrasi','','00',NULL,NULL,'2019-09-02 05:17:13',NULL,NULL,397),('686905      ','7399042020000307','20190902052709','1','KEISHA KAMILA','000048500000','360','Biaya Registrasi','','00',NULL,NULL,'2019-09-02 05:27:10',NULL,NULL,398),('696822      ','7399042020000389','20190902055748','1','HAMMAM SATRIATAMA','000048500000','360','Biaya Registrasi','','00',NULL,NULL,'2019-09-02 05:57:48',NULL,NULL,399),('867058      ','7399042020000388','20190902060248','1','M FATHUR RAHMAN','000048500000','360','Biaya Registrasi','','00',NULL,NULL,'2019-09-02 06:02:49',NULL,NULL,400),('867082      ','7399042020000388','20190902060325','1','M FATHUR RAHMAN','000048500000','360','Biaya Registrasi','','00',NULL,NULL,'2019-09-02 06:03:26',NULL,NULL,401),('000000000249','7399042020000325','20190902061557','1','MUSYAFA ABDULLAH ARIFIN','000048500000','360','Biaya Registrasi','','00',NULL,NULL,'2019-09-02 06:13:09',NULL,NULL,402),('007449      ','7399042020000387','20190902063858','1','YUSUF GHAZI WAHYUDI','000048500000','360','Biaya Registrasi','','00',NULL,NULL,'2019-09-02 06:38:59',NULL,NULL,403),('000000000267','7399042020000303','20190902065334','1','DYLAN FAHRI KASMARA','000048500000','360','Biaya Registrasi','','00',NULL,NULL,'2019-09-02 06:50:46',NULL,NULL,404),('000000000272','7399042020000303','20190902070223','1','DYLAN FAHRI KASMARA','000048500000','360','Biaya Registrasi','','00',NULL,NULL,'2019-09-02 06:59:34',NULL,NULL,405),('000000183433','7399042020000396','20190902065937','2','PANDU MAHARDHIKA PROBOATMOJO','000048500000','360','Biaya Registrasi','','00',NULL,NULL,'2019-09-02 06:59:52',NULL,NULL,406),('206725477849','7399042020000347','20190902070409','1','ESTU PRAYOGI HARSOYO','000048500000','360','Biaya Registrasi','','00',NULL,NULL,'2019-09-02 07:04:10',NULL,NULL,407),('000000003306','7399042020000395','20190902072411','1','CARLEN SYAH PUTRA','000048500000','360','Biaya Registrasi','','00',NULL,NULL,'2019-09-02 07:24:11',NULL,NULL,408),('000000003308','7399042020000385','20190902072528','1','CARLIAN SYAH PUTRA','000048500000','360','Biaya Registrasi','','00',NULL,NULL,'2019-09-02 07:25:28',NULL,NULL,409),('000000437949','7399042020000400','20190902073439','1','KAYLA YURENT','000048500000','360','Biaya Registrasi','','00',NULL,NULL,'2019-09-02 07:34:40',NULL,NULL,410),('000000438111','7399042020000400','20190902073447','1','KAYLA YURENT','000048500000','360','Biaya Registrasi','','00',NULL,NULL,'2019-09-02 07:34:48',NULL,NULL,411),('000000438708','7399042020000400','20190902073516','1','KAYLA YURENT','000048500000','360','Biaya Registrasi','','00',NULL,NULL,'2019-09-02 07:35:17',NULL,NULL,412),('000000000299','7399042020000084','20190902074359','1','MUHAMMAD ILHAM ASHSHIDDIQ','000048500000','360','Biaya Registrasi','','00',NULL,NULL,'2019-09-02 07:41:10',NULL,NULL,413),('726695      ','7399042020000267','20190902074715','1','ANNISA SYAHLAHAFIZHA','000048500000','360','Biaya Registrasi','','00',NULL,NULL,'2019-09-02 07:47:16',NULL,NULL,414),('000000008460','7399042020000398','20190902074959','1','MAZAYA PRASETYO','000048500000','360','Biaya Registrasi','','00',NULL,NULL,'2019-09-02 07:49:59',NULL,NULL,415),('000000188655','7399042020000405','20190902075247','2','HANNA ZAKIA','000048500000','360','Biaya Registrasi','','00',NULL,NULL,'2019-09-02 07:53:04',NULL,NULL,416),('000000004902','7399042020000402','20190902075432','1','NARGIS AQILAH','000048500000','360','Biaya Registrasi','','00',NULL,NULL,'2019-09-02 07:54:33',NULL,NULL,417),('000000189788','7399042020000406','20190902080238','2','HASNAN ZAKY','000048500000','360','Biaya Registrasi','','00',NULL,NULL,'2019-09-02 08:02:53',NULL,NULL,418),('000000480925','7399042020000103','20190902080605','1','FALISHA ALMA PARAMESWARI','000048500000','360','Biaya Registrasi','','00',NULL,NULL,'2019-09-02 08:06:05',NULL,NULL,419),('000000481053','7399042020000103','20190902080610','1','FALISHA ALMA PARAMESWARI','000048500000','360','Biaya Registrasi','','00',NULL,NULL,'2019-09-02 08:06:11',NULL,NULL,420),('000000481776','7399042020000103','20190902080638','1','FALISHA ALMA PARAMESWARI','000048500000','360','Biaya Registrasi','','00',NULL,NULL,'2019-09-02 08:06:40',NULL,NULL,421),('000000190342','7399042020000320','20190902080646','2','AQEELA JAWDA JAZIBIYA','000048500000','360','Biaya Registrasi','','00',NULL,NULL,'2019-09-02 08:07:03',NULL,NULL,422),('000000002409','7399042020000410','20190902082035','1','JAUZA HASRI AWALIA','000048500000','360','Biaya Registrasi','','00',NULL,NULL,'2019-09-02 08:20:35',NULL,NULL,423),('000000004212','7399042020000286','20190902083341','1','BALQIS ISMA NADHIFA','000048500000','360','Biaya Registrasi','','00',NULL,NULL,'2019-09-02 08:33:41',NULL,NULL,424),('848487      ','7399042020000416','20190902083438','1','MUHAMMAD DAFFA TAJRIANSYAH','000048500000','360','Biaya Registrasi','','00',NULL,NULL,'2019-09-02 08:34:39',NULL,NULL,425),('000000530243','7399042020000417','20190902083510','1','MALIQ MUHAMMAD MANAF','000048500000','360','Biaya Registrasi','','00',NULL,NULL,'2019-09-02 08:35:10',NULL,NULL,426),('000000530505','7399042020000417','20190902083519','1','MALIQ MUHAMMAD MANAF','000048500000','360','Biaya Registrasi','','00',NULL,NULL,'2019-09-02 08:35:19',NULL,NULL,427),('000000532332','7399042020000417','20190902083614','1','MALIQ MUHAMMAD MANAF','000048500000','360','Biaya Registrasi','','00',NULL,NULL,'2019-09-02 08:36:15',NULL,NULL,428),('000000194918','7399042020000145','20190902083858','2','ATH THARIQ SINATHRYO WICAKSONO','000048500000','360','Biaya Registrasi','','00',NULL,NULL,'2019-09-02 08:39:16',NULL,NULL,429),('000000538382','7399042020000420','20190902083927','1','AVISENNA AKBAR ALFAJRI','000048500000','360','Biaya Registrasi','','00',NULL,NULL,'2019-09-02 08:39:29',NULL,NULL,430),('000000538605','7399042020000420','20190902083934','1','AVISENNA AKBAR ALFAJRI','000048500000','360','Biaya Registrasi','','00',NULL,NULL,'2019-09-02 08:39:35',NULL,NULL,431),('000000539164','7399042020000420','20190902083953','1','AVISENNA AKBAR ALFAJRI','000048500000','360','Biaya Registrasi','','00',NULL,NULL,'2019-09-02 08:39:54',NULL,NULL,432),('083702000663','7399042020000325','20190902083702','2','MUSYAFA ABDULLAH ARIFIN','000048500000','360','Biaya Registrasi','','00',NULL,NULL,'2019-09-02 08:41:56',NULL,NULL,433),('130005      ','7399042020000200','20190902084241','1','RAISHA SABRINA AZ-ZAHRA','000048500000','360','Biaya Registrasi','','00',NULL,NULL,'2019-09-02 08:42:00',NULL,NULL,434),('000000886748','7399042020000342','20190902084728','1','NAJMA LAILA ADHA','000048500000','360','Biaya Registrasi','','00',NULL,NULL,'2019-09-02 08:47:47',NULL,NULL,435),('000000887057','7399042020000342','20190902084807','1','NAJMA LAILA ADHA','000048500000','360','Biaya Registrasi','','00',NULL,NULL,'2019-09-02 08:48:23',NULL,NULL,436),('777356      ','7399042020000423','20190902085233','1','NARISWARI JAUZA MARITZA','000048500000','360','Biaya Registrasi','','00',NULL,NULL,'2019-09-02 08:52:33',NULL,NULL,437),('084812000913','7399042020000221','20190902084812','2','ATHALA PUTRI KAYLA GHANI.','000048500000','360','Biaya Registrasi','','00',NULL,NULL,'2019-09-02 08:53:06',NULL,NULL,438),('000000008076','7399042020000034','20190902085351','1','AFFAN THORIQ GUNARFA','000048500000','360','Biaya Registrasi','','00',NULL,NULL,'2019-09-02 08:57:26',NULL,NULL,439),('085838001141','7399042020000360','20190902085838','2','KHALILAH ALIFTHA RINANDI','000048500000','360','Biaya Registrasi','','00',NULL,NULL,'2019-09-02 09:03:32',NULL,NULL,440),('000000002207','7399042020000408','20190902090945','1','DEFACHRI BAGJA ZEIN','000048500000','360','Biaya Registrasi','','00',NULL,NULL,'2019-09-02 09:09:48',NULL,NULL,441),('091037001414','7399042020000331','20190902091037','2','AKHTAR GAUTS ABQORI','000048500000','360','Biaya Registrasi','','00',NULL,NULL,'2019-09-02 09:15:36',NULL,NULL,442),('617139924501','7399042020000421','20190902091636','2','SANIYYAH IMTIYAAZ','000048500000','360','Biaya Registrasi','','00',NULL,NULL,'2019-09-02 09:16:48',NULL,NULL,443),('091516001568','7399042020000331','20190902091516','2','AKHTAR GAUTS ABQORI','000048500000','360','Biaya Registrasi','','00',NULL,NULL,'2019-09-02 09:20:11',NULL,NULL,444),('000000620124','7399042020000431','20190902092057','1','AKSARA NITI WACANA SUKMA','000048500000','360','Biaya Registrasi','','00',NULL,NULL,'2019-09-02 09:20:58',NULL,NULL,445),('618470924501','7399042020000426','20190902092049','2','ALYA ZAHRA PRADITA','000048500000','360','Biaya Registrasi','','00',NULL,NULL,'2019-09-02 09:21:02',NULL,NULL,446),('000000620305','7399042020000431','20190902092103','1','AKSARA NITI WACANA SUKMA','000048500000','360','Biaya Registrasi','','00',NULL,NULL,'2019-09-02 09:21:04',NULL,NULL,447),('000000620896','7399042020000431','20190902092120','1','AKSARA NITI WACANA SUKMA','000048500000','360','Biaya Registrasi','','00',NULL,NULL,'2019-09-02 09:21:21',NULL,NULL,448),('002525      ','7399042020000281','20190902092129','1','MUHAMMAD ATHALLAH HOLDEN','000048500000','360','Biaya Registrasi','','00',NULL,NULL,'2019-09-02 09:21:30',NULL,NULL,449),('005213      ','7399042020000281','20190902092626','1','MUHAMMAD ATHALLAH HOLDEN','000048500000','360','Biaya Registrasi','','00',NULL,NULL,'2019-09-02 09:26:27',NULL,NULL,450),('807097      ','7399042019000628','20190902092929','1','','','','','','15',NULL,NULL,'2019-09-02 09:29:33',NULL,NULL,451),('806226      ','7399042019000628','20190902092938','1','','','','','','15',NULL,NULL,'2019-09-02 09:29:38',NULL,NULL,452),('804631      ','7399042019000628','20190902092947','1','','','','','','15',NULL,NULL,'2019-09-02 09:29:48',NULL,NULL,453),('788860      ','7399042019000628','20190902093006','1','','','','','','15',NULL,NULL,'2019-09-02 09:30:09',NULL,NULL,454),('804709      ','7399042019000628','20190902093028','1','','','','','','15',NULL,NULL,'2019-09-02 09:30:30',NULL,NULL,455),('789321      ','7399042019000628','20190902093131','1','','','','','','15',NULL,NULL,'2019-09-02 09:31:31',NULL,NULL,456),('789341      ','7399042019000628','20190902093140','1','','','','','','15',NULL,NULL,'2019-09-02 09:31:41',NULL,NULL,457),('807527      ','7399042019000628','20190902093338','1','','','','','','15',NULL,NULL,'2019-09-02 09:33:39',NULL,NULL,458),('810313      ','7399042019000628','20190902093359','1','','','','','','15',NULL,NULL,'2019-09-02 09:33:59',NULL,NULL,459),('000000000751','7399042020000334','20190902093908','1','JAISYIA NAF\'AN DINA KHAERANI','000048500000','360','Biaya Registrasi','','00',NULL,NULL,'2019-09-02 09:39:10',NULL,NULL,460),('000000881596','7399042020000433','20190902094451','1','AZZAHRA ARIFIANI','000048500000','360','Biaya Registrasi','','00',NULL,NULL,'2019-09-02 09:41:07',NULL,NULL,461),('000000882412','7399042020000433','20190902094633','1','AZZAHRA ARIFIANI','000048500000','360','Biaya Registrasi','','00',NULL,NULL,'2019-09-02 09:42:48',NULL,NULL,462),('000000793105','7399042020000411','20190902094511','1','DHYWA ALIFIA SALSABILA ISKANDA','000048500000','360','Biaya Registrasi','','00',NULL,NULL,'2019-09-02 09:51:35',NULL,NULL,463),('000000686933','7399042020000435','20190902095151','1','ZAHRA PUTRI SUBEKTI','000048500000','360','Biaya Registrasi','','00',NULL,NULL,'2019-09-02 09:51:52',NULL,NULL,464),('000000687176','7399042020000435','20190902095158','1','ZAHRA PUTRI SUBEKTI','000048500000','360','Biaya Registrasi','','00',NULL,NULL,'2019-09-02 09:51:59',NULL,NULL,465),('033878      ','7399042020000434','20190902095208','1','ERINA ARISTAWIDYA KARSONO','000048500000','360','Biaya Registrasi','','00',NULL,NULL,'2019-09-02 09:52:10',NULL,NULL,466),('874570      ','7399042020000434','20190902095317','1','ERINA ARISTAWIDYA KARSONO','000048500000','360','Biaya Registrasi','','00',NULL,NULL,'2019-09-02 09:53:18',NULL,NULL,467),('000000690553','7399042020000435','20190902095327','1','ZAHRA PUTRI SUBEKTI','000048500000','360','Biaya Registrasi','','00',NULL,NULL,'2019-09-02 09:53:30',NULL,NULL,468),('817818      ','7399042020000437','20190902100109','1','AKHTAR HILMY RAMADHAN','000048500000','360','Biaya Registrasi','','00',NULL,NULL,'2019-09-02 10:01:10',NULL,NULL,469),('000000001638','7399042020000437','20190902100917','1','AKHTAR HILMY RAMADHAN','000048500000','360','Biaya Registrasi','','00',NULL,NULL,'2019-09-02 10:09:18',NULL,NULL,470),('000391154980','7399042020000439','20190902101321','1','AULIA ABDURRAHMAN','000048500000','360','Biaya Registrasi','','00',NULL,NULL,'2019-09-02 10:13:22',NULL,NULL,471),('000005522029','7399042020000441','20190902101423','1','NAJWA KHAIRUNNISA','000048500000','360','Biaya Registrasi','','00',NULL,NULL,'2019-09-02 10:14:24',NULL,NULL,472),('225478      ','7399042020000442','20190902101512','1','RAFERIDHO RAAFI AVIANTO','000048500000','360','Biaya Registrasi','','00',NULL,NULL,'2019-09-02 10:15:13',NULL,NULL,473),('000000000289','7399042020000058','20190902102427','1','HASAN HANDOKO','000048500000','360','Biaya Registrasi','','00',NULL,NULL,'2019-09-02 10:21:39',NULL,NULL,474),('000000766318','7399042020000328','20190902102706','1','NAMIRA AZ-ZAHRA','000048500000','360','Biaya Registrasi','','00',NULL,NULL,'2019-09-02 10:27:07',NULL,NULL,475),('000000766861','7399042020000328','20190902102720','1','NAMIRA AZ-ZAHRA','000048500000','360','Biaya Registrasi','','00',NULL,NULL,'2019-09-02 10:27:21',NULL,NULL,476),('000000767553','7399042020000328','20190902102738','1','NAMIRA AZ-ZAHRA','000048500000','360','Biaya Registrasi','','00',NULL,NULL,'2019-09-02 10:27:40',NULL,NULL,477),('001775      ','7399042020000445','20190902103532','1','AHMAD KHAIRUL HUDA','000048500000','360','Biaya Registrasi','','00',NULL,NULL,'2019-09-02 10:35:32',NULL,NULL,478),('000722542378','7399042020000442','20190902110113','1','RAFERIDHO RAAFI AVIANTO','000048500000','360','Biaya Registrasi','','00',NULL,NULL,'2019-09-02 11:01:13',NULL,NULL,479),('000000002123','7399042020000255','20190902111422','1','MUHAMAD FABIAN DANENDRA FADLUR','000048500000','360','Biaya Registrasi','','00',NULL,NULL,'2019-09-02 11:05:04',NULL,NULL,480),('408683      ','7399042020000275','20190902110633','1','AISYAH SHAFIYA KHAIRUNNISA','000048500000','360','Biaya Registrasi','','00',NULL,NULL,'2019-09-02 11:06:35',NULL,NULL,481),('111327005791','7399042020000228','20190902111327','2','MUHAMMAD TAUFIK RAHMAN','000048500000','360','Biaya Registrasi','','00',NULL,NULL,'2019-09-02 11:18:21',NULL,NULL,482),('888452      ','7399042020000452','20190902112023','1','RIFDA ZAHIYA SYARIFAH','000048500000','360','Biaya Registrasi','','00',NULL,NULL,'2019-09-02 11:20:23',NULL,NULL,483),('899493      ','7399042020000452','20190902112054','1','RIFDA ZAHIYA SYARIFAH','000048500000','360','Biaya Registrasi','','00',NULL,NULL,'2019-09-02 11:20:55',NULL,NULL,484),('889356      ','7399042020000457','20190902112727','1','ANANDITHA NAJMI SOEMANTRI','000048500000','360','Biaya Registrasi','','00',NULL,NULL,'2019-09-02 11:27:28',NULL,NULL,485),('112909006243','7399042020000355','20190902112909','2','RAISA KHAIRUNNISA','000048500000','360','Biaya Registrasi','','00',NULL,NULL,'2019-09-02 11:34:03',NULL,NULL,486),('184524      ','7399042020000224','20190902113400','1','BRILYAN HIKMAT KURNIA','000048500000','360','Biaya Registrasi','','00',NULL,NULL,'2019-09-02 11:34:21',NULL,NULL,487),('660120924501','7399042020000460','20190902114609','2','NUNAZZILU SYIFA RAHMA ','000048500000','360','Biaya Registrasi','','00',NULL,NULL,'2019-09-02 11:46:22',NULL,NULL,488),('660652924501','7399042020000460','20190902114750','2','NUNAZZILU SYIFA RAHMA ','000048500000','360','Biaya Registrasi','','00',NULL,NULL,'2019-09-02 11:48:04',NULL,NULL,489),('000824      ','7399042020000422','20190902115228','1','ANINDYA NURA AFLAHA','000048500000','360','Biaya Registrasi','','00',NULL,NULL,'2019-09-02 11:52:29',NULL,NULL,490),('000000009683','7399042020000461','20190902115724','1','SYARIFA VALYA DANIEN','000048500000','360','Biaya Registrasi','','00',NULL,NULL,'2019-09-02 11:57:24',NULL,NULL,491),('009932      ','7399042020000424','20190902115802','1','MUHAMMAD RAFIE HABIBI FAUZI','000048500000','360','Biaya Registrasi','','00',NULL,NULL,'2019-09-02 11:58:03',NULL,NULL,492),('933935      ','7399042020000146','20190902120105','1','LAUZA AMRU KASYAFA','000048500000','360','Biaya Registrasi','','00',NULL,NULL,'2019-09-02 12:01:05',NULL,NULL,493),('005987      ','7399042020000314','20190902120720','1','KHANSA AL TSAABITAH','000048500000','360','Biaya Registrasi','','00',NULL,NULL,'2019-09-02 12:07:21',NULL,NULL,494),('852584      ','7399042020000463','20190902120936','1','NAILAH FITHRI PAUZIYYAH','000048500000','360','Biaya Registrasi','','00',NULL,NULL,'2019-09-02 12:09:37',NULL,NULL,495),('120601007130','7399042020000401','20190902120601','2','MUHAMMAD ZAIDAN NUR ALFARIZY','000048500000','360','Biaya Registrasi','','00',NULL,NULL,'2019-09-02 12:10:55',NULL,NULL,496),('000000140542','7399042020000394','20190902123101','1','MUHAMMAD ZILDAN AL-FIRASYAH','000048500000','360','Biaya Registrasi','','00',NULL,NULL,'2019-09-02 12:31:02',NULL,NULL,497),('000000140798','7399042020000394','20190902123108','1','MUHAMMAD ZILDAN AL-FIRASYAH','000048500000','360','Biaya Registrasi','','00',NULL,NULL,'2019-09-02 12:31:09',NULL,NULL,498),('000000141842','7399042020000394','20190902123138','1','MUHAMMAD ZILDAN AL-FIRASYAH','000048500000','360','Biaya Registrasi','','00',NULL,NULL,'2019-09-02 12:31:39',NULL,NULL,499),('005348      ','7399042020000198','20190902123944','1','MUHAMMAD RAMZY AL GHASSANI YUV','000048500000','360','Biaya Registrasi','','00',NULL,NULL,'2019-09-02 12:39:45',NULL,NULL,500),('000000006718','7399042020000124','20190902125014','1','HAMMAAM ALFATTA ARYAWAN ','000048500000','360','Biaya Registrasi','','00',NULL,NULL,'2019-09-02 12:50:15',NULL,NULL,501),('743902      ','7399042020000468','20190902130002','1','SHAHNAZ SYIFA RAYYA IZZARA','000048500000','360','Biaya Registrasi','','00',NULL,NULL,'2019-09-02 13:02:10',NULL,NULL,502),('130320008038','7399042020000436','20190902130320','2','WILDAN JANITRA RAMADHAN','000048500000','360','Biaya Registrasi','','00',NULL,NULL,'2019-09-02 13:08:14',NULL,NULL,503),('130340008045','7399042020000436','20190902130340','2','WILDAN JANITRA RAMADHAN','000048500000','360','Biaya Registrasi','','00',NULL,NULL,'2019-09-02 13:08:34',NULL,NULL,504),('000000055189','7399042020000464','20190902130527','1','AULIA AZZAHRA KUSMANA','000048500000','360','Biaya Registrasi','','00',NULL,NULL,'2019-09-02 13:11:51',NULL,NULL,505),('131403008267','7399042020000373','20190902131403','2','KHANSA KHAIRY DILAWAR','000048500000','360','Biaya Registrasi','','00',NULL,NULL,'2019-09-02 13:18:58',NULL,NULL,506),('000000253110','7399042020000473','20190902133809','1','RASENDRIYA AHMAD SAFI PAMBUDI','000048500000','360','Biaya Registrasi','','00',NULL,NULL,'2019-09-02 13:38:10',NULL,NULL,507),('000000002233','7399042020000450','20190902135824','1','RAFI NUR ILHAM AKBAR WARDAYA','000048500000','360','Biaya Registrasi','','00',NULL,NULL,'2019-09-02 13:49:07',NULL,NULL,508),('135351009463','7399042020000100','20190902135351','2','CARISSA SALSABILA SUGILAR PUTR','000048500000','360','Biaya Registrasi','','00',NULL,NULL,'2019-09-02 13:58:46',NULL,NULL,509),('135550009506','7399042020000338','20190902135550','2','ILHAM BASHTHOTAN','000048500000','360','Biaya Registrasi','','00',NULL,NULL,'2019-09-02 14:00:44',NULL,NULL,510),('000000335012','7399042020000476','20190902140302','1','ATHALLAH KHALIFAH PUTRA ALMASI','000048500000','360','Biaya Registrasi','','00',NULL,NULL,'2019-09-02 14:03:03',NULL,NULL,511),('000000335379','7399042020000476','20190902140312','1','ATHALLAH KHALIFAH PUTRA ALMASI','000048500000','360','Biaya Registrasi','','00',NULL,NULL,'2019-09-02 14:03:13',NULL,NULL,512),('000000336538','7399042020000476','20190902140342','1','ATHALLAH KHALIFAH PUTRA ALMASI','000048500000','360','Biaya Registrasi','','00',NULL,NULL,'2019-09-02 14:03:43',NULL,NULL,513),('000000249760','7399042020000478','20190902141029','2','BINTANG RASYA PRASOJO','000048500000','360','Biaya Registrasi','','00',NULL,NULL,'2019-09-02 14:10:46',NULL,NULL,514),('527386      ','7399042020000194','20190902141211','1','FATHIYA YESHA PARADILA','000048500000','360','Biaya Registrasi','','00',NULL,NULL,'2019-09-02 14:12:12',NULL,NULL,515),('141015009977','7399042020000425','20190902141015','2','ATHAURRAHMAN DZAKY WATTIHELUW','000048500000','360','Biaya Registrasi','','00',NULL,NULL,'2019-09-02 14:15:10',NULL,NULL,516),('064952      ','7399042020000480','20190902141728','1','HANIFA SYAHIRA','000048500000','360','Biaya Registrasi','','00',NULL,NULL,'2019-09-02 14:16:48',NULL,NULL,517),('529722      ','7399042020000462','20190902141842','1','DIMAS KEVIN JALALLUDDIN ARSAT','000048500000','360','Biaya Registrasi','','00',NULL,NULL,'2019-09-02 14:18:43',NULL,NULL,518),('000000005070','7399042020000469','20190902142334','1','FAZRYANI INDAH PRAMESTI ','000048500000','360','Biaya Registrasi','','00',NULL,NULL,'2019-09-02 14:23:35',NULL,NULL,519),('000000005072','7399042020000469','20190902142430','1','FAZRYANI INDAH PRAMESTI ','000048500000','360','Biaya Registrasi','','00',NULL,NULL,'2019-09-02 14:24:31',NULL,NULL,520),('547053      ','7399042020000481','20190902142847','1','MUFIDAH GHINA PUTRI','000048500000','360','Biaya Registrasi','','00',NULL,NULL,'2019-09-02 14:28:48',NULL,NULL,521),('000000171145','7399042020000278','20190902142348','1','QONITA HAMIDA MAULA','000048500000','360','Biaya Registrasi','','00',NULL,NULL,'2019-09-02 14:30:12',NULL,NULL,522),('000000396100','7399042020000484','20190902143152','1','SATRIA BUDI UTAMA','000048500000','360','Biaya Registrasi','','00',NULL,NULL,'2019-09-02 14:31:53',NULL,NULL,523),('000000396435','7399042020000484','20190902143201','1','SATRIA BUDI UTAMA','000048500000','360','Biaya Registrasi','','00',NULL,NULL,'2019-09-02 14:32:02',NULL,NULL,524),('000000398381','7399042020000484','20190902143255','1','SATRIA BUDI UTAMA','000048500000','360','Biaya Registrasi','','00',NULL,NULL,'2019-09-02 14:32:55',NULL,NULL,525),('143150010761','7399042020000449','20190902143150','2','ADRIAN SAMI PRATAMA','000048500000','360','Biaya Registrasi','','00',NULL,NULL,'2019-09-02 14:36:44',NULL,NULL,526),('000000189487','7399042020000246','20190902143526','1','DIPO ZITOUNA RAZZAQ','000048500000','360','Biaya Registrasi','','00',NULL,NULL,'2019-09-02 14:41:49',NULL,NULL,527),('555827      ','7399042020000481','20190902144616','1','MUFIDAH GHINA PUTRI','000048500000','360','Biaya Registrasi','','00',NULL,NULL,'2019-09-02 14:46:16',NULL,NULL,528),('707305924501','7399042020000281','20190902144726','2','MUHAMMAD ATHALLAH HOLDEN','000048500000','360','Biaya Registrasi','','00',NULL,NULL,'2019-09-02 14:47:39',NULL,NULL,529),('700700      ','7399042020000489','20190902145011','1','ASHFA ALIATUNNISA','000048500000','360','Biaya Registrasi','','00',NULL,NULL,'2019-09-02 14:52:40',NULL,NULL,530),('700719      ','7399042020000489','20190902145019','1','ASHFA ALIATUNNISA','000048500000','360','Biaya Registrasi','','00',NULL,NULL,'2019-09-02 14:52:47',NULL,NULL,531),('000000003802','7399042020000451','20190902145441','1','ASRIDNA ASATHIN ALWASI','000048500000','360','Biaya Registrasi','','00',NULL,NULL,'2019-09-02 14:54:42',NULL,NULL,532),('145236011363','7399042020000281','20190902145236','2','MUHAMMAD ATHALLAH HOLDEN','000048500000','360','Biaya Registrasi','','00',NULL,NULL,'2019-09-02 14:57:30',NULL,NULL,533),('000000005706','7399042020000244','20190902150228','1','AULIA NUR AFIFAH','000048500000','360','Biaya Registrasi','','00',NULL,NULL,'2019-09-02 15:02:28',NULL,NULL,534),('000000002230','7399042020000244','20190902150918','1','AULIA NUR AFIFAH','000048500000','360','Biaya Registrasi','','00',NULL,NULL,'2019-09-02 15:08:55',NULL,NULL,535),('000006607654','7399042020000482','20190902151234','1','ILYAS NURIL TEGAR','000048500000','360','Biaya Registrasi','','00',NULL,NULL,'2019-09-02 15:12:35',NULL,NULL,536),('206731499097','7399042020000498','20190902151515','1','NISA WASHFA SAHLA MAULANA','000048500000','360','Biaya Registrasi','','00',NULL,NULL,'2019-09-02 15:15:16',NULL,NULL,537),('643658      ','7399042020000497','20190902152655','1','KHAYRU RIFAA PERMANA','000048500000','360','Biaya Registrasi','','00',NULL,NULL,'2019-09-02 15:26:56',NULL,NULL,538),('778275      ','7399042020000497','20190902152831','1','KHAYRU RIFAA PERMANA','000048500000','360','Biaya Registrasi','','00',NULL,NULL,'2019-09-02 15:28:32',NULL,NULL,539),('849122      ','7399042020000497','20190902152911','1','KHAYRU RIFAA PERMANA','000048500000','360','Biaya Registrasi','','00',NULL,NULL,'2019-09-02 15:29:12',NULL,NULL,540),('000000268944','7399042020000072','20190902153000','1','WILDA NISSA MAHARANI','000048500000','360','Biaya Registrasi','','00',NULL,NULL,'2019-09-02 15:36:24',NULL,NULL,541),('000000007370','7399042020000366','20190902153846','1','M. FARIS AKBAR ','000048500000','360','Biaya Registrasi','','00',NULL,NULL,'2019-09-02 15:38:47',NULL,NULL,542),('005924      ','7399042020000500','20190902154558','1','RASYA RIZQY ROBBANI','000048500000','360','Biaya Registrasi','','00',NULL,NULL,'2019-09-02 15:45:58',NULL,NULL,543),('009260      ','7399042020000370','20190902154927','1','RAQILLA AGUNG FAEYZA','000048500000','360','Biaya Registrasi','','00',NULL,NULL,'2019-09-02 15:49:28',NULL,NULL,544),('902111853966','7399042020000391','20190902160559','4','INNAYATUL SANIYYA FIRDAUS','000048500000','360','Biaya Registrasi','','00',NULL,NULL,'2019-09-02 16:06:12',NULL,NULL,545),('684290      ','7399042020000506','20190902161230','1','ANTALYA MUGNI','000048500000','360','Biaya Registrasi','','00',NULL,NULL,'2019-09-02 16:12:32',NULL,NULL,546),('934934      ','7399042020000506','20190902161252','1','ANTALYA MUGNI','000048500000','360','Biaya Registrasi','','00',NULL,NULL,'2019-09-02 16:12:53',NULL,NULL,547),('902111854053','7399042020000391','20190902162010','4','INNAYATUL SANIYYA FIRDAUS','000048500000','360','Biaya Registrasi','','00',NULL,NULL,'2019-09-02 16:20:23',NULL,NULL,548),('000000000361','7399042020000330','20190902162519','1','HARFINZA MUHAMAD RAIHAN','000048500000','360','Biaya Registrasi','','00',NULL,NULL,'2019-09-02 16:25:20',NULL,NULL,549),('000000633168','7399042020000508','20190902162749','1','M. ADITYA DAFFA RAIHAN','000048500000','360','Biaya Registrasi','','00',NULL,NULL,'2019-09-02 16:27:50',NULL,NULL,550),('000000633356','7399042020000508','20190902162754','1','M. ADITYA DAFFA RAIHAN','000048500000','360','Biaya Registrasi','','00',NULL,NULL,'2019-09-02 16:27:55',NULL,NULL,551),('000000634163','7399042020000508','20190902162817','1','M. ADITYA DAFFA RAIHAN','000048500000','360','Biaya Registrasi','','00',NULL,NULL,'2019-09-02 16:28:18',NULL,NULL,552),('000000000446','7399042020000326','20190902163404','1','NAJLA NAYLA PUTRI','000048500000','360','Biaya Registrasi','','00',NULL,NULL,'2019-09-02 16:34:05',NULL,NULL,553),('000000649831','7399042020000511','20190902163611','1','MUHAMMAD ATHA RAIHAN','000048500000','360','Biaya Registrasi','','00',NULL,NULL,'2019-09-02 16:36:12',NULL,NULL,554),('000000650031','7399042020000511','20190902163618','1','MUHAMMAD ATHA RAIHAN','000048500000','360','Biaya Registrasi','','00',NULL,NULL,'2019-09-02 16:36:19',NULL,NULL,555),('000000650987','7399042020000511','20190902163647','1','MUHAMMAD ATHA RAIHAN','000048500000','360','Biaya Registrasi','','00',NULL,NULL,'2019-09-02 16:36:48',NULL,NULL,556),('000000008669','7399042020000247','20190902164124','1','ALBARR RASYNAFA PUTRA','000048500000','360','Biaya Registrasi','','00',NULL,NULL,'2019-09-02 16:41:24',NULL,NULL,557),('000000661441','7399042020000512','20190902164209','1','M. PANDU RIF\'AT NAZIH','000048500000','360','Biaya Registrasi','','00',NULL,NULL,'2019-09-02 16:42:10',NULL,NULL,558),('000000661640','7399042020000512','20190902164214','1','M. PANDU RIF\'AT NAZIH','000048500000','360','Biaya Registrasi','','00',NULL,NULL,'2019-09-02 16:42:16',NULL,NULL,559),('000000662370','7399042020000512','20190902164235','1','M. PANDU RIF\'AT NAZIH','000048500000','360','Biaya Registrasi','','00',NULL,NULL,'2019-09-02 16:42:36',NULL,NULL,560),('000000691707','7399042020000515','20190902165728','1','HANA HAMIDAH','000048500000','360','Biaya Registrasi','','00',NULL,NULL,'2019-09-02 16:57:29',NULL,NULL,561),('658069      ','7399042020000514','20190902165937','1','WILDAN AWAL RAMADHAN','000048500000','360','Biaya Registrasi','','00',NULL,NULL,'2019-09-02 16:59:38',NULL,NULL,562),('006111      ','7399042020000298','20190902170713','1','AZIEL NUHAD GUNAWAN','000048500000','360','Biaya Registrasi','','00',NULL,NULL,'2019-09-02 17:07:14',NULL,NULL,563),('000000005476','7399042020000474','20190902171246','1','BIANCA SHAYNA LATEESHA','000048500000','360','Biaya Registrasi','','00',NULL,NULL,'2019-09-02 17:12:47',NULL,NULL,564),('000000819283','7399042020000251','20190902171544','1','KHAIRA ALBITANYA FIRNAULY','000048500000','360','Biaya Registrasi','','00',NULL,NULL,'2019-09-02 17:15:38',NULL,NULL,565),('757555924501','7399042020000120','20190902175049','2','SABRINA RAHMA DEWI DAVADILLA','000048500000','360','Biaya Registrasi','','00',NULL,NULL,'2019-09-02 17:51:02',NULL,NULL,566),('757842924501','7399042020000120','20190902175158','2','SABRINA RAHMA DEWI DAVADILLA','000048500000','360','Biaya Registrasi','','00',NULL,NULL,'2019-09-02 17:52:10',NULL,NULL,567),('000000805497','7399042020000319','20190902175657','1','SYIFA ARIANI FADLIKA PUTRI','000048500000','360','Biaya Registrasi','','00',NULL,NULL,'2019-09-02 17:56:58',NULL,NULL,568),('000000009529','7399042020000122','20190902185158','1','BANIDHIA KHAESA PUTRI DALIMUNT','000048500000','360','Biaya Registrasi','','00',NULL,NULL,'2019-09-02 18:51:59',NULL,NULL,569),('738996      ','7399042020000343','20190902190647','1','ANNISA RAHMADHINI','000048500000','360','Biaya Registrasi','','00',NULL,NULL,'2019-09-02 19:06:47',NULL,NULL,570),('752158      ','7399042019000467','20190902190903','1','ADHIKA DAPO','000048500000','360','Biaya Registrasi','','00',NULL,NULL,'2019-09-02 19:09:04',NULL,NULL,571),('206734297931','7399042020000042','20190902191151','1','MUHAMMAD RUBY PRADANA SYAMSUN','000048500000','360','Biaya Registrasi','','00',NULL,NULL,'2019-09-02 19:11:52',NULL,NULL,572),('206734324924','7399042020000042','20190902191411','1','MUHAMMAD RUBY PRADANA SYAMSUN','000048500000','360','Biaya Registrasi','','00',NULL,NULL,'2019-09-02 19:14:12',NULL,NULL,573),('000000964148','7399042020000492','20190902191707','1','IVANKA NADINE','000048500000','360','Biaya Registrasi','','00',NULL,NULL,'2019-09-02 19:17:08',NULL,NULL,574),('000000964564','7399042020000492','20190902191720','1','IVANKA NADINE','000048500000','360','Biaya Registrasi','','00',NULL,NULL,'2019-09-02 19:17:21',NULL,NULL,575),('000000965861','7399042020000492','20190902191800','1','IVANKA NADINE','000048500000','360','Biaya Registrasi','','00',NULL,NULL,'2019-09-02 19:18:01',NULL,NULL,576),('000000302626','7399042020000541','20190902200202','2','ATHIYYAH RANI SA\'ADAH','000048500000','360','Biaya Registrasi','','00',NULL,NULL,'2019-09-02 20:02:18',NULL,NULL,577),('073187      ','7399042020000535','20190902200454','1','FATIHA NURNA LATIFAH','000048500000','360','Biaya Registrasi','','00',NULL,NULL,'2019-09-02 20:04:55',NULL,NULL,578),('002379      ','7399042020000454','20190902200634','1','MUHAMMAD MIQDAD MAHDAVIQQIA','000048500000','360','Biaya Registrasi','','00',NULL,NULL,'2019-09-02 20:06:35',NULL,NULL,579),('793441      ','7399042020000543','20190902201400','1','NAILA HIMAYANI','000048500000','360','Biaya Registrasi','','00',NULL,NULL,'2019-09-02 20:14:01',NULL,NULL,580),('789739      ','7399042020000543','20190902201823','1','NAILA HIMAYANI','000048500000','360','Biaya Registrasi','','00',NULL,NULL,'2019-09-02 20:18:24',NULL,NULL,581),('009190      ','7399042020000386','20190902201901','1','SYAIMA HILAYATUL AULIA','000048500000','360','Biaya Registrasi','','00',NULL,NULL,'2019-09-02 20:19:02',NULL,NULL,582),('001189      ','7399042020000547','20190902203645','1','MOCHAMMAD SHALAHUDIN AYYUBI NU','000048500000','360','Biaya Registrasi','','00',NULL,NULL,'2019-09-02 20:36:47',NULL,NULL,583),('000000000513','7399042020000507','20190902204527','1','ANNISA NUR RAMADHANI','000048500000','360','Biaya Registrasi','','00',NULL,NULL,'2019-09-02 20:45:28',NULL,NULL,584),('000000007117','7399042020000543','20190902204850','1','NAILA HIMAYANI','000048500000','360','Biaya Registrasi','','00',NULL,NULL,'2019-09-02 20:48:51',NULL,NULL,585),('059527      ','7399042020000550','20190902205045','1','NASYWA RAFIF SALIMAH','000048500000','360','Biaya Registrasi','','00',NULL,NULL,'2019-09-02 20:50:47',NULL,NULL,586),('451783      ','7399042020000553','20190902205151','1','AUFA AULIA ZAAFARANI','000048500000','360','Biaya Registrasi','','00',NULL,NULL,'2019-09-02 20:51:53',NULL,NULL,587),('812155      ','7399042020000555','20190902205456','1','MUHAMMAD FARID FADHILAH','000048500000','360','Biaya Registrasi','','00',NULL,NULL,'2019-09-02 20:54:57',NULL,NULL,588),('000000007367','7399042020000554','20190902205644','1','LADY NAFALIAH PRIMADI','000048500000','360','Biaya Registrasi','','00',NULL,NULL,'2019-09-02 20:56:46',NULL,NULL,589),('823564      ','7399042020000555','20190902205751','1','MUHAMMAD FARID FADHILAH','000048500000','360','Biaya Registrasi','','00',NULL,NULL,'2019-09-02 20:57:52',NULL,NULL,590),('000000002165','7399042020000538','20190902205857','1','RIFQI RUSDAN FADILLAN','000048500000','360','Biaya Registrasi','','00',NULL,NULL,'2019-09-02 20:58:57',NULL,NULL,591),('006819      ','7399042020000458','20190902211208','1','SALSABILA ZAHRA SUGIONO','000048500000','360','Biaya Registrasi','','00',NULL,NULL,'2019-09-02 21:12:09',NULL,NULL,592),('768387      ','7399042020000557','20190902211322','1','AZKA AULANNISA','000048500000','360','Biaya Registrasi','','00',NULL,NULL,'2019-09-02 21:15:51',NULL,NULL,593),('768474      ','7399042020000557','20190902211355','1','AZKA AULANNISA','000048500000','360','Biaya Registrasi','','00',NULL,NULL,'2019-09-02 21:16:27',NULL,NULL,594),('814508      ','7399042020000556','20190902212526','1','MUHAMMAD FARIS FAISHAL','000048500000','360','Biaya Registrasi','','00',NULL,NULL,'2019-09-02 21:25:27',NULL,NULL,595),('000000003466','7399042020000169','20190902214044','1','ALIFAH AZKA SUSAPTO','000048500000','360','Biaya Registrasi','','00',NULL,NULL,'2019-09-02 21:40:45',NULL,NULL,596),('537791      ','7399042020000561','20190902214047','1','IBRAHIM AL HABIB','000048500000','360','Biaya Registrasi','','00',NULL,NULL,'2019-09-02 21:40:48',NULL,NULL,597),('000000314452','7399042020000563','20190902214727','2','BILLAL ALGHIFARI DEVIKHA','000048500000','360','Biaya Registrasi','','00',NULL,NULL,'2019-09-02 21:47:43',NULL,NULL,598),('000000314601','7399042020000563','20190902214913','2','BILLAL ALGHIFARI DEVIKHA','000048500000','360','Biaya Registrasi','','00',NULL,NULL,'2019-09-02 21:49:30',NULL,NULL,599),('000000315288','7399042020000412','20190902215805','2','MUHAMMAD AMMAR SYAHID','000048500000','360','Biaya Registrasi','','00',NULL,NULL,'2019-09-02 21:58:20',NULL,NULL,600),('000000315348','7399042020000412','20190902215846','2','MUHAMMAD AMMAR SYAHID','000048500000','360','Biaya Registrasi','','00',NULL,NULL,'2019-09-02 21:59:05',NULL,NULL,601),('000000315712','7399042020000564','20190902220356','2','HIRZY ARKAN THORIQ','000048500000','360','Biaya Registrasi','','00',NULL,NULL,'2019-09-02 22:04:13',NULL,NULL,602),('000000315795','7399042020000564','20190902220500','2','HIRZY ARKAN THORIQ','000048500000','360','Biaya Registrasi','','00',NULL,NULL,'2019-09-02 22:05:17',NULL,NULL,603),('851861      ','7399042020000567','20190902221743','1','MUHAMMAD AUFAA','000048500000','360','Biaya Registrasi','','00',NULL,NULL,'2019-09-02 22:17:44',NULL,NULL,604),('856355      ','7399042020000566','20190902223119','1','RD MUHAMMAD FAISHAL NAZHIR','000048500000','360','Biaya Registrasi','','00',NULL,NULL,'2019-09-02 22:31:20',NULL,NULL,605),('902111855861','7399042020000485','20190902224247','4','ALIF FARSHAD RAMADHAN','000048500000','360','Biaya Registrasi','','00',NULL,NULL,'2019-09-02 22:43:00',NULL,NULL,606),('470953      ','7399042020000571','20190903054008','1','VINA AULIA NURUNISA','000048500000','360','Biaya Registrasi','','00',NULL,NULL,'2019-09-03 05:40:09',NULL,NULL,607),('000000000329','7399042020000532','20190903055432','1','RADEN ALMIRA DANISH INAYA','000048500000','360','Biaya Registrasi','','00',NULL,NULL,'2019-09-03 05:53:32',NULL,NULL,608),('000000327506','7399042020000531','20190903060019','2','ATHA NAILATUL IZZAH','000048500000','360','Biaya Registrasi','','00',NULL,NULL,'2019-09-03 06:00:36',NULL,NULL,609),('000000002763','7399042020000572','20190903060213','1','DINDA LAILA PUTRI GUNAWAN','000048500000','360','Biaya Registrasi','','00',NULL,NULL,'2019-09-03 06:02:14',NULL,NULL,610),('000000515543','7399042020000570','20190903062316','1','MUHAMMAD FATHURRAHMAN ALRANTIS','000048500000','360','Biaya Registrasi','','00',NULL,NULL,'2019-09-03 06:23:17',NULL,NULL,611),('000000515804','7399042020000570','20190903062336','1','MUHAMMAD FATHURRAHMAN ALRANTIS','000048500000','360','Biaya Registrasi','','00',NULL,NULL,'2019-09-03 06:23:37',NULL,NULL,612),('000000516122','7399042020000569','20190903062402','1','HAURANI NUR AQILA','000048500000','360','Biaya Registrasi','','00',NULL,NULL,'2019-09-03 06:24:03',NULL,NULL,613),('000000516214','7399042020000569','20190903062410','1','HAURANI NUR AQILA','000048500000','360','Biaya Registrasi','','00',NULL,NULL,'2019-09-03 06:24:11',NULL,NULL,614),('818703924601','7399042020000456','20190903062412','2','TALITHA SAFA ARISTA','000048500000','360','Biaya Registrasi','','00',NULL,NULL,'2019-09-03 06:24:25',NULL,NULL,615),('000000517160','7399042020000569','20190903062529','1','HAURANI NUR AQILA','000048500000','360','Biaya Registrasi','','00',NULL,NULL,'2019-09-03 06:25:30',NULL,NULL,616),('000000517684','7399042020000570','20190903062617','1','MUHAMMAD FATHURRAHMAN ALRANTIS','000048500000','360','Biaya Registrasi','','00',NULL,NULL,'2019-09-03 06:26:18',NULL,NULL,617),('913505      ','7399042020000379','20190903063221','1','AQILLA ALIF RAMADHAN','000048500000','360','Biaya Registrasi','','00',NULL,NULL,'2019-09-03 06:32:22',NULL,NULL,618),('684783      ','7399042020000415','20190903072727','1','AISYAH ADINDA SALMA','000048500000','360','Biaya Registrasi','','00',NULL,NULL,'2019-09-03 07:27:29',NULL,NULL,619),('000000007780','7399042020000575','20190903074022','1','DZAKI AMAANULLAH','000048500000','360','Biaya Registrasi','','00',NULL,NULL,'2019-09-03 07:40:24',NULL,NULL,620),('950120      ','7399042020000573','20190903074537','1','RAIHAN ANDRA HABIBI','000048500000','360','Biaya Registrasi','','00',NULL,NULL,'2019-09-03 07:45:38',NULL,NULL,621),('102561      ','7399042020000149','20190903075911','1','MUHAMMAD NAUFAL HELGA FIKRI','000048500000','360','Biaya Registrasi','','00',NULL,NULL,'2019-09-03 07:59:13',NULL,NULL,622),('000000004407','7399042020000427','20190903075959','1','BILLA KHANSA SUSILO','000048500000','360','Biaya Registrasi','','00',NULL,NULL,'2019-09-03 08:00:00',NULL,NULL,623),('000000000352','7399042020000530','20190903080325','1','AULIA EMA CHARTIKA','000048500000','360','Biaya Registrasi','','00',NULL,NULL,'2019-09-03 08:00:36',NULL,NULL,624),('126883      ','7399042020000574','20190903080324','1','DINDA FATHIMAH AZZAHRA','000048500000','360','Biaya Registrasi','','00',NULL,NULL,'2019-09-03 08:03:26',NULL,NULL,625),('206738246140','7399042020000523','20190903081219','1','DERA FARIS DZULFIQAR','000048500000','360','Biaya Registrasi','','00',NULL,NULL,'2019-09-03 08:12:25',NULL,NULL,626),('000000340533','7399042020000576','20190903082522','2','MUHAMMAD KAUTSAR KHOLILUDDIN','000048500000','360','Biaya Registrasi','','00',NULL,NULL,'2019-09-03 08:25:38',NULL,NULL,627),('973930      ','7399042020000581','20190903084000','1','ALIFYA GAVRILLA NAYAKA','000048500000','360','Biaya Registrasi','','00',NULL,NULL,'2019-09-03 08:40:01',NULL,NULL,628),('000000000355','7399042020000537','20190903084301','1','RARA FREDELLA LALITA','000048500000','360','Biaya Registrasi','','00',NULL,NULL,'2019-09-03 08:40:12',NULL,NULL,629),('000000343457','7399042020000518','20190903084757','2','RANTISI MUHAMMAD YASIN','000048500000','360','Biaya Registrasi','','00',NULL,NULL,'2019-09-03 08:48:32',NULL,NULL,630),('000000343526','7399042020000518','20190903084829','2','RANTISI MUHAMMAD YASIN','000048500000','360','Biaya Registrasi','','00',NULL,NULL,'2019-09-03 08:48:46',NULL,NULL,631),('000000343859','7399042020000519','20190903085101','2','KAMILIA FAIRUZ ZAHRA','000048500000','360','Biaya Registrasi','','00',NULL,NULL,'2019-09-03 08:51:17',NULL,NULL,632),('000219      ','7399042020000345','20190903085939','1','NAZWA LUTFI AULIA','000048500000','360','Biaya Registrasi','','00',NULL,NULL,'2019-09-03 08:59:41',NULL,NULL,633),('085840001513','7399042020000279','20190903085840','2','ALIKA ANDINA KHAIRUNNISA','000048500000','360','Biaya Registrasi','','00',NULL,NULL,'2019-09-03 09:03:36',NULL,NULL,634),('986376      ','7399042020000438','20190903090942','1','HAVA SATYA BAYANAKA','000048500000','360','Biaya Registrasi','','00',NULL,NULL,'2019-09-03 09:09:43',NULL,NULL,635),('000000748083','7399042020000585','20190903091646','1','ARITA VINA RAHMATIKA','000048500000','360','Biaya Registrasi','','00',NULL,NULL,'2019-09-03 09:16:47',NULL,NULL,636),('000000748413','7399042020000585','20190903091657','1','ARITA VINA RAHMATIKA','000048500000','360','Biaya Registrasi','','00',NULL,NULL,'2019-09-03 09:16:58',NULL,NULL,637),('000000348312','7399042020000587','20190903092400','2','ATHAILAH RAIDATUL MUNA','000048500000','360','Biaya Registrasi','','00',NULL,NULL,'2019-09-03 09:24:17',NULL,NULL,638),('000000769903','7399042020000585','20190903092802','1','ARITA VINA RAHMATIKA','000048500000','360','Biaya Registrasi','','00',NULL,NULL,'2019-09-03 09:28:05',NULL,NULL,639),('815374      ','7399042020000584','20190903092847','1','ZAHRA FAUZIAH NAJMI','000048500000','360','Biaya Registrasi','','00',NULL,NULL,'2019-09-03 09:28:49',NULL,NULL,640),('521406      ','7399042020000536','20190903094248','1','FAVIAN ABDUL FATTAH INDRAKUSUM','000048500000','360','Biaya Registrasi','','00',NULL,NULL,'2019-09-03 09:42:49',NULL,NULL,641),('522612      ','7399042020000542','20190903094644','1','AISHA ABHIGEETHA SYIFANI','000048500000','360','Biaya Registrasi','','00',NULL,NULL,'2019-09-03 09:46:46',NULL,NULL,642),('000000810162','7399042020000565','20190903094829','1','ALLISA SALSABILA','000048500000','360','Biaya Registrasi','','00',NULL,NULL,'2019-09-03 09:48:30',NULL,NULL,643),('000000810371','7399042020000565','20190903094835','1','ALLISA SALSABILA','000048500000','360','Biaya Registrasi','','00',NULL,NULL,'2019-09-03 09:48:36',NULL,NULL,644),('000000811384','7399042020000565','20190903094903','1','ALLISA SALSABILA','000048500000','360','Biaya Registrasi','','00',NULL,NULL,'2019-09-03 09:49:04',NULL,NULL,645),('000000813080','7399042020000369','20190903094950','1','RANA NABILAH ZAHARANI','000048500000','360','Biaya Registrasi','','00',NULL,NULL,'2019-09-03 09:49:51',NULL,NULL,646),('000000942049','7399042020000534','20190903094331','1','NASYWA ANNABILAH','000048500000','360','Biaya Registrasi','','00',NULL,NULL,'2019-09-03 09:49:56',NULL,NULL,647),('000000813329','7399042020000369','20190903094957','1','RANA NABILAH ZAHARANI','000048500000','360','Biaya Registrasi','','00',NULL,NULL,'2019-09-03 09:49:58',NULL,NULL,648),('000000814668','7399042020000369','20190903095038','1','RANA NABILAH ZAHARANI','000048500000','360','Biaya Registrasi','','00',NULL,NULL,'2019-09-03 09:50:40',NULL,NULL,649),('000000005005','7399042020000035','20190903095639','1','AZKIA FATURAHMI','000048500000','360','Biaya Registrasi','','00',NULL,NULL,'2019-09-03 09:56:41',NULL,NULL,650),('000000846265','7399042020000590','20190903100645','1','FADHLAN DWI LEANDRA','000048500000','360','Biaya Registrasi','','00',NULL,NULL,'2019-09-03 10:06:46',NULL,NULL,651),('000000846855','7399042020000590','20190903100702','1','FADHLAN DWI LEANDRA','000048500000','360','Biaya Registrasi','','00',NULL,NULL,'2019-09-03 10:07:04',NULL,NULL,652),('000000849716','7399042020000590','20190903100830','1','FADHLAN DWI LEANDRA','000048500000','360','Biaya Registrasi','','00',NULL,NULL,'2019-09-03 10:08:31',NULL,NULL,653),('000000849917','7399042020000590','20190903100836','1','FADHLAN DWI LEANDRA','000048500000','360','Biaya Registrasi','','00',NULL,NULL,'2019-09-03 10:08:37',NULL,NULL,654),('000000850939','7399042020000590','20190903100908','1','FADHLAN DWI LEANDRA','000048500000','360','Biaya Registrasi','','00',NULL,NULL,'2019-09-03 10:09:10',NULL,NULL,655),('190903839032','7399042020000593','20190903101327','1','MUHAMAD AKMAL ABDULAH','000048500000','360','Biaya Registrasi','','00',NULL,NULL,'2019-09-03 10:13:24',NULL,NULL,656),('926433      ','7399042020000501','20190903103517','1','SHABINNA AULIANNISA','000048500000','360','Biaya Registrasi','','00',NULL,NULL,'2019-09-03 10:34:37',NULL,NULL,657),('572358      ','7399042020000596','20190903105109','1','MUHAMMAD FAKHRI ALFATIH','000048500000','360','Biaya Registrasi','','00',NULL,NULL,'2019-09-03 10:51:11',NULL,NULL,658),('000000362604','7399042020000186','20190903110358','2','MUHAMMAD THORIQ RIZQI','000048500000','360','Biaya Registrasi','','00',NULL,NULL,'2019-09-03 11:04:22',NULL,NULL,659),('000000131790','7399042020000599','20190903114014','1','QAISA PUTRI RAMADANI','000048500000','360','Biaya Registrasi','','00',NULL,NULL,'2019-09-03 11:40:15',NULL,NULL,660),('000000132096','7399042020000599','20190903114023','1','QAISA PUTRI RAMADANI','000048500000','360','Biaya Registrasi','','00',NULL,NULL,'2019-09-03 11:40:24',NULL,NULL,661),('000000134130','7399042020000599','20190903114125','1','QAISA PUTRI RAMADANI','000048500000','360','Biaya Registrasi','','00',NULL,NULL,'2019-09-03 11:41:26',NULL,NULL,662),('000000134469','7399042020000599','20190903114134','1','QAISA PUTRI RAMADANI','000048500000','360','Biaya Registrasi','','00',NULL,NULL,'2019-09-03 11:41:36',NULL,NULL,663),('000000136295','7399042020000599','20190903114226','1','QAISA PUTRI RAMADANI','000048500000','360','Biaya Registrasi','','00',NULL,NULL,'2019-09-03 11:42:27',NULL,NULL,664),('274186      ','7399042020000432','20190903115817','1','NIDA MUMTAZ HANDRI','000048500000','360','Biaya Registrasi','','00',NULL,NULL,'2019-09-03 11:58:19',NULL,NULL,665),('000000188775','7399042020000603','20190903120956','1','ANNASTASYA SYLVINA ANGGRAENI','000048500000','360','Biaya Registrasi','','00',NULL,NULL,'2019-09-03 12:09:57',NULL,NULL,666),('000000189029','7399042020000603','20190903121004','1','ANNASTASYA SYLVINA ANGGRAENI','000048500000','360','Biaya Registrasi','','00',NULL,NULL,'2019-09-03 12:10:06',NULL,NULL,667),('000000189844','7399042020000603','20190903121031','1','ANNASTASYA SYLVINA ANGGRAENI','000048500000','360','Biaya Registrasi','','00',NULL,NULL,'2019-09-03 12:10:32',NULL,NULL,668),('199154      ','7399042020000602','20190903121359','1','NAILA FATHMA SYAHIRA','000048500000','360','Biaya Registrasi','','00',NULL,NULL,'2019-09-03 12:14:00',NULL,NULL,669),('000000372104','7399042020000470','20190903121407','2','AISY MUHAMMAD HAFIY','000048500000','360','Biaya Registrasi','','00',NULL,NULL,'2019-09-03 12:14:23',NULL,NULL,670),('202369      ','7399042020000549','20190903122702','1','MAHARANI QAILA LINTANG','000048500000','360','Biaya Registrasi','','00',NULL,NULL,'2019-09-03 12:27:03',NULL,NULL,671),('124143007071','7399042020000601','20190903124143','2','SUMAYYAH','000048500000','360','Biaya Registrasi','','00',NULL,NULL,'2019-09-03 12:46:39',NULL,NULL,672),('000000008858','7399042020000440','20190903132309','1','SYIFA FATTIYAH SUMARDI','000048500000','360','Biaya Registrasi','','00',NULL,NULL,'2019-09-03 13:23:10',NULL,NULL,673),('206741918128','7399042020000605','20190903132940','1','FAKHRIY AL THAF','000048500000','360','Biaya Registrasi','','00',NULL,NULL,'2019-09-03 13:29:41',NULL,NULL,674),('000000008936','7399042020000560','20190903133746','1','SASKIA QUANESHA DESANDRA','000048500000','360','Biaya Registrasi','','00',NULL,NULL,'2019-09-03 13:37:48',NULL,NULL,675),('135832009075','7399042020000527','20190903135832','2','RASYAD ABDUL AZIZ','000048500000','360','Biaya Registrasi','','00',NULL,NULL,'2019-09-03 14:03:28',NULL,NULL,676),('000000174163','7399042020000606','20190903135809','1','MUHAMMAD YUDHA PRATAMA','000048500000','360','Biaya Registrasi','','00',NULL,NULL,'2019-09-03 14:04:36',NULL,NULL,677),('000000004842','7399042020000595','20190903140456','1','MEGA AULIA ROBBANIYAH','000048500000','360','Biaya Registrasi','','00',NULL,NULL,'2019-09-03 14:04:57',NULL,NULL,678),('140747009327','7399042020000288','20190903140747','2','INARA','000048500000','360','Biaya Registrasi','','00',NULL,NULL,'2019-09-03 14:12:43',NULL,NULL,679),('000000023613','7399042020000610','20190903141754','1','TAUSIYAH ARGARENA','000048500000','360','Biaya Registrasi','','00',NULL,NULL,'2019-09-03 14:18:12',NULL,NULL,680),('699287      ','7399042020000611','20190903142429','1','DEKA LINTANG PARADILA','000048500000','360','Biaya Registrasi','','00',NULL,NULL,'2019-09-03 14:24:30',NULL,NULL,681),('207970      ','7399042020000582','20190903142637','1','RAHMA AISHA HADINUGROHO','000048500000','360','Biaya Registrasi','','00',NULL,NULL,'2019-09-03 14:26:48',NULL,NULL,682),('234479      ','7399042020000582','20190903142744','1','RAHMA AISHA HADINUGROHO','000048500000','360','Biaya Registrasi','','00',NULL,NULL,'2019-09-03 14:28:50',NULL,NULL,683),('208821      ','7399042020000582','20190903143012','1','RAHMA AISHA HADINUGROHO','000048500000','360','Biaya Registrasi','','00',NULL,NULL,'2019-09-03 14:30:14',NULL,NULL,684),('000000392936','7399042020000612','20190903145052','2','DEVAN PUTRA HEDI PAMUNGKAS ','000048500000','360','Biaya Registrasi','','00',NULL,NULL,'2019-09-03 14:51:10',NULL,NULL,685),('738664      ','7399042020000614','20190903150141','1','AHMAD NURHUSNI AWABIN','000048500000','360','Biaya Registrasi','','00',NULL,NULL,'2019-09-03 15:01:43',NULL,NULL,686),('753770      ','7399042020000615','20190903152111','1','RAISYA JANITRA AZARIA HERMAWAN','000048500000','360','Biaya Registrasi','','00',NULL,NULL,'2019-09-03 15:21:12',NULL,NULL,687),('000000002626','7399042020000620','20190903152127','1','MUHAMMAD AZZAM ABDALLAH','000048500000','360','Biaya Registrasi','','00',NULL,NULL,'2019-09-03 15:21:28',NULL,NULL,688),('000000570282','7399042020000332','20190903153613','1','FATHAN DHIYAULHAQ HIMAWAN','000048500000','360','Biaya Registrasi','','00',NULL,NULL,'2019-09-03 15:36:15',NULL,NULL,689),('000000570548','7399042020000332','20190903153623','1','FATHAN DHIYAULHAQ HIMAWAN','000048500000','360','Biaya Registrasi','','00',NULL,NULL,'2019-09-03 15:36:25',NULL,NULL,690),('000000571352','7399042020000332','20190903153651','1','FATHAN DHIYAULHAQ HIMAWAN','000048500000','360','Biaya Registrasi','','00',NULL,NULL,'2019-09-03 15:36:53',NULL,NULL,691),('000000003276','7399042020000619','20190903155218','1','GHEFIRA LUTFIAH MUSLIM','000048500000','360','Biaya Registrasi','','00',NULL,NULL,'2019-09-03 15:49:29',NULL,NULL,692),('000000004229','7399042020000621','20190903155327','1','DAFFA SAKHIY PUTERA BUDIMAN ','000048500000','360','Biaya Registrasi','','00',NULL,NULL,'2019-09-03 15:53:28',NULL,NULL,693),('000000002322','7399042020000559','20190903160628','1','ZAKY RAHMATULLAH','000048500000','360','Biaya Registrasi','','00',NULL,NULL,'2019-09-03 16:06:29',NULL,NULL,694),('000000004640','7399042020000526','20190903162957','1','FADHLAN RAIHAN FITRANTO','000048500000','360','Biaya Registrasi','','00',NULL,NULL,'2019-09-03 16:29:57',NULL,NULL,695),('316705      ','7399042020000622','20190903164744','1','MUTHIA AZZAHRA HERNOVANSYAH','000048500000','360','Biaya Registrasi','','00',NULL,NULL,'2019-09-03 16:47:46',NULL,NULL,696),('007868      ','7399042020000466','20190903170959','1','MUSYAFFA UBAIDILLAH','000048500000','360','Biaya Registrasi','','00',NULL,NULL,'2019-09-03 17:10:01',NULL,NULL,697),('007870      ','7399042020000465','20190903171051','1','MUHAMMAD QORI ALKAUTSAR','000048500000','360','Biaya Registrasi','','00',NULL,NULL,'2019-09-03 17:10:53',NULL,NULL,698),('000000778472','7399042020000633','20190903173533','1','LIES MARLIANA AYUNITA','000048500000','360','Biaya Registrasi','','00',NULL,NULL,'2019-09-03 17:35:38',NULL,NULL,699),('000000778934','7399042020000633','20190903173549','1','LIES MARLIANA AYUNITA','000048500000','360','Biaya Registrasi','','00',NULL,NULL,'2019-09-03 17:35:51',NULL,NULL,700),('000000779870','7399042020000633','20190903173620','1','LIES MARLIANA AYUNITA','000048500000','360','Biaya Registrasi','','00',NULL,NULL,'2019-09-03 17:36:22',NULL,NULL,701),('000000418397','7399042020000635','20190903184620','2','NAYYARA QANITA ZOYA','000048500000','360','Biaya Registrasi','','00',NULL,NULL,'2019-09-03 18:46:36',NULL,NULL,702),('000000901680','7399042020000637','20190903184802','1','HAMI ZUIDA RIZKIYAH','000048500000','360','Biaya Registrasi','','00',NULL,NULL,'2019-09-03 18:48:04',NULL,NULL,703),('000000902124','7399042020000637','20190903184813','1','HAMI ZUIDA RIZKIYAH','000048500000','360','Biaya Registrasi','','00',NULL,NULL,'2019-09-03 18:48:15',NULL,NULL,704),('000000905660','7399042020000637','20190903184949','1','HAMI ZUIDA RIZKIYAH','000048500000','360','Biaya Registrasi','','00',NULL,NULL,'2019-09-03 18:49:50',NULL,NULL,705),('206745515358','7399042020000632','20190903190243','1','ARINDA BILQIS HUMAIRA RISMAWAN','000048500000','360','Biaya Registrasi','','00',NULL,NULL,'2019-09-03 19:02:45',NULL,NULL,706),('206745558773','7399042020000632','20190903190632','1','ARINDA BILQIS HUMAIRA RISMAWAN','000048500000','360','Biaya Registrasi','','00',NULL,NULL,'2019-09-03 19:06:33',NULL,NULL,707),('898304      ','7399042020000367','20190903192800','1','ULIMA EDRIA SASKARA','000048500000','360','Biaya Registrasi','','00',NULL,NULL,'2019-09-03 19:28:01',NULL,NULL,708),('910075      ','7399042020000367','20190903193658','1','ULIMA EDRIA SASKARA','000048500000','360','Biaya Registrasi','','00',NULL,NULL,'2019-09-03 19:36:59',NULL,NULL,709),('206746129229','7399042020000639','20190903195538','1','ALBI FAZA NADAFA','000048500000','360','Biaya Registrasi','','00',NULL,NULL,'2019-09-03 19:55:39',NULL,NULL,710),('000000006784','7399042020000597','20190903201458','1','ALFATA DZAKY RAMADHAN','000048500000','360','Biaya Registrasi','','00',NULL,NULL,'2019-09-03 20:15:00',NULL,NULL,711),('312060      ','7399042020000544','20190903202127','1','ZAHRA BAY HAKY','000048500000','360','Biaya Registrasi','','00',NULL,NULL,'2019-09-03 20:21:28',NULL,NULL,712),('933989      ','7399042020000652','20190903204600','1','RAFIF ATAA WIDAYAT','000048500000','360','Biaya Registrasi','','00',NULL,NULL,'2019-09-03 20:46:06',NULL,NULL,713),('000000197207','7399042020000646','20190903204758','1','NAYLA HUSNA','000048500000','360','Biaya Registrasi','','00',NULL,NULL,'2019-09-03 20:48:00',NULL,NULL,714),('000000197511','7399042020000646','20190903204811','1','NAYLA HUSNA','000048500000','360','Biaya Registrasi','','00',NULL,NULL,'2019-09-03 20:48:13',NULL,NULL,715),('937195      ','7399042020000653','20190903204854','1','AISYAH SHABRINA NADIA FATIMAH','000048500000','360','Biaya Registrasi','','00',NULL,NULL,'2019-09-03 20:48:56',NULL,NULL,716),('000000198672','7399042020000646','20190903204904','1','NAYLA HUSNA','000048500000','360','Biaya Registrasi','','00',NULL,NULL,'2019-09-03 20:49:06',NULL,NULL,717),('000000430734','7399042020000656','20190903210013','2','ALISHA BALQISH','000048500000','360','Biaya Registrasi','','00',NULL,NULL,'2019-09-03 21:00:30',NULL,NULL,718),('300261      ','7399042020000658','20190903212315','1','HANAA NAYLA IZZATI','000048500000','360','Biaya Registrasi','','00',NULL,NULL,'2019-09-03 21:23:17',NULL,NULL,719),('190903972803','7399042020000660','20190903215614','1','ABDULLAH FAQIH ','000048500000','360','Biaya Registrasi','','00',NULL,NULL,'2019-09-03 21:56:10',NULL,NULL,720),('000000436539','7399042020000648','20190903224546','2','PUTI SYAWILDHA INAYAH ZAURA','000048500000','360','Biaya Registrasi','','00',NULL,NULL,'2019-09-03 22:46:02',NULL,NULL,721),('000000420588','7399042020000134','20190904050203','1','RAFIFA ALMAKKIYAH','000048500000','360','Biaya Registrasi','','00',NULL,NULL,'2019-09-04 05:02:05',NULL,NULL,722),('000000420616','7399042020000134','20190904050211','1','RAFIFA ALMAKKIYAH','000048500000','360','Biaya Registrasi','','00',NULL,NULL,'2019-09-04 05:02:17',NULL,NULL,723),('000000420723','7399042020000134','20190904050240','1','RAFIFA ALMAKKIYAH','000048500000','360','Biaya Registrasi','','00',NULL,NULL,'2019-09-04 05:02:41',NULL,NULL,724),('021099      ','7399042020000661','20190904060125','1','HAURA NADHIFAH SAKHI','000048500000','360','Biaya Registrasi','','00',NULL,NULL,'2019-09-04 06:01:26',NULL,NULL,725),('000000443149','7399042020000668','20190904060444','1','SABIL MUHAMMAD ARZIE','000048500000','360','Biaya Registrasi','','00',NULL,NULL,'2019-09-04 06:04:45',NULL,NULL,726),('000000443423','7399042020000668','20190904060513','1','SABIL MUHAMMAD ARZIE','000048500000','360','Biaya Registrasi','','00',NULL,NULL,'2019-09-04 06:05:15',NULL,NULL,727),('000000443917','7399042020000668','20190904060607','1','SABIL MUHAMMAD ARZIE','000048500000','360','Biaya Registrasi','','00',NULL,NULL,'2019-09-04 06:06:09',NULL,NULL,728),('000000000417','7399042020000607','20190904065459','1','FAHRAN KENAZ TRIAWAN','000048500000','360','Biaya Registrasi','','00',NULL,NULL,'2019-09-04 06:45:41',NULL,NULL,729),('000007874386','7399042020000671','20190904075344','1','MUHAMMAD ADJI BRADJAMUSTI','000048500000','360','Biaya Registrasi','','00',NULL,NULL,'2019-09-04 07:53:45',NULL,NULL,730),('000000003293','7399042020000616','20190904080802','1','MUHAMMAD FATIH ALINAZAR','000048500000','360','Biaya Registrasi','','00',NULL,NULL,'2019-09-04 08:08:08',NULL,NULL,731),('000000003298','7399042020000616','20190904081251','1','MUHAMMAD FATIH ALINAZAR','000048500000','360','Biaya Registrasi','','00',NULL,NULL,'2019-09-04 08:13:05',NULL,NULL,732),('000000000421','7399042020000664','20190904083026','1','MUHAMMAD NAWABIL MUMTAZ','000048500000','360','Biaya Registrasi','','00',NULL,NULL,'2019-09-04 08:21:07',NULL,NULL,733),('000000571802','7399042020000673','20190904082107','1','NAMER ZAAHED RAMADHAN','000048500000','360','Biaya Registrasi','','00',NULL,NULL,'2019-09-04 08:21:09',NULL,NULL,734),('000000571884','7399042020000673','20190904082110','1','NAMER ZAAHED RAMADHAN','000048500000','360','Biaya Registrasi','','00',NULL,NULL,'2019-09-04 08:21:12',NULL,NULL,735),('000000572344','7399042020000673','20190904082129','1','NAMER ZAAHED RAMADHAN','000048500000','360','Biaya Registrasi','','00',NULL,NULL,'2019-09-04 08:21:31',NULL,NULL,736),('000000002833','7399042020000644','20190904083537','1','NAZIF AZZAM GHAZWANI','000048500000','360','Biaya Registrasi','','00',NULL,NULL,'2019-09-04 08:35:39',NULL,NULL,737),('083254000672','7399042020000382','20190904083254','2','HILYA AISYAH ROBBANI','000048500000','360','Biaya Registrasi','','00',NULL,NULL,'2019-09-04 08:37:53',NULL,NULL,738),('000000628859','7399042020000678','20190904085746','1','IRSYAD ADYASTA HERMAWAN','000048500000','360','Biaya Registrasi','','00',NULL,NULL,'2019-09-04 08:57:49',NULL,NULL,739),('000000629871','7399042020000678','20190904085822','1','IRSYAD ADYASTA HERMAWAN','000048500000','360','Biaya Registrasi','','00',NULL,NULL,'2019-09-04 08:58:34',NULL,NULL,740),('000000630902','7399042020000678','20190904085859','1','IRSYAD ADYASTA HERMAWAN','000048500000','360','Biaya Registrasi','','00',NULL,NULL,'2019-09-04 08:59:41',NULL,NULL,741),('000000631596','7399042020000678','20190904085927','1','IRSYAD ADYASTA HERMAWAN','000048500000','360','Biaya Registrasi','','00',NULL,NULL,'2019-09-04 08:59:48',NULL,NULL,742),('000000632211','7399042020000678','20190904085949','1','IRSYAD ADYASTA HERMAWAN','000048500000','360','Biaya Registrasi','','00',NULL,NULL,'2019-09-04 08:59:51',NULL,NULL,743),('000000007959','7399042020000579','20190904093051','1','SAID FARIZ RAMADHAN','000048500000','360','Biaya Registrasi','','00',NULL,NULL,'2019-09-04 09:30:53',NULL,NULL,744),('005814      ','7399042020000112','20190904093959','1','RUSDI LASMANA','000048500000','360','Biaya Registrasi','','00',NULL,NULL,'2019-09-04 09:40:04',NULL,NULL,745),('618022      ','7399042020000598','20190904094041','1','HAIDAR NABIL MUSHODDAQ','000048500000','360','Biaya Registrasi','','00',NULL,NULL,'2019-09-04 09:40:43',NULL,NULL,746),('006276      ','7399042020000682','20190904095559','1','MOHAMMAD THOLHAH ABDILLAH','000048500000','360','Biaya Registrasi','','00',NULL,NULL,'2019-09-04 09:56:10',NULL,NULL,747),('101329003202','7399042020000148','20190904101329','2','MUHAMMAD RIZKY PRANANDA','000048500000','360','Biaya Registrasi','','00',NULL,NULL,'2019-09-04 10:18:26',NULL,NULL,748),('657196      ','7399042020000686','20190904104219','1','KAYYISAH LUTFIAH SALSABILA','000048500000','360','Biaya Registrasi','','00',NULL,NULL,'2019-09-04 10:42:21',NULL,NULL,749),('104430004163','7399042020000418','20190904104430','2','ABDAN DWI PUTRA NURCAHYO ','000048500000','360','Biaya Registrasi','','00',NULL,NULL,'2019-09-04 10:49:27',NULL,NULL,750),('104526004193','7399042020000418','20190904104526','2','ABDAN DWI PUTRA NURCAHYO ','000048500000','360','Biaya Registrasi','','00',NULL,NULL,'2019-09-04 10:50:23',NULL,NULL,751),('000000002630','7399042020000133','20190904105934','1','ARIFISARI DEWI ARRYA QINTANI','000048500000','360','Biaya Registrasi','','00',NULL,NULL,'2019-09-04 10:59:34',NULL,NULL,752),('712640      ','7399042020000690','20190904110032','1','ZHAFIRAH AZ-ZAHRA','000048500000','360','Biaya Registrasi','','00',NULL,NULL,'2019-09-04 10:59:53',NULL,NULL,753),('656138      ','7399042020000680','20190904110437','1','SALSABILA AWWALINA','000048500000','360','Biaya Registrasi','','00',NULL,NULL,'2019-09-04 11:04:54',NULL,NULL,754),('000000859031','7399042020000694','20190904110655','1','GHATHAF RIZKI RAHMAN','000048500000','360','Biaya Registrasi','','00',NULL,NULL,'2019-09-04 11:07:14',NULL,NULL,755),('110257004691','7399042020000684','20190904110257','2','AIKO NISWA HILWA NUGRAHA','000048500000','360','Biaya Registrasi','','00',NULL,NULL,'2019-09-04 11:07:54',NULL,NULL,756),('000000862314','7399042020000694','20190904110839','1','GHATHAF RIZKI RAHMAN','000048500000','360','Biaya Registrasi','','00',NULL,NULL,'2019-09-04 11:08:41',NULL,NULL,757),('000000862644','7399042020000694','20190904110850','1','GHATHAF RIZKI RAHMAN','000048500000','360','Biaya Registrasi','','00',NULL,NULL,'2019-09-04 11:08:51',NULL,NULL,758),('006776      ','7399042020000691','20190904110852','1','FADHIL MAHARDIKA AGUS','000048500000','360','Biaya Registrasi','','00',NULL,NULL,'2019-09-04 11:08:54',NULL,NULL,759),('000000863465','7399042020000694','20190904110916','1','GHATHAF RIZKI RAHMAN','000048500000','360','Biaya Registrasi','','00',NULL,NULL,'2019-09-04 11:09:18',NULL,NULL,760),('681721      ','7399042020000693','20190904111453','1','KAEZUMI ORIZA SATIVA SYAHKUAN-','000048500000','360','Biaya Registrasi','','00',NULL,NULL,'2019-09-04 11:14:58',NULL,NULL,761),('000001048056','7399042020000628','20190904111759','1','WIDHAH HANA FAUZIAH','000048500000','360','Biaya Registrasi','','00',NULL,NULL,'2019-09-04 11:18:01',NULL,NULL,762),('000679      ','7399042020000642','20190904111934','1','RAISSA MEUTIA HANIFA','000048500000','360','Biaya Registrasi','','00',NULL,NULL,'2019-09-04 11:19:41',NULL,NULL,763),('000000004211','7399042020000689','20190904112801','1','FITRDA DZAQIYAH CHAIRUNNISA','000048500000','360','Biaya Registrasi','','00',NULL,NULL,'2019-09-04 11:27:01',NULL,NULL,764),('679780      ','7399042020000663','20190904112907','1','HASANAH ZAKIYYAH IZZATI','000048500000','360','Biaya Registrasi','','00',NULL,NULL,'2019-09-04 11:29:09',NULL,NULL,765),('696340      ','7399042020000443','20190904113939','1','HANA KHAIRUNNISA','000048500000','360','Biaya Registrasi','','00',NULL,NULL,'2019-09-04 11:39:41',NULL,NULL,766),('206751997807','7399042020000672','20190904120003','1','DZIKRI ASH-SHIDQI','000048500000','360','Biaya Registrasi','','00',NULL,NULL,'2019-09-04 12:00:05',NULL,NULL,767),('000000102109','7399042020000699','20190904122710','1','AISKHA FAKHRAIRA','000048500000','360','Biaya Registrasi','','00',NULL,NULL,'2019-09-04 12:27:12',NULL,NULL,768),('000000102407','7399042020000699','20190904122720','1','AISKHA FAKHRAIRA','000048500000','360','Biaya Registrasi','','00',NULL,NULL,'2019-09-04 12:27:22',NULL,NULL,769),('000000103750','7399042020000699','20190904122808','1','AISKHA FAKHRAIRA','000048500000','360','Biaya Registrasi','','00',NULL,NULL,'2019-09-04 12:28:10',NULL,NULL,770),('000000103999','7399042020000699','20190904122818','1','AISKHA FAKHRAIRA','000048500000','360','Biaya Registrasi','','00',NULL,NULL,'2019-09-04 12:28:25',NULL,NULL,771),('000000104902','7399042020000699','20190904122849','1','AISKHA FAKHRAIRA','000048500000','360','Biaya Registrasi','','00',NULL,NULL,'2019-09-04 12:28:51',NULL,NULL,772),('718965      ','7399042020000697','20190904123157','1','NAUFAL FADHIL AULIA','000048500000','360','Biaya Registrasi','','00',NULL,NULL,'2019-09-04 12:32:25',NULL,NULL,773),('719634      ','7399042020000697','20190904123245','1','NAUFAL FADHIL AULIA','000048500000','360','Biaya Registrasi','','00',NULL,NULL,'2019-09-04 12:32:46',NULL,NULL,774),('206752602040','7399042020000639','20190904125354','1','ALBI FAZA NADAFA','000048500000','360','Biaya Registrasi','','00',NULL,NULL,'2019-09-04 12:53:56',NULL,NULL,775),('000000001000','7399042020000645','20190904125602','1','MUHAMAD FARREL NAWFAL RAHMAT','000048500000','360','Biaya Registrasi','','00',NULL,NULL,'2019-09-04 12:56:04',NULL,NULL,776),('755847      ','7399042020000649','20190904132308','1','PUTRA PRATAMA R','000048500000','360','Biaya Registrasi','','00',NULL,NULL,'2019-09-04 13:23:11',NULL,NULL,777),('000000002100','7399042020000679','20190904154858','1','DENIS FATIMAH MAQDIS','000048500000','360','Biaya Registrasi','','00',NULL,NULL,'2019-09-04 15:49:05',NULL,NULL,778),('042017      ','7399042020000708','20190904161329','1','RAFI RAMADHAN IRWANDI','000048500000','360','Biaya Registrasi','','00',NULL,NULL,'2019-09-04 16:16:00',NULL,NULL,779),('042097      ','7399042020000708','20190904161357','1','RAFI RAMADHAN IRWANDI','000048500000','360','Biaya Registrasi','','00',NULL,NULL,'2019-09-04 16:16:30',NULL,NULL,780),('000000005320','7399042020000533','20190904162915','1','LULU IZMI AGUSTIN','000048500000','360','Biaya Registrasi','','00',NULL,NULL,'2019-09-04 16:29:17',NULL,NULL,781),('000000003152','7399042020000304','20190904163023','1','TSAMARA DAWNA HIDAYAT','000048500000','360','Biaya Registrasi','','00',NULL,NULL,'2019-09-04 16:30:24',NULL,NULL,782),('000000007869','7399042020000706','20190904163756','1','FARAH FIKRIA','000048500000','360','Biaya Registrasi','','00',NULL,NULL,'2019-09-04 16:37:58',NULL,NULL,783),('000000007238','7399042020000540','20190904165559','1','FACHIR AHMAD JUMENA','000048500000','360','Biaya Registrasi','','00',NULL,NULL,'2019-09-04 16:56:01',NULL,NULL,784),('052964      ','7399042020000499','20190904172959','1','HISYAM ABDURRAHMAN','000048500000','360','Biaya Registrasi','','00',NULL,NULL,'2019-09-04 17:32:30',NULL,NULL,785),('000000009649','7399042020000712','20190904173252','1','REISYA WAFIKA UTAMA','000048500000','360','Biaya Registrasi','','00',NULL,NULL,'2019-09-04 17:32:54',NULL,NULL,786),('053018      ','7399042020000499','20190904173025','1','HISYAM ABDURRAHMAN','000048500000','360','Biaya Registrasi','','00',NULL,NULL,'2019-09-04 17:32:56',NULL,NULL,787),('000000616119','7399042020000718','20190904173348','1','ALIFA DZATIL IZZAH','000048500000','360','Biaya Registrasi','','00',NULL,NULL,'2019-09-04 17:33:50',NULL,NULL,788),('000000616210','7399042020000718','20190904173352','1','ALIFA DZATIL IZZAH','000048500000','360','Biaya Registrasi','','00',NULL,NULL,'2019-09-04 17:33:54',NULL,NULL,789),('000000616801','7399042020000718','20190904173413','1','ALIFA DZATIL IZZAH','000048500000','360','Biaya Registrasi','','00',NULL,NULL,'2019-09-04 17:34:15',NULL,NULL,790),('000001313385','7399042020000717','20190904173440','1','ZAFIRAH AZIZAH RAHMA','000048500000','360','Biaya Registrasi','','00',NULL,NULL,'2019-09-04 17:34:42',NULL,NULL,791),('000000523293','7399042020000640','20190904173534','2','MUHAMMAD FAQIHUL ILMI','000048500000','360','Biaya Registrasi','','00',NULL,NULL,'2019-09-04 17:35:51',NULL,NULL,792),('000324      ','7399042020000292','20190904183920','1','UMMU RAHMAH SAYYIDAH','000048500000','360','Biaya Registrasi','','00',NULL,NULL,'2019-09-04 18:39:21',NULL,NULL,793),('000321438639','7399042020000710','20190904190156','1','ALMA NURUL SALMA','000048500000','360','Biaya Registrasi','','00',NULL,NULL,'2019-09-04 19:01:59',NULL,NULL,794),('000000005519','7399042020000198','20190904192143','1','MUHAMMAD RAMZY AL GHASSANI YUV','000048500000','360','Biaya Registrasi','','00',NULL,NULL,'2019-09-04 19:21:45',NULL,NULL,795),('970340      ','7399042020000509','20190904194230','1','RAHMA SHINDY PRATIWI','000048500000','360','Biaya Registrasi','','00',NULL,NULL,'2019-09-04 19:42:32',NULL,NULL,796),('969367      ','7399042020000509','20190904194824','1','RAHMA SHINDY PRATIWI','000048500000','360','Biaya Registrasi','','00',NULL,NULL,'2019-09-04 19:48:26',NULL,NULL,797),('959864      ','7399042020000509','20190904194903','1','RAHMA SHINDY PRATIWI','000048500000','360','Biaya Registrasi','','00',NULL,NULL,'2019-09-04 19:49:05',NULL,NULL,798),('980487      ','7399042020000726','20190904195114','1','MUHAMMAD AZIZ NAAFI&RSQUO;U SA','000048500000','360','Biaya Registrasi','','00',NULL,NULL,'2019-09-04 19:51:18',NULL,NULL,799),('000000008134','7399042020000488','20190904195648','1','RAYYANSYAH RISQI','000048500000','360','Biaya Registrasi','','00',NULL,NULL,'2019-09-04 19:56:51',NULL,NULL,800),('974094      ','7399042020000726','20190904195734','1','MUHAMMAD AZIZ NAAFI&RSQUO;U SA','000048500000','360','Biaya Registrasi','','00',NULL,NULL,'2019-09-04 19:57:43',NULL,NULL,801),('975156      ','7399042020000726','20190904195858','1','MUHAMMAD AZIZ NAAFI&RSQUO;U SA','000048500000','360','Biaya Registrasi','','00',NULL,NULL,'2019-09-04 19:59:00',NULL,NULL,802),('497494      ','7399042020000551','20190904200730','1','NATASYA SALSABILLA','000048500000','360','Biaya Registrasi','','00',NULL,NULL,'2019-09-04 20:07:32',NULL,NULL,803),('497571      ','7399042020000551','20190904200749','1','NATASYA SALSABILLA','000048500000','360','Biaya Registrasi','','00',NULL,NULL,'2019-09-04 20:07:51',NULL,NULL,804),('003920      ','7399042020000698','20190904201143','1','AZIZAH RISKI AULIA','000048500000','360','Biaya Registrasi','','00',NULL,NULL,'2019-09-04 20:11:45',NULL,NULL,805),('206757342458','7399042020000729','20190904202810','1','HARITS MUSHAFFA KHALIFA','000048500000','360','Biaya Registrasi','','00',NULL,NULL,'2019-09-04 20:28:12',NULL,NULL,806),('000000923730','7399042020000291','20190904205542','1','HASKA ACHMAD FADILLAH','000048500000','360','Biaya Registrasi','','00',NULL,NULL,'2019-09-04 20:55:43',NULL,NULL,807),('000000924150','7399042020000291','20190904205601','1','HASKA ACHMAD FADILLAH','000048500000','360','Biaya Registrasi','','00',NULL,NULL,'2019-09-04 20:56:03',NULL,NULL,808),('000000925288','7399042020000291','20190904205658','1','HASKA ACHMAD FADILLAH','000048500000','360','Biaya Registrasi','','00',NULL,NULL,'2019-09-04 20:57:00',NULL,NULL,809),('508136      ','7399042020000666','20190904210843','1','DIVYA MASYAAILA BALQIS','000048500000','360','Biaya Registrasi','','00',NULL,NULL,'2019-09-04 21:08:45',NULL,NULL,810),('000000947693','7399042020000733','20190904211458','1','MUHAMMAD RAJA NIRWANA','000048500000','360','Biaya Registrasi','','00',NULL,NULL,'2019-09-04 21:15:00',NULL,NULL,811),('000000947893','7399042020000733','20190904211508','1','MUHAMMAD RAJA NIRWANA','000048500000','360','Biaya Registrasi','','00',NULL,NULL,'2019-09-04 21:15:10',NULL,NULL,812),('000000948402','7399042020000733','20190904211537','1','MUHAMMAD RAJA NIRWANA','000048500000','360','Biaya Registrasi','','00',NULL,NULL,'2019-09-04 21:15:38',NULL,NULL,813),('000321560383','7399042020000321','20190904212240','1','HANIF MUFLIH','000048500000','360','Biaya Registrasi','','00',NULL,NULL,'2019-09-04 21:22:44',NULL,NULL,814),('000000006577','7399042020000625','20190904214631','1','OLIVIA DIANTY FAIRUZ SAPPHIR','000048500000','360','Biaya Registrasi','','00',NULL,NULL,'2019-09-04 21:46:33',NULL,NULL,815),('453213      ','7399042020000734','20190904215418','1','DAKSANI KHALISH NUR BAYU AJI','000048500000','360','Biaya Registrasi','','00',NULL,NULL,'2019-09-04 21:54:21',NULL,NULL,816),('221904      ','7399042020000687','20190904223301','1','AZKA NOVA YULISTIOWATI','000048500000','360','Biaya Registrasi','','00',NULL,NULL,'2019-09-04 22:33:05',NULL,NULL,817),('000000553136','7399042020000568','20190905052730','2','ELVIA ZAHRA SATRIYO','000048500000','360','Biaya Registrasi','','00',NULL,NULL,'2019-09-05 05:27:48',NULL,NULL,818),('206759389918','7399042020000742','20190905054805','1','MUHAMMAD ZIDAN VIALDI','000048500000','360','Biaya Registrasi','','00',NULL,NULL,'2019-09-05 05:48:07',NULL,NULL,819),('000000001164','7399042020000674','20190905065423','1','NADIA SALMA AFIFAH','000048500000','360','Biaya Registrasi','','00',NULL,NULL,'2019-09-05 06:54:25',NULL,NULL,820),('004901      ','7399042020000720','20190905070112','1','NAUFAL RAMADHAN','000048500000','360','Biaya Registrasi','','00',NULL,NULL,'2019-09-05 07:01:15',NULL,NULL,821),('000000309131','7399042020000249','20190905072614','1','HUMAIRA NADIRA','000048500000','360','Biaya Registrasi','','00',NULL,NULL,'2019-09-05 07:26:16',NULL,NULL,822),('000000561167','7399042020000743','20190905073533','2','ILHAM FAJRI MISHBAHUDDI','000048500000','360','Biaya Registrasi','','00',NULL,NULL,'2019-09-05 07:35:50',NULL,NULL,823),('006165      ','7399042020000631','20190905075754','1','RADITYA RULIFF ARTHAFITZ FIRLI','000048500000','360','Biaya Registrasi','','00',NULL,NULL,'2019-09-05 07:57:56',NULL,NULL,824),('081406000364','7399042020000063','20190905081406','2','RADHIT SAIFUL ABRAR','000048500000','360','Biaya Registrasi','','00',NULL,NULL,'2019-09-05 08:19:04',NULL,NULL,825),('082908000626','7399042020000649','20190905082908','2','PUTRA PRATAMA R','000048500000','360','Biaya Registrasi','','00',NULL,NULL,'2019-09-05 08:34:06',NULL,NULL,826),('000000002370','7399042020000711','20190905084717','1','SALSABILLA SCIENCE SAQEENA','000048500000','360','Biaya Registrasi','','00',NULL,NULL,'2019-09-05 08:47:18',NULL,NULL,827),('000000005263','7399042020000745','20190905084743','1','FARAH NADIRA RAYYA','000048500000','360','Biaya Registrasi','','00',NULL,NULL,'2019-09-05 08:47:46',NULL,NULL,828),('000000000540','7399042020000745','20190905085917','1','FARAH NADIRA RAYYA','000048500000','360','Biaya Registrasi','','00',NULL,NULL,'2019-09-05 08:49:58',NULL,NULL,829),('637125      ','7399042020000525','20190905085612','1','EMAILIA RAHMATINA','000048500000','360','Biaya Registrasi','','00',NULL,NULL,'2019-09-05 08:56:15',NULL,NULL,830),('000000004455','7399042020000746','20190905090935','1','ZIDAN MUBAROK','000048500000','360','Biaya Registrasi','','00',NULL,NULL,'2019-09-05 09:09:37',NULL,NULL,831),('000000462096','7399042020000517','20190905091642','1','BIANCA SYIFA RANIA AL ANSHORI','000048500000','360','Biaya Registrasi','','00',NULL,NULL,'2019-09-05 09:16:44',NULL,NULL,832),('000000462252','7399042020000517','20190905091647','1','BIANCA SYIFA RANIA AL ANSHORI','000048500000','360','Biaya Registrasi','','00',NULL,NULL,'2019-09-05 09:16:49',NULL,NULL,833),('000000385816','7399042020000702','20190905091035','1','ALTHAMIRA NASHA RAMADHIYA','000048500000','360','Biaya Registrasi','','00',NULL,NULL,'2019-09-05 09:17:03',NULL,NULL,834),('000000464395','7399042020000517','20190905091800','1','BIANCA SYIFA RANIA AL ANSHORI','000048500000','360','Biaya Registrasi','','00',NULL,NULL,'2019-09-05 09:18:02',NULL,NULL,835),('000000006568','7399042020000747','20190905093712','1','MUHAMMAD FIKRY ALY HUSEIN','000048500000','360','Biaya Registrasi','','00',NULL,NULL,'2019-09-05 09:37:14',NULL,NULL,836),('095641002386','7399042820000499','20190905095641','2','HISYAM ABDURRAHMAN','000048500000','360','Biaya Registrasi','','00',NULL,NULL,'2019-09-05 10:01:42',NULL,NULL,837),('677922      ','7399042019003814','20190905100821','1','','','','','','15',NULL,NULL,'2019-09-05 10:08:24',NULL,NULL,838),('683383      ','7399042019003814','20190905100828','1','','','','','','15',NULL,NULL,'2019-09-05 10:08:30',NULL,NULL,839),('000000440829','7399042020000714','20190905102700','1','MUAHAMMAD HILMY NOOR FAJRI','000048500000','360','Biaya Registrasi','','00',NULL,NULL,'2019-09-05 10:33:28',NULL,NULL,840),('000000007389','7399042020000715','20190905105638','1','FAYZA SALSABILA SYAUQI','000048500000','360','Biaya Registrasi','','00',NULL,NULL,'2019-09-05 10:56:41',NULL,NULL,841),('723153      ','7399042020000367','20190905105923','1','ULIMA EDRIA SASKARA','000048500000','360','Biaya Registrasi','','00',NULL,NULL,'2019-09-05 10:59:26',NULL,NULL,842),('114214005693','7399042020000716','20190905114214','2','THALITA LABIBA','000048500000','360','Biaya Registrasi','','00',NULL,NULL,'2019-09-05 11:47:12',NULL,NULL,843),('007605      ','7399042020000753','20190905114722','1','DZAR FAIQ ALAQILA','000048500000','360','Biaya Registrasi','','00',NULL,NULL,'2019-09-05 11:47:28',NULL,NULL,844),('007615      ','7399042020000754','20190905115256','1','DZATI DZIKRI ASLEKA','000048500000','360','Biaya Registrasi','','00',NULL,NULL,'2019-09-05 11:53:02',NULL,NULL,845),('000000000852','7399042020000638','20190905115942','1','MEUTIA AMALIA PUTRI YAWANTARA','000048500000','360','Biaya Registrasi','','00',NULL,NULL,'2019-09-05 11:59:44',NULL,NULL,846),('000000000707','7399042020000731','20190905120554','1','KAYLA KHAIRUNISSA FERIZAL','000048500000','360','Biaya Registrasi','','00',NULL,NULL,'2019-09-05 12:05:57',NULL,NULL,847),('006471      ','7399042020000761','20190905130943','1','FAIZ AHMAD DAWAMI','000048500000','360','Biaya Registrasi','','00',NULL,NULL,'2019-09-05 12:09:45',NULL,NULL,848),('779390      ','7399042020000726','20190905124812','1','MUHAMMAD AZIZ NAAFI&RSQUO;U SA','000048500000','360','Biaya Registrasi','','00',NULL,NULL,'2019-09-05 12:48:14',NULL,NULL,849),('000000918620','7399042020000759','20190905125552','1','ALDAYLA SUKMAWATI RAHARDJO','000048500000','360','Biaya Registrasi','','00',NULL,NULL,'2019-09-05 12:55:46',NULL,NULL,850),('000000000009','7399042020000727','20190905125920','1','NURUL HUSNA INDA MILLATI','000048500000','360','Biaya Registrasi','','00',NULL,NULL,'2019-09-05 12:58:22',NULL,NULL,851),('130412007109','7399042020000727','20190905130412','2','NURUL HUSNA INDA MILLATI','000048500000','360','Biaya Registrasi','','00',NULL,NULL,'2019-09-05 13:09:11',NULL,NULL,852),('000000008777','7399042020000104','20190905132743','1','PRIMA JUWITA HIDARAHAYU','000048500000','360','Biaya Registrasi','','00',NULL,NULL,'2019-09-05 13:27:46',NULL,NULL,853),('807397      ','7399042020000683','20190905133003','1','WILDAN DAFFA RABBANI ','000048500000','360','Biaya Registrasi','','00',NULL,NULL,'2019-09-05 13:30:09',NULL,NULL,854),('284710924801','7399042020000758','20190905133942','2','AISYAH KHAIRANI','000048500000','360','Biaya Registrasi','','00',NULL,NULL,'2019-09-05 13:39:56',NULL,NULL,855),('000000954248','7399042020000766','20190905135438','1','JEHAAN DEVANYA SALSABIIL FADHI','000048500000','360','Biaya Registrasi','','00',NULL,NULL,'2019-09-05 13:54:40',NULL,NULL,856),('000000954636','7399042020000766','20190905135451','1','JEHAAN DEVANYA SALSABIIL FADHI','000048500000','360','Biaya Registrasi','','00',NULL,NULL,'2019-09-05 13:54:53',NULL,NULL,857),('000000956784','7399042020000766','20190905135602','1','JEHAAN DEVANYA SALSABIIL FADHI','000048500000','360','Biaya Registrasi','','00',NULL,NULL,'2019-09-05 13:56:05',NULL,NULL,858),('005205      ','7399042020000755','20190905140501','1','RADIAN AKHTAR','000048500000','360','Biaya Registrasi','','00',NULL,NULL,'2019-09-05 14:04:40',NULL,NULL,859),('000000005349','7399042020000732','20190905141220','1','RAFIE PUTRA ANANDA','000048500000','360','Biaya Registrasi','','00',NULL,NULL,'2019-09-05 14:11:20',NULL,NULL,860),('000000006232','7399042020000767','20190905142540','1','FACHRI FAJAR RAMADHAN','000048500000','360','Biaya Registrasi','','00',NULL,NULL,'2019-09-05 14:25:42',NULL,NULL,861),('890413      ','7399042020000768','20190905142848','1','TEGAR MASAKI HAFIDZ HADIANSYAH','000048500000','360','Biaya Registrasi','','00',NULL,NULL,'2019-09-05 14:28:51',NULL,NULL,862),('000000008818','7399042020000448','20190905143405','1','MUHAMMAD SALMAN GHIFFARY','000048500000','360','Biaya Registrasi','','00',NULL,NULL,'2019-09-05 14:34:07',NULL,NULL,863),('000000612190','7399042020000650','20190905143947','2','MUHAMMAD RAUDHIA AL-KAUTSARA','000048500000','360','Biaya Registrasi','','00',NULL,NULL,'2019-09-05 14:40:05',NULL,NULL,864),('874139      ','7399042020000770','20190905150502','1','MAULANA GALIH MAHRIZAL','000048500000','360','Biaya Registrasi','','00',NULL,NULL,'2019-09-05 15:05:05',NULL,NULL,865),('000000009076','7399042020000736','20190905152019','1','MUHAMMAD ZAHRAN NASIR','000048500000','360','Biaya Registrasi','','00',NULL,NULL,'2019-09-05 15:20:22',NULL,NULL,866),('000000254196','7399042020000773','20190905155047','1','MUHAMMAD BILAL BACHTIAR','000048500000','360','Biaya Registrasi','','00',NULL,NULL,'2019-09-05 15:50:50',NULL,NULL,867),('000000254392','7399042020000773','20190905155054','1','MUHAMMAD BILAL BACHTIAR','000048500000','360','Biaya Registrasi','','00',NULL,NULL,'2019-09-05 15:50:57',NULL,NULL,868),('000000257491','7399042020000773','20190905155245','1','MUHAMMAD BILAL BACHTIAR','000048500000','360','Biaya Registrasi','','00',NULL,NULL,'2019-09-05 15:52:47',NULL,NULL,869),('000000260923','7399042020000772','20190905155449','1','FALISHA NAJYA NIBRAS','000048500000','360','Biaya Registrasi','','00',NULL,NULL,'2019-09-05 15:54:52',NULL,NULL,870),('000000261799','7399042020000772','20190905155520','1','FALISHA NAJYA NIBRAS','000048500000','360','Biaya Registrasi','','00',NULL,NULL,'2019-09-05 15:55:22',NULL,NULL,871),('000000263066','7399042020000772','20190905155609','1','FALISHA NAJYA NIBRAS','000048500000','360','Biaya Registrasi','','00',NULL,NULL,'2019-09-05 15:56:11',NULL,NULL,872),('191514      ','7399042020000580','20190905160238','1','BIRRU ABDILLAH','000048500000','360','Biaya Registrasi','','00',NULL,NULL,'2019-09-05 16:05:10',NULL,NULL,873),('191560      ','7399042020000580','20190905160252','1','BIRRU ABDILLAH','000048500000','360','Biaya Registrasi','','00',NULL,NULL,'2019-09-05 16:05:25',NULL,NULL,874),('000000299965','7399042020000774','20190905161749','1','SOVA NUR AVIVA','000048500000','360','Biaya Registrasi','','00',NULL,NULL,'2019-09-05 16:17:51',NULL,NULL,875),('000000300168','7399042020000774','20190905161756','1','SOVA NUR AVIVA','000048500000','360','Biaya Registrasi','','00',NULL,NULL,'2019-09-05 16:17:58',NULL,NULL,876),('000000301664','7399042020000774','20190905161852','1','SOVA NUR AVIVA','000048500000','360','Biaya Registrasi','','00',NULL,NULL,'2019-09-05 16:18:54',NULL,NULL,877),('000000005575','7399042020000685','20190905164345','1','ATSILAH FAIHAA AZ-ZAHRA','000048500000','360','Biaya Registrasi','','00',NULL,NULL,'2019-09-05 16:40:32',NULL,NULL,878),('000000000357','7399042020000777','20190905173516','1','MUHAMMAD RAFAEL PURWONO','000048500000','360','Biaya Registrasi','','00',NULL,NULL,'2019-09-05 17:35:19',NULL,NULL,879),('000000634953','7399042020000780','20190905180213','2','FATIYA FILDZAH AFIFAH','000048500000','360','Biaya Registrasi','','00',NULL,NULL,'2019-09-05 18:02:31',NULL,NULL,880),('985780      ','7399042020000781','20190905183822','1','HANIYATUR RIDHA','000048500000','360','Biaya Registrasi','','00',NULL,NULL,'2019-09-05 18:38:24',NULL,NULL,881),('000000528580','7399042020000782','20190905183900','1','TASYA ANDINA RAIVI','000048500000','360','Biaya Registrasi','','00',NULL,NULL,'2019-09-05 18:39:03',NULL,NULL,882),('000000529009','7399042020000782','20190905183915','1','TASYA ANDINA RAIVI','000048500000','360','Biaya Registrasi','','00',NULL,NULL,'2019-09-05 18:39:17',NULL,NULL,883),('000000529616','7399042020000782','20190905183935','1','TASYA ANDINA RAIVI','000048500000','360','Biaya Registrasi','','00',NULL,NULL,'2019-09-05 18:39:38',NULL,NULL,884),('000000828086','7399042020000749','20190905185821','1','SAHLA NAURA','000048500000','360','Biaya Registrasi','','00',NULL,NULL,'2019-09-05 19:04:50',NULL,NULL,885),('000000598051','7399042020000784','20190905192116','1','ARLY AFZALYTA RAHMANSYAH','000048500000','360','Biaya Registrasi','','00',NULL,NULL,'2019-09-05 19:21:21',NULL,NULL,886),('000012      ','7399042020000510','20190905214959','1','KEISYA NAYLA JUFAR NURYANI','000048500000','360','Biaya Registrasi','','00',NULL,NULL,'2019-09-05 19:50:01',NULL,NULL,887),('634333      ','7399042020000788','20190905203217','1','BAQIR MOCHAMAD ALAMSYAH','000048500000','360','Biaya Registrasi','','00',NULL,NULL,'2019-09-05 20:32:21',NULL,NULL,888),('807032      ','7399042020000787','20190905203258','1','SYAHIDA AZKA AULIYA','000048500000','360','Biaya Registrasi','','00',NULL,NULL,'2019-09-05 20:33:00',NULL,NULL,889),('000000003151','7399042020000700','20190905205715','1','CLAUDIA TRISNA JAYA','000048500000','360','Biaya Registrasi','','00',NULL,NULL,'2019-09-05 20:57:19',NULL,NULL,890),('000000663223','7399042020000785','20190906061119','2','NAYLA HUMAIRAH DINOOR','000048500000','360','Biaya Registrasi','','00',NULL,NULL,'2019-09-06 06:11:38',NULL,NULL,891),('000000005336','7399042020000629','20190906073815','1','ANNISA SHAFIRA RAMADHANI','000048500000','360','Biaya Registrasi','','00',NULL,NULL,'2019-09-06 07:38:18',NULL,NULL,892),('000000005181','7399042020000798','20190906091028','1','FATHURRAHMAN AL-HAQ','000048500000','360','Biaya Registrasi','','00',NULL,NULL,'2019-09-06 09:10:32',NULL,NULL,893),('000000005183','7399042020000798','20190906091311','1','FATHURRAHMAN AL-HAQ','000048500000','360','Biaya Registrasi','','00',NULL,NULL,'2019-09-06 09:13:13',NULL,NULL,894),('000000000656','7399042020000798','20190906092514','1','FATHURRAHMAN AL-HAQ','000048500000','360','Biaya Registrasi','','00',NULL,NULL,'2019-09-06 09:15:55',NULL,NULL,895),('870932      ','7399042020000244','20190906091629','1','AULIA NUR AFIFAH','000048500000','360','Biaya Registrasi','','00',NULL,NULL,'2019-09-06 09:16:31',NULL,NULL,896),('091354002019','7399042020000647','20190906091354','2','SABRINA AMALIA ZAHRA DAULAY','000048500000','360','Biaya Registrasi','','00',NULL,NULL,'2019-09-06 09:18:54',NULL,NULL,897),('813277      ','7399042020000797','20190906095153','1','KEYSA LATHIFA ALKHANSA','000048500000','360','Biaya Registrasi','','00',NULL,NULL,'2019-09-06 09:52:28',NULL,NULL,898),('347751      ','7399042020000797','20190906095551','1','KEYSA LATHIFA ALKHANSA','000048500000','360','Biaya Registrasi','','00',NULL,NULL,'2019-09-06 09:55:54',NULL,NULL,899),('000323007343','7399042020000805','20190906111428','1','HANIYA MURSYIDAH TAZKIYA ARFA','000048500000','360','Biaya Registrasi','','00',NULL,NULL,'2019-09-06 11:14:34',NULL,NULL,900),('111042005394','7399042020000375','20190906111042','2','AISYAH QONITAH DZATIL IZZAH','000048500000','360','Biaya Registrasi','','00',NULL,NULL,'2019-09-06 11:15:41',NULL,NULL,901),('111058005403','7399042020000375','20190906111058','2','AISYAH QONITAH DZATIL IZZAH','000048500000','360','Biaya Registrasi','','00',NULL,NULL,'2019-09-06 11:15:58',NULL,NULL,902),('441872924901','7399042020000752','20190906112510','2','MUHAMMAD YAHYA ALHAKIM','000048500000','360','Biaya Registrasi','','00',NULL,NULL,'2019-09-06 11:25:24',NULL,NULL,903),('000000006301','7399042020000643','20190906130540','1','AZKA KHANSA KARIMAH','000048500000','360','Biaya Registrasi','','00',NULL,NULL,'2019-09-06 13:02:50',NULL,NULL,904),('851895      ','7399042020000808','20190906130333','1','CAMELIA ALIFAH UTAMA','000048500000','360','Biaya Registrasi','','00',NULL,NULL,'2019-09-06 13:03:36',NULL,NULL,905),('131020006585','7399042020000741','20190906131020','2','HILMI AHMAD NUR AULIA','000048500000','360','Biaya Registrasi','','00',NULL,NULL,'2019-09-06 13:15:20',NULL,NULL,906),('783116      ','7399042020000792','20190906134000','1','FAHRI AL GHANI HAMMAMI SIDIK','000048500000','360','Biaya Registrasi','','00',NULL,NULL,'2019-09-06 13:40:22',NULL,NULL,907),('783374      ','7399042020000792','20190906134200','1','FAHRI AL GHANI HAMMAMI SIDIK','000048500000','360','Biaya Registrasi','','00',NULL,NULL,'2019-09-06 13:42:18',NULL,NULL,908),('879693      ','7399042020000810','20190906135615','1','MUHAMMAD FAKHRY MUMTAZ','000048500000','360','Biaya Registrasi','','00',NULL,NULL,'2019-09-06 13:56:34',NULL,NULL,909),('218553      ','7399042020000794','20190906143821','1','RATU RACHEL AQILAH ASSAJAD ','000048500000','360','Biaya Registrasi','','00',NULL,NULL,'2019-09-06 14:38:23',NULL,NULL,910),('000000273105','7399042020000771','20190906143805','1','ARISUGAWA HERDADI','000048500000','360','Biaya Registrasi','','00',NULL,NULL,'2019-09-06 14:44:35',NULL,NULL,911),('000000005439','7399042020000812','20190906150003','1','MUAMAR AZRIEL AISYAN FARICK','000048500000','360','Biaya Registrasi','','00',NULL,NULL,'2019-09-06 15:00:06',NULL,NULL,912),('000000009880','7399042020000812','20190906151405','1','MUAMAR AZRIEL AISYAN FARICK','000048500000','360','Biaya Registrasi','','00',NULL,NULL,'2019-09-06 15:14:07',NULL,NULL,913),('008109      ','7399042020000813','20190906154617','1','VANIA DZAKIYA RAFIFAH','000048500000','360','Biaya Registrasi','','00',NULL,NULL,'2019-09-06 15:46:22',NULL,NULL,914),('000000008211','7399042020000763','20190906181944','1','FARISA SABILLA YASSAROH','000048500000','360','Biaya Registrasi','','00',NULL,NULL,'2019-09-06 17:21:15',NULL,NULL,915),('206777400330','7399042020000821','20190906173448','1','LOUIS VERSALINE HARYONO','000048500000','360','Biaya Registrasi','','00',NULL,NULL,'2019-09-06 17:34:51',NULL,NULL,916),('009037      ','7399042020000659','20190906175659','1','TAZKIA FAKHIRAH AZZAHRA SOMANT','000048500000','360','Biaya Registrasi','','00',NULL,NULL,'2019-09-06 17:57:02',NULL,NULL,917),('000000004393','7399042020000807','20190906183127','1','SABRINA ALTHAFUNNISA','000048500000','360','Biaya Registrasi','','00',NULL,NULL,'2019-09-06 18:31:30',NULL,NULL,918),('000000003465','7399042020000529','20190906185559','1','MUHAMMAD HANIF ARKAN','000048500000','360','Biaya Registrasi','','00',NULL,NULL,'2019-09-06 18:56:02',NULL,NULL,919),('000000378799','7399042020000726','20190906185742','1','MUHAMMAD AZIZ NAAFI&RSQUO;U SA','000048500000','360','Biaya Registrasi','','00',NULL,NULL,'2019-09-06 18:57:45',NULL,NULL,920),('000000382760','7399042020000726','20190906190013','1','MUHAMMAD AZIZ NAAFI&RSQUO;U SA','000048500000','360','Biaya Registrasi','','00',NULL,NULL,'2019-09-06 19:00:17',NULL,NULL,921),('559835      ','7399042020000824','20190906191335','1','MUHAMMAD AZIZ NAAFIU SALAM','000048500000','360','Biaya Registrasi','','00',NULL,NULL,'2019-09-06 19:13:37',NULL,NULL,922),('009555      ','7399042020000728','20190906191353','1','AUFA HILMAN FATHIRA ZAHRIE','000048500000','360','Biaya Registrasi','','00',NULL,NULL,'2019-09-06 19:13:56',NULL,NULL,923),('569216      ','7399042020000823','20190906191422','1','JAGAD PRABU PINILIH HAIDAR BAQ','000048500000','360','Biaya Registrasi','','00',NULL,NULL,'2019-09-06 19:14:41',NULL,NULL,924),('000000002343','7399042020000548','20190906193354','1','KHALIFA MAZAYA RAMADHAN','000048500000','360','Biaya Registrasi','','00',NULL,NULL,'2019-09-06 19:33:57',NULL,NULL,925),('000323614546','7399042020000670','20190906203124','1','SHOFIYAH ASY SYIFA','000048500000','360','Biaya Registrasi','','00',NULL,NULL,'2019-09-06 20:31:30',NULL,NULL,926),('000000536148','7399042020000833','20190906204507','1','FAKHRI KAMAL IBRAHIM','000048500000','360','Biaya Registrasi','','00',NULL,NULL,'2019-09-06 20:45:10',NULL,NULL,927),('000000538178','7399042020000833','20190906204643','1','FAKHRI KAMAL IBRAHIM','000048500000','360','Biaya Registrasi','','00',NULL,NULL,'2019-09-06 20:46:45',NULL,NULL,928),('000000538410','7399042020000833','20190906204653','1','FAKHRI KAMAL IBRAHIM','000048500000','360','Biaya Registrasi','','00',NULL,NULL,'2019-09-06 20:46:56',NULL,NULL,929),('000000539222','7399042020000833','20190906204726','1','FAKHRI KAMAL IBRAHIM','000048500000','360','Biaya Registrasi','','00',NULL,NULL,'2019-09-06 20:47:29',NULL,NULL,930),('000323645133','7399042020000505','20190906210825','1','ELSEN YOSA REVANADA','000048500000','360','Biaya Registrasi','','00',NULL,NULL,'2019-09-06 21:08:30',NULL,NULL,931),('206780204276','7399042020000837','20190906225145','1','MUHAMMAD FAWWAZ AZKA KHAIRAN','000048500000','360','Biaya Registrasi','','00',NULL,NULL,'2019-09-06 22:51:48',NULL,NULL,932),('206780220640','7399042020000837','20190906225527','1','MUHAMMAD FAWWAZ AZKA KHAIRAN','000048500000','360','Biaya Registrasi','','00',NULL,NULL,'2019-09-06 22:55:30',NULL,NULL,933),('694690      ','7399042020000841','20190907064400','1','SAJIDAN MUHAMMAD VEGA','000048500000','360','Biaya Registrasi','','00',NULL,NULL,'2019-09-07 06:44:03',NULL,NULL,934),('000000003405','7399042020000634','20190907071910','1','MUHAMMAD YAZID ILMANY','000048500000','360','Biaya Registrasi','','00',NULL,NULL,'2019-09-07 07:19:13',NULL,NULL,935),('936465      ','7399042020000719','20190907085645','1','VINKA REGIA AZRA RABBANI','000048500000','360','Biaya Registrasi','','00',NULL,NULL,'2019-09-07 08:56:49',NULL,NULL,936),('990306      ','7399042020000719','20190907085704','1','VINKA REGIA AZRA RABBANI','000048500000','360','Biaya Registrasi','','00',NULL,NULL,'2019-09-07 08:57:07',NULL,NULL,937),('000000007679','7399042020000845','20190907085705','1','ANNISA ALYA ZHAFIRA','000048500000','360','Biaya Registrasi','','00',NULL,NULL,'2019-09-07 08:57:14',NULL,NULL,938),('000391323303','7399042020000848','20190907093031','1','RAIHANA AISYAH ZAHRA','000048500000','360','Biaya Registrasi','','00',NULL,NULL,'2019-09-07 09:30:35',NULL,NULL,939),('996911      ','7399042020000847','20190907093254','1','FAUZAN MUBAROK ASYIKIN','000048500000','360','Biaya Registrasi','','00',NULL,NULL,'2019-09-07 09:33:03',NULL,NULL,940),('996938      ','7399042020000847','20190907093301','1','FAUZAN MUBAROK ASYIKIN','000048500000','360','Biaya Registrasi','','00',NULL,NULL,'2019-09-07 09:33:04',NULL,NULL,941),('768476      ','7399042020000850','20190907094625','1','AURELLIA MARCHA ALIFAH','000048500000','360','Biaya Registrasi','','00',NULL,NULL,'2019-09-07 09:46:28',NULL,NULL,942),('768917      ','7399042020000851','20190907095251','1','MUHAMMAD AZZAM RANTISI','000048500000','360','Biaya Registrasi','','00',NULL,NULL,'2019-09-07 09:52:54',NULL,NULL,943),('000000006482','7399042020000832','20190907100106','1','PUTRI GANYA ARIFAH','000048500000','360','Biaya Registrasi','','00',NULL,NULL,'2019-09-07 10:01:09',NULL,NULL,944),('000000149421','7399042020000854','20190907101933','1','ERLANGGA ADITYA KUSUMA','000048500000','360','Biaya Registrasi','','00',NULL,NULL,'2019-09-07 10:19:36',NULL,NULL,945),('000000149681','7399042020000854','20190907101942','1','ERLANGGA ADITYA KUSUMA','000048500000','360','Biaya Registrasi','','00',NULL,NULL,'2019-09-07 10:19:46',NULL,NULL,946),('000000150901','7399042020000854','20190907102030','1','ERLANGGA ADITYA KUSUMA','000048500000','360','Biaya Registrasi','','00',NULL,NULL,'2019-09-07 10:20:33',NULL,NULL,947),('781967      ','7399042020000848','20190907104811','1','RAIHANA AISYAH ZAHRA','000048500000','360','Biaya Registrasi','','00',NULL,NULL,'2019-09-07 10:48:14',NULL,NULL,948),('802282      ','7399042020000848','20190907104849','1','RAIHANA AISYAH ZAHRA','000048500000','360','Biaya Registrasi','','00',NULL,NULL,'2019-09-07 10:49:00',NULL,NULL,949),('833357      ','7399042020000155','20190907120032','1','RENAYYA NAURA FAYZA','000048500000','360','Biaya Registrasi','','00',NULL,NULL,'2019-09-07 12:00:35',NULL,NULL,950),('833703      ','7399042020000849','20190907121248','1','FAIZA HUMAIRA FEBRIANTI','000048500000','360','Biaya Registrasi','','00',NULL,NULL,'2019-09-07 12:12:51',NULL,NULL,951),('000000402944','7399042020000856','20190907120926','1','JAMIL ALI MUCHTAR','000048500000','360','Biaya Registrasi','','00',NULL,NULL,'2019-09-07 12:15:57',NULL,NULL,952),('007138      ','7399042020000831','20190907122643','1','SYIFA KHAERUNNISA SALSABILA','000048500000','360','Biaya Registrasi','','00',NULL,NULL,'2019-09-07 12:26:47',NULL,NULL,953),('869515      ','7399042020000835','20190907132037','1','KEISYA TRAMILIA ZEVANYA','000048500000','360','Biaya Registrasi','','00',NULL,NULL,'2019-09-07 13:20:40',NULL,NULL,954),('000000797399','7399042020000858','20190907132455','2','IKRIMATUL LATHIFA','000048500000','360','Biaya Registrasi','','00',NULL,NULL,'2019-09-07 13:25:15',NULL,NULL,955),('000000494775','7399042020000827','20190907141101','1','AZKA HAQ QEISHAR AIRLANGGA','000048500000','360','Biaya Registrasi','','00',NULL,NULL,'2019-09-07 14:11:04',NULL,NULL,956),('000000496623','7399042020000827','20190907141219','1','AZKA HAQ QEISHAR AIRLANGGA','000048500000','360','Biaya Registrasi','','00',NULL,NULL,'2019-09-07 14:12:23',NULL,NULL,957),('006411      ','7399042020000861','20190907141425','1','MUHAMMAD REFA MUYASSAR','000048500000','360','Biaya Registrasi','','00',NULL,NULL,'2019-09-07 14:14:28',NULL,NULL,958),('000000500022','7399042020000827','20190907141446','1','AZKA HAQ QEISHAR AIRLANGGA','000048500000','360','Biaya Registrasi','','00',NULL,NULL,'2019-09-07 14:14:49',NULL,NULL,959),('000000500099','7399042020000827','20190907141449','1','AZKA HAQ QEISHAR AIRLANGGA','000048500000','360','Biaya Registrasi','','00',NULL,NULL,'2019-09-07 14:14:53',NULL,NULL,960),('006413      ','7399042020000862','20190907141556','1','MUHAMMAD RAFI MUYASSAR','000048500000','360','Biaya Registrasi','','00',NULL,NULL,'2019-09-07 14:16:00',NULL,NULL,961),('000000502831','7399042020000827','20190907141642','1','AZKA HAQ QEISHAR AIRLANGGA','000048500000','360','Biaya Registrasi','','00',NULL,NULL,'2019-09-07 14:16:45',NULL,NULL,962),('000000005884','7399042020000832','20190907141708','1','PUTRI GANYA ARIFAH','000048500000','360','Biaya Registrasi','','00',NULL,NULL,'2019-09-07 14:17:12',NULL,NULL,963),('000002695598','7399042020000852','20190907141853','1','NADHIF ZHAFIER PUTERA MARLIN','000048500000','360','Biaya Registrasi','','00',NULL,NULL,'2019-09-07 14:18:56',NULL,NULL,964),('008723      ','7399042020000664','20190907142831','1','MUHAMMAD NAWABIL MUMTAZ','000048500000','360','Biaya Registrasi','','00',NULL,NULL,'2019-09-07 14:28:34',NULL,NULL,965),('008490      ','7399042020000866','20190907144507','1','KINTAN NAZLA UMARI','000048500000','360','Biaya Registrasi','','00',NULL,NULL,'2019-09-07 14:45:10',NULL,NULL,966),('000000003047','7399042020000795','20190907151631','1','NABIL ATALLA AKHTAR','000048500000','360','Biaya Registrasi','','00',NULL,NULL,'2019-09-07 15:16:34',NULL,NULL,967),('000000739892','7399042020000872','20190907170635','1','TIWI DHARMA NELYANTI','000048500000','360','Biaya Registrasi','','00',NULL,NULL,'2019-09-07 17:06:39',NULL,NULL,968),('000000740507','7399042020000872','20190907170702','1','TIWI DHARMA NELYANTI','000048500000','360','Biaya Registrasi','','00',NULL,NULL,'2019-09-07 17:07:05',NULL,NULL,969),('000000741295','7399042020000872','20190907170733','1','TIWI DHARMA NELYANTI','000048500000','360','Biaya Registrasi','','00',NULL,NULL,'2019-09-07 17:07:36',NULL,NULL,970),('000000003245','7399042020000864','20190907171546','1','RAFI NABIL RAMADHAN','000048500000','360','Biaya Registrasi','','00',NULL,NULL,'2019-09-07 17:15:49',NULL,NULL,971),('000000922003','7399042020000737','20190907190751','1','MUHAMMAD FACHRI NUGROHO','000048500000','360','Biaya Registrasi','','00',NULL,NULL,'2019-09-07 19:07:55',NULL,NULL,972),('000000922195','7399042020000737','20190907190759','1','MUHAMMAD FACHRI NUGROHO','000048500000','360','Biaya Registrasi','','00',NULL,NULL,'2019-09-07 19:08:02',NULL,NULL,973),('000000923866','7399042020000737','20190907190910','1','MUHAMMAD FACHRI NUGROHO','000048500000','360','Biaya Registrasi','','00',NULL,NULL,'2019-09-07 19:09:13',NULL,NULL,974),('000000924700','7399042020000737','20190907190942','1','MUHAMMAD FACHRI NUGROHO','000048500000','360','Biaya Registrasi','','00',NULL,NULL,'2019-09-07 19:09:45',NULL,NULL,975),('000000007019','7399042020000871','20190907202129','1','MUHAMMAD RAMADHAN HAKIM','000048500000','360','Biaya Registrasi','','00',NULL,NULL,'2019-09-07 20:21:32',NULL,NULL,976),('000000826527','7399042020000751','20190907202906','2','ASTRI AWALIA','000048500000','360','Biaya Registrasi','','00',NULL,NULL,'2019-09-07 20:29:25',NULL,NULL,977),('000324470794','7399042020000874','20190907203515','1','FITHRI MARDHIYA MULIA PAMUNGKA','000048500000','360','Biaya Registrasi','','00',NULL,NULL,'2019-09-07 20:35:22',NULL,NULL,978),('684324      ','7399042020000879','20190907203956','1','ANANTA MUHAMMAD FIKAR','000048500000','360','Biaya Registrasi','','00',NULL,NULL,'2019-09-07 20:39:18',NULL,NULL,979),('000003073841','7399042020000880','20190907204623','1','LAYSAR GANENDRA PUTRA BUDI','000048500000','360','Biaya Registrasi','','00',NULL,NULL,'2019-09-07 20:46:26',NULL,NULL,980),('509880      ','7399042020000873','20190907204919','1','RAISYA EKA PUTRI','000048500000','360','Biaya Registrasi','','00',NULL,NULL,'2019-09-07 20:49:23',NULL,NULL,981),('603492      ','7399042020000884','20190907223205','1','MUHAMMAD HANIF ADZKIYA','000048500000','360','Biaya Registrasi','','00',NULL,NULL,'2019-09-07 22:32:08',NULL,NULL,982),('000010      ','7399042020000882','20190908081641','1','NAFIZA AFRAH NURI AARIN','000048500000','360','Biaya Registrasi','','00',NULL,NULL,'2019-09-08 08:16:44',NULL,NULL,983),('670397      ','7399042020000829','20190908084446','1','MUHAMMAD FAIZ ALHAQQI','000048500000','360','Biaya Registrasi','','00',NULL,NULL,'2019-09-08 08:44:49',NULL,NULL,984),('005608      ','7399042020000892','20190908085239','1','MUHAMMAD ZAKI RAMDHANI','000048500000','360','Biaya Registrasi','','00',NULL,NULL,'2019-09-08 08:52:43',NULL,NULL,985),('192139      ','7399042020000896','20190908090714','1','MUHAMMAD RAFIF HAKIQI','000048500000','360','Biaya Registrasi','','00',NULL,NULL,'2019-09-08 09:07:18',NULL,NULL,986),('000000567009','7399042020000901','20190908095706','1','KIREINA KHALIDZA NUR APRILLIA','000048500000','360','Biaya Registrasi','','00',NULL,NULL,'2019-09-08 09:57:10',NULL,NULL,987),('000000567153','7399042020000901','20190908095715','1','KIREINA KHALIDZA NUR APRILLIA','000048500000','360','Biaya Registrasi','','00',NULL,NULL,'2019-09-08 09:57:19',NULL,NULL,988),('000000568124','7399042020000901','20190908095814','1','KIREINA KHALIDZA NUR APRILLIA','000048500000','360','Biaya Registrasi','','00',NULL,NULL,'2019-09-08 09:58:18',NULL,NULL,989),('000000006719','7399042020000903','20190908103447','1','MUHAMMAD AD-DAUZ ARASEKA','000048500000','360','Biaya Registrasi','','00',NULL,NULL,'2019-09-08 10:34:51',NULL,NULL,990),('728073925101','7399042020000889','20190908103807','2','NAUFAL MUFID','000048500000','360','Biaya Registrasi','','00',NULL,NULL,'2019-09-08 10:38:23',NULL,NULL,991),('729142925101','7399042020000654','20190908104547','2','SULTHAN ALHAFIZD ABRAR','000048500000','360','Biaya Registrasi','','00',NULL,NULL,'2019-09-08 10:46:03',NULL,NULL,992),('729461925101','7399042020000654','20190908104822','2','SULTHAN ALHAFIZD ABRAR','000048500000','360','Biaya Registrasi','','00',NULL,NULL,'2019-09-08 10:48:37',NULL,NULL,993),('000000853108','7399042020000904','20190908105014','2','RADEN YAHYA SAYYID MUFAST SOER','000048500000','360','Biaya Registrasi','','00',NULL,NULL,'2019-09-08 10:50:34',NULL,NULL,994),('000000160092','7399042020000907','20190908112317','1','JAHRA SALIMAH','000048500000','360','Biaya Registrasi','','00',NULL,NULL,'2019-09-08 11:29:49',NULL,NULL,995),('741206      ','7399042020000914','20190908115524','1','DAANISYA HAFIZA MANGGALY','000048500000','360','Biaya Registrasi','','00',NULL,NULL,'2019-09-08 11:55:28',NULL,NULL,996),('007421      ','7399042020000898','20190908123335','1','MUHAMMAD RADITYA SYAHPUTRA','000048500000','360','Biaya Registrasi','','00',NULL,NULL,'2019-09-08 12:33:39',NULL,NULL,997),('000000755721','7399042020000909','20190908124919','1','HIROSHI MAULANA','000048500000','360','Biaya Registrasi','','00',NULL,NULL,'2019-09-08 12:49:23',NULL,NULL,998),('000000755972','7399042020000909','20190908124934','1','HIROSHI MAULANA','000048500000','360','Biaya Registrasi','','00',NULL,NULL,'2019-09-08 12:49:38',NULL,NULL,999),('000000767779','7399042020000918','20190908130055','1','HIROSHI MAULANA','000048500000','360','Biaya Registrasi','','00',NULL,NULL,'2019-09-08 13:00:59',NULL,NULL,1000),('000000767899','7399042020000918','20190908130102','1','HIROSHI MAULANA','000048500000','360','Biaya Registrasi','','00',NULL,NULL,'2019-09-08 13:01:06',NULL,NULL,1001),('000000769228','7399042020000918','20190908130219','1','HIROSHI MAULANA','000048500000','360','Biaya Registrasi','','00',NULL,NULL,'2019-09-08 13:02:23',NULL,NULL,1002),('000000209792','7399042020000906','20190908133243','1','RAFAEL GANADI RAKSAMANGGALA','000048500000','360','Biaya Registrasi','','00',NULL,NULL,'2019-09-08 13:39:16',NULL,NULL,1003),('216185      ','7399042020000896','20190908134631','1','MUHAMMAD RAFIF HAKIQI','000048500000','360','Biaya Registrasi','','00',NULL,NULL,'2019-09-08 13:46:34',NULL,NULL,1004),('236792      ','7399042020000886','20190908134723','1','AQILAH RASSAM','000048500000','360','Biaya Registrasi','','00',NULL,NULL,'2019-09-08 13:47:27',NULL,NULL,1005),('000000001885','7399042020000870','20190908143319','1','SITI ATHAYA FARHAH','000048500000','360','Biaya Registrasi','','00',NULL,NULL,'2019-09-08 14:33:23',NULL,NULL,1006),('683433      ','7399042020000920','20190908143556','1','ABYAN ADZFAR SADIKIN','000048500000','360','Biaya Registrasi','','00',NULL,NULL,'2019-09-08 14:36:00',NULL,NULL,1007),('000000863767','7399042020000919','20190908143619','1','HERNANDA RANSYA ALGHIFARI','000048500000','360','Biaya Registrasi','','00',NULL,NULL,'2019-09-08 14:36:23',NULL,NULL,1008),('000000865465','7399042020000919','20190908143808','1','HERNANDA RANSYA ALGHIFARI','000048500000','360','Biaya Registrasi','','00',NULL,NULL,'2019-09-08 14:38:11',NULL,NULL,1009),('000000865546','7399042020000919','20190908143813','1','HERNANDA RANSYA ALGHIFARI','000048500000','360','Biaya Registrasi','','00',NULL,NULL,'2019-09-08 14:38:17',NULL,NULL,1010),('000000866663','7399042020000919','20190908143919','1','HERNANDA RANSYA ALGHIFARI','000048500000','360','Biaya Registrasi','','00',NULL,NULL,'2019-09-08 14:39:23',NULL,NULL,1011),('000000866859','7399042020000919','20190908143930','1','HERNANDA RANSYA ALGHIFARI','000048500000','360','Biaya Registrasi','','00',NULL,NULL,'2019-09-08 14:39:34',NULL,NULL,1012),('000000006464','7399042020000923','20190908143945','1','RIFANA FAJAR CHOLIDITA','000048500000','360','Biaya Registrasi','','00',NULL,NULL,'2019-09-08 14:39:49',NULL,NULL,1013),('820055      ','7399042020000932','20190908160807','1','NAYLA FARAH IBRAHIM','000048500000','360','Biaya Registrasi','','00',NULL,NULL,'2019-09-08 16:08:11',NULL,NULL,1014),('000000876626','7399042020000934','20190908172819','2','NAILAH ISHMAH AZZAHRA','000048500000','360','Biaya Registrasi','','00',NULL,NULL,'2019-09-08 17:28:39',NULL,NULL,1015),('000000879263','7399042020000936','20190908181133','2','MUHAMMAD SYAUQI LUBIS','000048500000','360','Biaya Registrasi','','00',NULL,NULL,'2019-09-08 18:11:54',NULL,NULL,1016),('860919      ','7399042019002314','20190908182330','1','','','','','','15',NULL,NULL,'2019-09-08 18:23:34',NULL,NULL,1017),('854858      ','7399042019002314','20190908182340','1','','','','','','15',NULL,NULL,'2019-09-08 18:23:44',NULL,NULL,1018),('000000008239','7399042020000891','20190908190414','1','AHMAD JAZLAN ARDANI','000048500000','360','Biaya Registrasi','','00',NULL,NULL,'2019-09-08 18:54:53',NULL,NULL,1019),('000000355958','7399042020000859','20190908191027','1','FATHIYA NABILA HARDIYANI','000048500000','360','Biaya Registrasi','','00',NULL,NULL,'2019-09-08 19:17:00',NULL,NULL,1020),('000000297841','7399042020000944','20190908195137','1','LAILY RUZIQA SINDI YUTAMI','000048500000','360','Biaya Registrasi','','00',NULL,NULL,'2019-09-08 19:51:41',NULL,NULL,1021),('000000297964','7399042020000944','20190908195144','1','LAILY RUZIQA SINDI YUTAMI','000048500000','360','Biaya Registrasi','','00',NULL,NULL,'2019-09-08 19:51:48',NULL,NULL,1022),('000000298356','7399042020000944','20190908195206','1','LAILY RUZIQA SINDI YUTAMI','000048500000','360','Biaya Registrasi','','00',NULL,NULL,'2019-09-08 19:52:10',NULL,NULL,1023),('000000299182','7399042020000944','20190908195252','1','LAILY RUZIQA SINDI YUTAMI','000048500000','360','Biaya Registrasi','','00',NULL,NULL,'2019-09-08 19:52:56',NULL,NULL,1024),('906700      ','7399042020000941','20190908203706','1','AKYELA SETIAWAN ALLY','000048500000','360','Biaya Registrasi','','00',NULL,NULL,'2019-09-08 20:37:09',NULL,NULL,1025),('301852      ','7399042020000945','20190908204003','1','NAJLA ALMIRA MUMTAZ','000048500000','360','Biaya Registrasi','','00',NULL,NULL,'2019-09-08 20:40:07',NULL,NULL,1026),('000000009995','7399042020000933','20190908210250','1','AZZAM AL IRSYAD ZEN','000048500000','360','Biaya Registrasi','','00',NULL,NULL,'2019-09-08 21:02:54',NULL,NULL,1027),('000000000391','7399042020000902','20190908211347','1','M. DZIKRA ABIYYU HIDAYATULLAH','000048500000','360','Biaya Registrasi','','00',NULL,NULL,'2019-09-08 21:13:51',NULL,NULL,1028),('935071      ','7399042020000948','20190908214229','1','JAUHAR NAFIS ALBANJARI','000048500000','360','Biaya Registrasi','','00',NULL,NULL,'2019-09-08 21:42:32',NULL,NULL,1029),('000000621005','7399042020000799','20190909075558','1','AURA KEISYA DWIJULIYANTO','000048500000','360','Biaya Registrasi','','00',NULL,NULL,'2019-09-09 07:56:03',NULL,NULL,1030),('000000621174','7399042020000799','20190909075608','1','AURA KEISYA DWIJULIYANTO','000048500000','360','Biaya Registrasi','','00',NULL,NULL,'2019-09-09 07:56:12',NULL,NULL,1031),('000000621555','7399042020000799','20190909075630','1','AURA KEISYA DWIJULIYANTO','000048500000','360','Biaya Registrasi','','00',NULL,NULL,'2019-09-09 07:56:35',NULL,NULL,1032),('000000466857','7399042020000953','20190909080255','1','FAWWAZ HASIBUAN','000048500000','360','Biaya Registrasi','','00',NULL,NULL,'2019-09-09 08:09:29',NULL,NULL,1033),('000000587856','7399042020000916','20190909081643','1','ZALFA ATHIFAH JASMINE SETIAWAN','000048500000','360','Biaya Registrasi','','00',NULL,NULL,'2019-09-09 08:23:16',NULL,NULL,1034),('986805      ','7399042020000954','20190909083759','1','AFLAH RAIHAN MUHAMMAD','000048500000','360','Biaya Registrasi','','00',NULL,NULL,'2019-09-09 08:38:05',NULL,NULL,1035),('000000006055','7399042020000182','20190909085331','1','ZAHRA ULINNUKHA','000048500000','360','Biaya Registrasi','','00',NULL,NULL,'2019-09-09 08:53:37',NULL,NULL,1036),('000311      ','7399042020000938','20190909091936','1','HAURA FATHIYA ROSYIDAH','000048500000','360','Biaya Registrasi','','00',NULL,NULL,'2019-09-09 09:19:41',NULL,NULL,1037),('008430      ','7399042020000950','20190909092800','1','HANIFA QUINNSA KAMILA','000048500000','360','Biaya Registrasi','','00',NULL,NULL,'2019-09-09 09:28:05',NULL,NULL,1038),('000000008444','7399042020000957','20190909094552','1','TSANIA NISRINA NUR AZMI','000048500000','360','Biaya Registrasi','','00',NULL,NULL,'2019-09-09 09:45:56',NULL,NULL,1039),('855852925201','7399042020000960','20190909095110','2','AZMI SUKMA RAMADHANI','000048500000','360','Biaya Registrasi','','00',NULL,NULL,'2019-09-09 09:51:27',NULL,NULL,1040),('366561      ','7399042020000965','20190909101452','1','AMMAR MUHAMMAD YUSUF FATHURRAH','000048500000','360','Biaya Registrasi','','00',NULL,NULL,'2019-09-09 10:15:00',NULL,NULL,1041),('000000924656','7399042020000963','20190909101751','2','MUHAMMAD YAHYA AYYASY','000048500000','360','Biaya Registrasi','','00',NULL,NULL,'2019-09-09 10:18:11',NULL,NULL,1042),('585503      ','7399042020000966','20190909102540','1','ISDWICANDRA MAHENDRA','000048500000','360','Biaya Registrasi','','00',NULL,NULL,'2019-09-09 10:25:44',NULL,NULL,1043),('000000007487','7399042020000817','20190909112556','1','RAFLI BAYU ANGGARA','000048500000','360','Biaya Registrasi','','00',NULL,NULL,'2019-09-09 10:27:30',NULL,NULL,1044),('000000927033','7399042020000967','20190909103513','2','MUHAMMAD HAFIDZ AFIF','000048500000','360','Biaya Registrasi','','00',NULL,NULL,'2019-09-09 10:35:34',NULL,NULL,1045),('578233      ','7399042020000949','20190909103536','1','MUHAMAD FADHIL SAPUTRA','000048500000','360','Biaya Registrasi','','00',NULL,NULL,'2019-09-09 10:35:41',NULL,NULL,1046),('103629004557','7399042020000900','20190909103629','2','HAFIDZ ILHAM MAULANA','000048500000','360','Biaya Registrasi','','00',NULL,NULL,'2019-09-09 10:41:33',NULL,NULL,1047),('406405      ','7399042020000970','20190909105651','1','RIANTI KANSHA PUTRIA','000048500000','360','Biaya Registrasi','','00',NULL,NULL,'2019-09-09 10:56:56',NULL,NULL,1048),('000000000512','7399042020000832','20190909110123','1','PUTRI GANYA ARIFAH','000048500000','360','Biaya Registrasi','','00',NULL,NULL,'2019-09-09 11:01:27',NULL,NULL,1049),('599392      ','7399042020000968','20190909110154','1','YASMIN  NAJWA  LATIFAH','000048500000','360','Biaya Registrasi','','00',NULL,NULL,'2019-09-09 11:01:59',NULL,NULL,1050),('000000176873','7399042020000972','20190909110338','1','MUHAMMAD ROOFI ZUHAIR IRHAM','000048500000','360','Biaya Registrasi','','00',NULL,NULL,'2019-09-09 11:06:22',NULL,NULL,1051),('110125005406','7399042020000857','20190909110125','2','DENANEER MARCHTIORA PRAMESWARY','000048500000','360','Biaya Registrasi','','00',NULL,NULL,'2019-09-09 11:06:28',NULL,NULL,1052),('000000180545','7399042020000972','20190909110821','1','MUHAMMAD ROOFI ZUHAIR IRHAM','000048500000','360','Biaya Registrasi','','00',NULL,NULL,'2019-09-09 11:11:05',NULL,NULL,1053),('613467      ','7399042020000968','20190909111730','1','YASMIN  NAJWA  LATIFAH','000048500000','360','Biaya Registrasi','','00',NULL,NULL,'2019-09-09 11:17:34',NULL,NULL,1054),('008933      ','7399042020000943','20190909111834','1','SYAFIRA MAHESWARI PUTRI ARIFIN','000048500000','360','Biaya Registrasi','','00',NULL,NULL,'2019-09-09 11:18:39',NULL,NULL,1055),('000325565825','7399042020000974','20190909112206','1','QOTRUNNADA SALSABILA','000048500000','360','Biaya Registrasi','','00',NULL,NULL,'2019-09-09 11:22:10',NULL,NULL,1056),('378348      ','7399042020000828','20190909121716','1','KHEZYA PUTRI ANGGRAENY','000048500000','360','Biaya Registrasi','','00',NULL,NULL,'2019-09-09 12:17:20',NULL,NULL,1057),('391011      ','7399042020000828','20190909121748','1','KHEZYA PUTRI ANGGRAENY','000048500000','360','Biaya Registrasi','','00',NULL,NULL,'2019-09-09 12:17:52',NULL,NULL,1058),('893213925201','7399042020000893','20190909124857','2','MARSYA ISLAMI KANAHAYA SYAILEN','000048500000','360','Biaya Registrasi','','00',NULL,NULL,'2019-09-09 12:49:13',NULL,NULL,1059),('206803558667','7399042020000937','20190909125130','1','RAFIF ZAIDAN ANDRIAN','000048500000','360','Biaya Registrasi','','00',NULL,NULL,'2019-09-09 12:51:34',NULL,NULL,1060),('893807925201','7399042020000893','20190909125201','2','MARSYA ISLAMI KANAHAYA SYAILEN','000048500000','360','Biaya Registrasi','','00',NULL,NULL,'2019-09-09 12:52:18',NULL,NULL,1061),('206803582775','7399042020000937','20190909125336','1','RAFIF ZAIDAN ANDRIAN','000048500000','360','Biaya Registrasi','','00',NULL,NULL,'2019-09-09 12:53:40',NULL,NULL,1062),('402790      ','7399042020000962','20190909130005','1','MUHAMMAD RASYA AGNI','000048500000','360','Biaya Registrasi','','00',NULL,NULL,'2019-09-09 13:00:10',NULL,NULL,1063),('706873      ','7399042020000617','20190909131454','1','ZUHAIR MUHAMMAD MUSTAFA','000048500000','360','Biaya Registrasi','','00',NULL,NULL,'2019-09-09 13:14:17',NULL,NULL,1064),('000000286353','7399042019000155','20190909133023','1','RENAYYA NAURA FAYZA','000048500000','360','Biaya Registrasi','','00',NULL,NULL,'2019-09-09 13:30:29',NULL,NULL,1065),('000000288104','7399042019000155','20190909133120','1','RENAYYA NAURA FAYZA','000048500000','360','Biaya Registrasi','','00',NULL,NULL,'2019-09-09 13:31:25',NULL,NULL,1066),('000000289305','7399042019000155','20190909133201','1','RENAYYA NAURA FAYZA','000048500000','360','Biaya Registrasi','','00',NULL,NULL,'2019-09-09 13:32:05',NULL,NULL,1067),('000000951289','7399042020000313','20190909134106','2','ZULFA FITRI NURUL HAQ','000048500000','360','Biaya Registrasi','','00',NULL,NULL,'2019-09-09 13:41:26',NULL,NULL,1068),('134757009689','7399042020000651','20190909134757','2','MARSHA MIFTAHUL RIZKY','000048500000','360','Biaya Registrasi','','00',NULL,NULL,'2019-09-09 13:53:01',NULL,NULL,1069),('423162      ','7399042020000983','20190909142028','1','BAGAS RAFADHIA TAMAM','000048500000','360','Biaya Registrasi','','00',NULL,NULL,'2019-09-09 14:20:40',NULL,NULL,1070),('648525      ','7399042020000983','20190909142245','1','BAGAS RAFADHIA TAMAM','000048500000','360','Biaya Registrasi','','00',NULL,NULL,'2019-09-09 14:22:50',NULL,NULL,1071),('143209010870','7399042020000922','20190909143209','2','MUHAMMAD FARUQ PANGESTU','000048500000','360','Biaya Registrasi','','00',NULL,NULL,'2019-09-09 14:37:13',NULL,NULL,1072),('143306010904','7399042020000922','20190909143306','2','MUHAMMAD FARUQ PANGESTU','000048500000','360','Biaya Registrasi','','00',NULL,NULL,'2019-09-09 14:38:10',NULL,NULL,1073),('000000960338','7399042020000984','20190909145006','2','GUNAWAN RAHARJA WICAKSANA','000048500000','360','Biaya Registrasi','','00',NULL,NULL,'2019-09-09 14:50:26',NULL,NULL,1074),('000000960490','7399042020000984','20190909145114','2','GUNAWAN RAHARJA WICAKSANA','000048500000','360','Biaya Registrasi','','00',NULL,NULL,'2019-09-09 14:51:33',NULL,NULL,1075),('000000003126','7399042020000739','20190909150105','1','AGISHNA KHALWA PUTRI JOHAN','000048500000','360','Biaya Registrasi','','00',NULL,NULL,'2019-09-09 15:01:09',NULL,NULL,1076),('000000002304','7399042020000877','20190909162608','1','ASTAKA NUR AZKIYA','000048500000','360','Biaya Registrasi','','00',NULL,NULL,'2019-09-09 15:27:42',NULL,NULL,1077),('000000009325','7399042020000887','20190909153500','1','YURIEKA HANAN HAFIZHAH','000048500000','360','Biaya Registrasi','','00',NULL,NULL,'2019-09-09 15:34:39',NULL,NULL,1078),('009131      ','7399042020000931','20190909153618','1','ADZKA RAHMA AULIA','000048500000','360','Biaya Registrasi','','00',NULL,NULL,'2019-09-09 15:35:57',NULL,NULL,1079),('000000806929','7399042020000757','20190909162312','1','AGHNIA ZAHRA AN\'UMILLAH','000048500000','360','Biaya Registrasi','','00',NULL,NULL,'2019-09-09 16:29:46',NULL,NULL,1080),('000009796135','7399042020000992','20190909165500','1','AHMAD HANIF DANISWARA','000048500000','360','Biaya Registrasi','','00',NULL,NULL,'2019-09-09 16:55:04',NULL,NULL,1081),('000009808145','7399042020000992','20190909165625','1','AHMAD HANIF DANISWARA','000048500000','360','Biaya Registrasi','','00',NULL,NULL,'2019-09-09 16:56:29',NULL,NULL,1082),('000000009282','7399042020000837','20190909170652','1','MUHAMMAD FAWWAZ AZKA KHAIRAN','000048500000','360','Biaya Registrasi','','00',NULL,NULL,'2019-09-09 16:57:30',NULL,NULL,1083),('000000681555','7399042020000993','20190909171402','1','AULIA NURINDRIANA','000048500000','360','Biaya Registrasi','','00',NULL,NULL,'2019-09-09 17:14:06',NULL,NULL,1084),('000000681946','7399042020000993','20190909171415','1','AULIA NURINDRIANA','000048500000','360','Biaya Registrasi','','00',NULL,NULL,'2019-09-09 17:14:19',NULL,NULL,1085),('000000682832','7399042020000993','20190909171447','1','AULIA NURINDRIANA','000048500000','360','Biaya Registrasi','','00',NULL,NULL,'2019-09-09 17:14:51',NULL,NULL,1086),('909111889883','7399042020000991','20190909171640','4','NAURA SAKINA MALIK','000048500000','360','Biaya Registrasi','','00',NULL,NULL,'2019-09-09 17:16:57',NULL,NULL,1087),('003621      ','7399042020000946','20190909181313','1','ADHWA ASSYIFA SHAFARANI ','000048500000','360','Biaya Registrasi','','00',NULL,NULL,'2019-09-09 18:13:18',NULL,NULL,1088),('000000002198','7399042020000981','20190909190915','1','FAIHA WIDAD FILLAH','000048500000','360','Biaya Registrasi','','00',NULL,NULL,'2019-09-09 19:09:20',NULL,NULL,1089),('000000003668','7399042020000997','20190909195713','1','AULIA AYU NIRMALA SARI','000048500000','360','Biaya Registrasi','','00',NULL,NULL,'2019-09-09 19:57:17',NULL,NULL,1090),('000000003524','7399042020000979','20190909204552','1','SYAHLA ABIDAH KHOIRUNNISA','000048500000','360','Biaya Registrasi','','00',NULL,NULL,'2019-09-09 20:45:56',NULL,NULL,1091),('009487      ','7399042020000881','20190909205616','1','ISNINA FATHI FAUZIYYAH','000048500000','360','Biaya Registrasi','','00',NULL,NULL,'2019-09-09 20:56:20',NULL,NULL,1092),('939768      ','7399042020001005','20190909212423','1','AZKANISSA SHABIRINA','000048500000','360','Biaya Registrasi','','00',NULL,NULL,'2019-09-09 21:24:27',NULL,NULL,1093),('924882      ','7399042020001004','20190909212718','1','ABDULMALIK SYAHRULI','000048500000','360','Biaya Registrasi','','00',NULL,NULL,'2019-09-09 21:27:22',NULL,NULL,1094),('005106      ','7399042020001002','20190909213536','1','AHMAD HANIF PRASETYA','000048500000','360','Biaya Registrasi','','00',NULL,NULL,'2019-09-09 21:35:41',NULL,NULL,1095),('000000009176','7399042020000928','20190909215010','1','ACHMAD MUZZAYYIN DAFFA','000048500000','360','Biaya Registrasi','','00',NULL,NULL,'2019-09-09 21:40:48',NULL,NULL,1096),('996168      ','7399042019000341','20190910043536','1','NAZWA LUTFI AULIA','000048500000','360','Biaya Registrasi','','00',NULL,NULL,'2019-09-10 04:35:40',NULL,NULL,1097),('986218      ','7399042019000341','20190910043635','1','NAZWA LUTFI AULIA','000048500000','360','Biaya Registrasi','','00',NULL,NULL,'2019-09-10 04:36:39',NULL,NULL,1098),('035106      ','7399042020000971','20190910053456','1','AZ-ZAHRA FAUZIYAH SUPRIATNA','000048500000','360','Biaya Registrasi','','00',NULL,NULL,'2019-09-10 05:35:01',NULL,NULL,1099),('090116      ','7399042020000971','20190910053517','1','AZ-ZAHRA FAUZIYAH SUPRIATNA','000048500000','360','Biaya Registrasi','','00',NULL,NULL,'2019-09-10 05:35:21',NULL,NULL,1100),('000000001051','7399042020000992','20190910064449','1','AHMAD HANIF DANISWARA','000048500000','360','Biaya Registrasi','','00',NULL,NULL,'2019-09-10 06:43:46',NULL,NULL,1101),('523630      ','7399042020001013','20190910065722','1','MUHAMAD HANIF ABDULLAH','000048500000','360','Biaya Registrasi','','00',NULL,NULL,'2019-09-10 06:57:37',NULL,NULL,1102),('517416      ','7399042020000667','20190910074006','1','AISYA HANINA JANNAH','000048500000','360','Biaya Registrasi','','00',NULL,NULL,'2019-09-10 07:40:12',NULL,NULL,1103),('000000001017','7399042020000961','20190910074620','1','TANAYA MALIKA WIJANA','000048500000','360','Biaya Registrasi','','00',NULL,NULL,'2019-09-10 07:43:31',NULL,NULL,1104),('005887      ','7399042020000939','20190910080738','1','NASYWAA ASSYIFA','000048500000','360','Biaya Registrasi','','00',NULL,NULL,'2019-09-10 08:07:43',NULL,NULL,1105),('000000050566','7399042020000723','20190910081114','1','MUHAMMAD AQILA SYAUQI RIDHO','000048500000','360','Biaya Registrasi','','00',NULL,NULL,'2019-09-10 08:17:50',NULL,NULL,1106),('559131      ','7399042020001009','20190910084633','1','FATHIA MAHARANI PUTRI','000048500000','360','Biaya Registrasi','','00',NULL,NULL,'2019-09-10 08:46:38',NULL,NULL,1107),('000000013068','7399042020001012','20190910084844','1','MUHAMMAD CAESAR RAFAEL FERIZKA','000048500000','360','Biaya Registrasi','','00',NULL,NULL,'2019-09-10 08:48:50',NULL,NULL,1108),('000000825822','7399042020000970','20190910085425','1','RIANTI KANSHA PUTRIA','000048500000','360','Biaya Registrasi','','00',NULL,NULL,'2019-09-10 08:54:21',NULL,NULL,1109),('000000826273','7399042020000970','20190910085709','1','RIANTI KANSHA PUTRIA','000048500000','360','Biaya Registrasi','','00',NULL,NULL,'2019-09-10 08:57:04',NULL,NULL,1110),('206813096151','7399042020001015','20190910085902','1','FARIS SHIDQI MAULANA','000048500000','360','Biaya Registrasi','','00',NULL,NULL,'2019-09-10 08:59:10',NULL,NULL,1111),('830102      ','7399042020001007','20190910091450','1','ATHAYA FAWWAZ FIKRIYYAH','000048500000','360','Biaya Registrasi','','00',NULL,NULL,'2019-09-10 09:14:57',NULL,NULL,1112),('091147001733','7399042020000929','20190910091147','2','MUHAMAD HAZIQ KHAIRIL FALAH','000048500000','360','Biaya Registrasi','','00',NULL,NULL,'2019-09-10 09:16:52',NULL,NULL,1113),('091740001922','7399042020000929','20190910091740','2','MUHAMAD HAZIQ KHAIRIL FALAH','000048500000','360','Biaya Registrasi','','00',NULL,NULL,'2019-09-10 09:22:45',NULL,NULL,1114),('555961      ','7399042020001022','20190910092521','1','ALBANY FRITZAWAL CAKRADIPRAYA','000048500000','360','Biaya Registrasi','','00',NULL,NULL,'2019-09-10 09:25:26',NULL,NULL,1115),('095643003065','7399042020000958','20190910095643','2','ZAKA WILDAN NABIL','000048500000','360','Biaya Registrasi','','00',NULL,NULL,'2019-09-10 10:01:48',NULL,NULL,1116),('095651003072','7399042020000681','20190910095651','2','MUHAMMAD ATHALLAH BUDIMAN','000048500000','360','Biaya Registrasi','','00',NULL,NULL,'2019-09-10 10:01:56',NULL,NULL,1117),('000000042182','7399042020001033','20190910105221','2','GHERALDY RABBANY HASYIM','000048500000','360','Biaya Registrasi','','00',NULL,NULL,'2019-09-10 10:52:41',NULL,NULL,1118),('000005790610','7399042020001008','20190910105807','1','REIZA FARSYA','000048500000','360','Biaya Registrasi','','00',NULL,NULL,'2019-09-10 10:58:12',NULL,NULL,1119),('121335006512','7399042020000744','20190910121335','2','KHAIRUNNISA AZKA SANIYA','000048500000','360','Biaya Registrasi','','00',NULL,NULL,'2019-09-10 12:18:50',NULL,NULL,1120),('699985      ','7399042020001040','20190910123736','1','MUHAMMAD ARIF SETIAWAN ','000048500000','360','Biaya Registrasi','','00',NULL,NULL,'2019-09-10 12:37:40',NULL,NULL,1121),('909100018136','7399042020001006','20190910124626','1','AHMAD DIMAS AFRIZAL','000048500000','360','Biaya Registrasi','','00',NULL,NULL,'2019-09-10 12:46:31',NULL,NULL,1122),('909100018310','7399042020001006','20190910124953','1','AHMAD DIMAS AFRIZAL','000048500000','360','Biaya Registrasi','','00',NULL,NULL,'2019-09-10 12:49:59',NULL,NULL,1123),('909100018373','7399042020001006','20190910125129','1','AHMAD DIMAS AFRIZAL','000048500000','360','Biaya Registrasi','','00',NULL,NULL,'2019-09-10 12:52:19',NULL,NULL,1124),('909100018490','7399042020001006','20190910125327','1','AHMAD DIMAS AFRIZAL','000048500000','360','Biaya Registrasi','','00',NULL,NULL,'2019-09-10 12:53:32',NULL,NULL,1125),('909100018633','7399042020001006','20190910125649','1','AHMAD DIMAS AFRIZAL','000048500000','360','Biaya Registrasi','','00',NULL,NULL,'2019-09-10 12:56:53',NULL,NULL,1126),('000000942373','7399042020001006','20190910125924','1','AHMAD DIMAS AFRIZAL','000048500000','360','Biaya Registrasi','','00',NULL,NULL,'2019-09-10 12:59:29',NULL,NULL,1127),('000000943173','7399042020001006','20190910125955','1','AHMAD DIMAS AFRIZAL','000048500000','360','Biaya Registrasi','','00',NULL,NULL,'2019-09-10 13:00:00',NULL,NULL,1128),('000000945772','7399042020001006','20190910130137','1','AHMAD DIMAS AFRIZAL','000048500000','360','Biaya Registrasi','','00',NULL,NULL,'2019-09-10 13:01:42',NULL,NULL,1129),('000000311682','7399042020001031','20190910130947','1','ALIFAH DZATIL IZZAH','000048500000','360','Biaya Registrasi','','00',NULL,NULL,'2019-09-10 13:18:40',NULL,NULL,1130),('006179      ','7399042020001028','20190910144835','1','AHMAD KEN BAYUPUTRA','000048500000','360','Biaya Registrasi','','00',NULL,NULL,'2019-09-10 14:48:40',NULL,NULL,1131),('000000000947','7399042020001036','20190910151105','1','HADID PRAMANA KHAIR','000048500000','360','Biaya Registrasi','','00',NULL,NULL,'2019-09-10 15:11:10',NULL,NULL,1132),('000000001085','7399042020000999','20190910160234','1','KHANIFAH NAYLA AUTHOR','000048500000','360','Biaya Registrasi','','00',NULL,NULL,'2019-09-10 15:59:27',NULL,NULL,1133),('121124925301','7399042020000764','20190910162924','2','SHAKIRA RIEKO ARMITA','000048500000','360','Biaya Registrasi','','00',NULL,NULL,'2019-09-10 16:29:41',NULL,NULL,1134),('121440925301','7399042020000764','20190910163033','2','SHAKIRA RIEKO ARMITA','000048500000','360','Biaya Registrasi','','00',NULL,NULL,'2019-09-10 16:30:50',NULL,NULL,1135),('121672925301','7399042020000764','20190910163132','2','SHAKIRA RIEKO ARMITA','000048500000','360','Biaya Registrasi','','00',NULL,NULL,'2019-09-10 16:31:49',NULL,NULL,1136),('000896      ','7399042020001038','20190910170817','1','DZAKIYAH TALITA SAKHI ','000048500000','360','Biaya Registrasi','','00',NULL,NULL,'2019-09-10 17:08:22',NULL,NULL,1137),('000000010360','7399042020001016','20190910172114','1','R NAYMA KHAIRUNNISA WIDJAYA ','000048500000','360','Biaya Registrasi','','00',NULL,NULL,'2019-09-10 17:20:11',NULL,NULL,1138),('258231      ','7399042020001050','20190910184036','1','ASIAH HANIEN NAILY','000048500000','360','Biaya Registrasi','','00',NULL,NULL,'2019-09-10 18:40:41',NULL,NULL,1139),('258355      ','7399042020001050','20190910184109','1','ASIAH HANIEN NAILY','000048500000','360','Biaya Registrasi','','00',NULL,NULL,'2019-09-10 18:41:14',NULL,NULL,1140),('000000007506','7399042020001010','20190910184632','1','ULAYYA BILQIS RAMADHANI','000048500000','360','Biaya Registrasi','','00',NULL,NULL,'2019-09-10 18:46:37',NULL,NULL,1141),('000000010336','7399042020000822','20190910185003','1','AISYAH KHUMAIRA KHOVA','000048500000','360','Biaya Registrasi','','00',NULL,NULL,'2019-09-10 18:49:00',NULL,NULL,1142),('000000095676','7399042020001052','20190910185136','2','SARAH AZIZAH','000048500000','360','Biaya Registrasi','','00',NULL,NULL,'2019-09-10 18:51:57',NULL,NULL,1143),('000000095708','7399042020001051','20190910185159','2','NAURALIA KALISHA DIVIARSA','000048500000','360','Biaya Registrasi','','00',NULL,NULL,'2019-09-10 18:52:19',NULL,NULL,1144),('000000096682','7399042020001054','20190910190322','2','SALSABILA AULIA ZAEN','000048500000','360','Biaya Registrasi','','00',NULL,NULL,'2019-09-10 19:03:43',NULL,NULL,1145),('000000097040','7399042020001037','20190910190706','2','NISRINA FAYYAZA DAMANIK','000048500000','360','Biaya Registrasi','','00',NULL,NULL,'2019-09-10 19:07:28',NULL,NULL,1146),('206820110850','7399042020001001','20190910192246','1','JAUZAH NUR AQILLA WIJAYA','000048500000','360','Biaya Registrasi','','00',NULL,NULL,'2019-09-10 19:22:51',NULL,NULL,1147),('944402      ','7399042020001057','20190910192926','1','MUHAMMAD ZIYAD KAREEM','000048500000','360','Biaya Registrasi','','00',NULL,NULL,'2019-09-10 19:29:31',NULL,NULL,1148),('006479      ','7399042020001001','20190910193720','1','JAUZAH NUR AQILLA WIJAYA','000048500000','360','Biaya Registrasi','','00',NULL,NULL,'2019-09-10 19:37:25',NULL,NULL,1149),('006482      ','7399042020001055','20190910193924','1','JAUZAH NUR AQILLA WIJAYA','000048500000','360','Biaya Registrasi','','00',NULL,NULL,'2019-09-10 19:39:29',NULL,NULL,1150),('000006421849','7399042020001047','20190910200534','1','MARISA SAVIDA RACHMAN','000048500000','360','Biaya Registrasi','','00',NULL,NULL,'2019-09-10 20:05:39',NULL,NULL,1151),('899211      ','7399042020001062','20190910202254','1','DEANDRA NAFLAH WARDANA','000048500000','360','Biaya Registrasi','','00',NULL,NULL,'2019-09-10 20:25:33',NULL,NULL,1152),('899236      ','7399042020001062','20190910202311','1','DEANDRA NAFLAH WARDANA','000048500000','360','Biaya Registrasi','','00',NULL,NULL,'2019-09-10 20:25:49',NULL,NULL,1153),('000000108098','7399042020001063','20190910213618','2','MUHAMMAD KASYFI ALHAMIIZ','000048500000','360','Biaya Registrasi','','00',NULL,NULL,'2019-09-10 21:36:40',NULL,NULL,1154),('000000006861','7399042020001065','20190910213815','1','TSABITAH SHAFA GUNAWAN','000048500000','360','Biaya Registrasi','','00',NULL,NULL,'2019-09-10 21:38:20',NULL,NULL,1155),('000000108186','7399042020001063','20190910213833','2','MUHAMMAD KASYFI ALHAMIIZ','000048500000','360','Biaya Registrasi','','00',NULL,NULL,'2019-09-10 21:38:54',NULL,NULL,1156),('082966      ','7399042020001049','20190910221344','1','MIKITA VIERA MEY','000048500000','360','Biaya Registrasi','','00',NULL,NULL,'2019-09-10 22:13:49',NULL,NULL,1157),('118803      ','7399042020001070','20190911050856','1','BULAN NURUL AZIZAH PASLAN','000048500000','360','Biaya Registrasi','','00',NULL,NULL,'2019-09-11 05:09:23',NULL,NULL,1158),('286277      ','7399042020001070','20190911051014','1','BULAN NURUL AZIZAH PASLAN','000048500000','360','Biaya Registrasi','','00',NULL,NULL,'2019-09-11 05:10:20',NULL,NULL,1159),('000000109675','7399042019002981','20190911061634','1','','','','','','15',NULL,NULL,'2019-09-11 06:16:39',NULL,NULL,1160),('188042925401','7399042020001061','20190911063508','2','MUHAMMAD AZIZ IBRAHIM','000048500000','360','Biaya Registrasi','','00',NULL,NULL,'2019-09-11 06:35:25',NULL,NULL,1161),('114067      ','7399042020001073','20190911075145','1','FARAH HANIYAH','000048500000','360','Biaya Registrasi','','00',NULL,NULL,'2019-09-11 07:51:51',NULL,NULL,1162),('114103      ','7399042020001073','20190911075156','1','FARAH HANIYAH','000048500000','360','Biaya Registrasi','','00',NULL,NULL,'2019-09-11 07:52:01',NULL,NULL,1163),('000000229701','7399042020001067','20190911083122','1','RAN ALEENA ALTHAFUNNISA','000048500000','360','Biaya Registrasi','','00',NULL,NULL,'2019-09-11 08:31:31',NULL,NULL,1164),('000000230304','7399042020001067','20190911083147','1','RAN ALEENA ALTHAFUNNISA','000048500000','360','Biaya Registrasi','','00',NULL,NULL,'2019-09-11 08:32:44',NULL,NULL,1165),('000000231530','7399042020001067','20190911083243','1','RAN ALEENA ALTHAFUNNISA','000048500000','360','Biaya Registrasi','','00',NULL,NULL,'2019-09-11 08:32:49',NULL,NULL,1166),('000000231690','7399042020001067','20190911083251','1','RAN ALEENA ALTHAFUNNISA','000048500000','360','Biaya Registrasi','','00',NULL,NULL,'2019-09-11 08:32:56',NULL,NULL,1167),('000000233202','7399042020001067','20190911083359','1','RAN ALEENA ALTHAFUNNISA','000048500000','360','Biaya Registrasi','','00',NULL,NULL,'2019-09-11 08:34:04',NULL,NULL,1168),('137833      ','7399042020001076','20190911091259','1','MUHAMMAD SYAHIDAYATULLAH','000048500000','360','Biaya Registrasi','','00',NULL,NULL,'2019-09-11 09:13:05',NULL,NULL,1169),('138066      ','7399042020001076','20190911091335','1','MUHAMMAD SYAHIDAYATULLAH','000048500000','360','Biaya Registrasi','','00',NULL,NULL,'2019-09-11 09:13:41',NULL,NULL,1170),('000000007351','7399042020000447','20190911103258','1','GIBRAN HAIQAL NAJIB','000048500000','360','Biaya Registrasi','','00',NULL,NULL,'2019-09-11 10:33:03',NULL,NULL,1171),('000000002359','7399042020001080','20190911103410','1','AQILAH NUR AZIZAH','000048500000','360','Biaya Registrasi','','00',NULL,NULL,'2019-09-11 10:34:15',NULL,NULL,1172),('000000009481','7399042020001068','20190911105055','1','MUHAMAD HAFIZ IHSAN','000048500000','360','Biaya Registrasi','','00',NULL,NULL,'2019-09-11 10:51:00',NULL,NULL,1173),('000327387780','7399042020001083','20190911105727','1','FARAH FATHIYA ISLAM','000048500000','360','Biaya Registrasi','','00',NULL,NULL,'2019-09-11 10:57:34',NULL,NULL,1174),('719500      ','7399042020001086','20190911123318','1','REFAH SYAKIRAH AZZUHRAH','000048500000','360','Biaya Registrasi','','00',NULL,NULL,'2019-09-11 12:33:23',NULL,NULL,1175),('000000620221','7399042020001079','20190911123936','1','NAJWA MAYLASYIFA NABIGHA','000048500000','360','Biaya Registrasi','','00',NULL,NULL,'2019-09-11 12:39:41',NULL,NULL,1176),('000000620440','7399042020001079','20190911123945','1','NAJWA MAYLASYIFA NABIGHA','000048500000','360','Biaya Registrasi','','00',NULL,NULL,'2019-09-11 12:39:50',NULL,NULL,1177),('000000621611','7399042020001079','20190911124033','1','NAJWA MAYLASYIFA NABIGHA','000048500000','360','Biaya Registrasi','','00',NULL,NULL,'2019-09-11 12:40:39',NULL,NULL,1178),('000000001117','7399042020001078','20190911125303','1','RAIHANAH NUR ALIMAH','000048500000','360','Biaya Registrasi','','00',NULL,NULL,'2019-09-11 12:43:40',NULL,NULL,1179),('735363      ','7399042020001088','20190911130318','1','GAARA MAHESWARA FAHAR RAMADHAN','000048500000','360','Biaya Registrasi','','00',NULL,NULL,'2019-09-11 13:03:23',NULL,NULL,1180),('131102005842','7399042020000802','20190911131102','2','SYAKIRA NABILA RAHMAN','000048500000','360','Biaya Registrasi','','00',NULL,NULL,'2019-09-11 13:16:09',NULL,NULL,1181),('257222      ','7399042020000802','20190911131933','1','SYAKIRA NABILA RAHMAN','000048500000','360','Biaya Registrasi','','00',NULL,NULL,'2019-09-11 13:19:40',NULL,NULL,1182),('000000171525','7399042020001045','20190911151152','2','MUHAMMAD ARDHI AFDE MALINTING','000048500000','360','Biaya Registrasi','','00',NULL,NULL,'2019-09-11 15:12:14',NULL,NULL,1183),('003181      ','7399042020000977','20190911161232','1','JIHAN KAMILAH YUMNA','000048500000','360','Biaya Registrasi','','00',NULL,NULL,'2019-09-11 16:12:38',NULL,NULL,1184),('000000006887','7399042020001092','20190911163458','1','IZZATI AMARA ULAYAH','000048500000','360','Biaya Registrasi','','00',NULL,NULL,'2019-09-11 16:35:03',NULL,NULL,1185),('000000011263','7399042020001099','20190911174954','1','GIFFARI AHMAD WIDZAMIL','000048500000','360','Biaya Registrasi','','00',NULL,NULL,'2019-09-11 17:40:40',NULL,NULL,1186),('000000183350','7399042020001100','20190911174844','1','FABIYAN ADZIM','000048500000','360','Biaya Registrasi','','00',NULL,NULL,'2019-09-11 17:48:49',NULL,NULL,1187),('000000183539','7399042020001100','20190911174851','1','FABIYAN ADZIM','000048500000','360','Biaya Registrasi','','00',NULL,NULL,'2019-09-11 17:49:01',NULL,NULL,1188),('000000184532','7399042020001100','20190911174931','1','FABIYAN ADZIM','000048500000','360','Biaya Registrasi','','00',NULL,NULL,'2019-09-11 17:49:42',NULL,NULL,1189),('000000002468','7399042020000128','20190911183845','1','FAIRUZ IZZATY SALAMY','000048500000','360','Biaya Registrasi','','00',NULL,NULL,'2019-09-11 18:38:55',NULL,NULL,1190),('000000009595','7399042020001090','20190911185003','1','LU\'LU NAJA VERIS ISLAMI','000048500000','360','Biaya Registrasi','','00',NULL,NULL,'2019-09-11 18:50:14',NULL,NULL,1191),('000000006308','7399042020001072','20190911193329','1','MUHAMMAD SYAUQI ALFAYADH','000048500000','360','Biaya Registrasi','','00',NULL,NULL,'2019-09-11 19:33:34',NULL,NULL,1192),('000000336166','7399042020000995','20190911193637','1','NAZIRA SHIFA HUMAYRA','000048500000','360','Biaya Registrasi','','00',NULL,NULL,'2019-09-11 19:36:42',NULL,NULL,1193),('000000336399','7399042020000995','20190911193647','1','NAZIRA SHIFA HUMAYRA','000048500000','360','Biaya Registrasi','','00',NULL,NULL,'2019-09-11 19:36:52',NULL,NULL,1194),('000000336821','7399042020000995','20190911193707','1','NAZIRA SHIFA HUMAYRA','000048500000','360','Biaya Registrasi','','00',NULL,NULL,'2019-09-11 19:37:12',NULL,NULL,1195),('944184      ','7399042020001011','20190911195230','1','AZKA MUTIA ZAFIRAH','000048500000','360','Biaya Registrasi','','00',NULL,NULL,'2019-09-11 19:52:52',NULL,NULL,1196),('929605      ','7399042020001011','20190911200029','1','AZKA MUTIA ZAFIRAH','000048500000','360','Biaya Registrasi','','00',NULL,NULL,'2019-09-11 20:00:34',NULL,NULL,1197),('000000001316','7399042020000917','20190911204410','1','MUHAMMAD ARKAN HAIDAR RAMADHAN','000048500000','360','Biaya Registrasi','','00',NULL,NULL,'2019-09-11 20:44:16',NULL,NULL,1198),('000327900049','7399042020000459','20190911210439','1','RAFIF AMANULLAH','000048500000','360','Biaya Registrasi','','00',NULL,NULL,'2019-09-11 21:05:10',NULL,NULL,1199),('975609      ','7399042020001097','20190911211300','1','KHAIRAKARIN NURUNNISA','000048500000','360','Biaya Registrasi','','00',NULL,NULL,'2019-09-11 21:13:05',NULL,NULL,1200),('005907      ','7399042020001094','20190911212718','1','MARSYA AYU FADHILAH','000048500000','360','Biaya Registrasi','','00',NULL,NULL,'2019-09-11 21:27:24',NULL,NULL,1201),('507106      ','7399042020001011','20190911232323','1','AZKA MUTIA ZAFIRAH','000048500000','360','Biaya Registrasi','','00',NULL,NULL,'2019-09-11 23:23:28',NULL,NULL,1202),('000000004303','7399042020001102','20190912062733','1','MUHAMMAD FADHILAH RASYAD SHIDI','000048500000','360','Biaya Registrasi','','00',NULL,NULL,'2019-09-12 06:27:39',NULL,NULL,1203),('337378925501','7399042020001110','20190912070201','2','AZKA SYAFFA MUTAWAKKIL','000048500000','360','Biaya Registrasi','','00',NULL,NULL,'2019-09-12 07:02:20',NULL,NULL,1204),('000000001264','7399042020000990','20190912082209','1','ALUNA AZEEZA NOERDIANSYAH','000048500000','360','Biaya Registrasi','','00',NULL,NULL,'2019-09-12 08:12:47',NULL,NULL,1205),('000000217193','7399042020001119','20190912082011','2','HARIER ABDULLAH','000048500000','360','Biaya Registrasi','','00',NULL,NULL,'2019-09-12 08:20:33',NULL,NULL,1206),('000000004954','7399042020000762','20190912083334','1','ALIFASHA MUTHIA OSAKAWATI','000048500000','360','Biaya Registrasi','','00',NULL,NULL,'2019-09-12 08:33:40',NULL,NULL,1207),('590926      ','7399042020001122','20190912085114','1','SHAFRI RAFIF NABIHA','000048500000','360','Biaya Registrasi','','00',NULL,NULL,'2019-09-12 08:51:19',NULL,NULL,1208),('000000004144','7399042020001122','20190912085741','1','SHAFRI RAFIF NABIHA','000048500000','360','Biaya Registrasi','','00',NULL,NULL,'2019-09-12 08:57:47',NULL,NULL,1209),('091339001237','7399042020000662','20190912091339','2','SHALAHUDDIN AHMAD CAHYOGA','000048500000','360','Biaya Registrasi','','00',NULL,NULL,'2019-09-12 09:18:47',NULL,NULL,1210),('093817001833','7399042020000992','20190912093817','2','AHMAD HANIF DANISWARA','000048500000','360','Biaya Registrasi','','00',NULL,NULL,'2019-09-12 09:43:25',NULL,NULL,1211),('094926002057','7399042020000978','20190912094926','2','MUHAMMAD FARREL ADINATA','000048500000','360','Biaya Registrasi','','00',NULL,NULL,'2019-09-12 09:54:34',NULL,NULL,1212),('000000702275','7399042020001087','20190912095902','1','GHANYA TSABITHA ATQIYA','000048500000','360','Biaya Registrasi','','00',NULL,NULL,'2019-09-12 09:58:57',NULL,NULL,1213),('348996      ','7399042020001126','20190912101146','1','GILANG RIZKI RAMADHAN','000048500000','360','Biaya Registrasi','','00',NULL,NULL,'2019-09-12 10:11:52',NULL,NULL,1214),('619618      ','7399042020001125','20190912101426','1','SYIFA IMARA TIRTA PURBAYA','000048500000','360','Biaya Registrasi','','00',NULL,NULL,'2019-09-12 10:14:32',NULL,NULL,1215),('630796      ','7399042020001127','20190912101624','1','NAILA SHAFA KAMILA MUBAROK','000048500000','360','Biaya Registrasi','','00',NULL,NULL,'2019-09-12 10:16:30',NULL,NULL,1216),('629808      ','7399042020001128','20190912103121','1','GIESYA DIKKA DZULFIQAR','000048500000','360','Biaya Registrasi','','00',NULL,NULL,'2019-09-12 10:31:26',NULL,NULL,1217),('105804003637','7399040020000935','20190912105804','2','RAHMA NUR AZIZA','000048500000','360','Biaya Registrasi','','00',NULL,NULL,'2019-09-12 11:03:12',NULL,NULL,1218),('206837129136','7399042020000844','20190912110504','1','SHAFIRA PUTRI CALLISTA','000048500000','360','Biaya Registrasi','','00',NULL,NULL,'2019-09-12 11:05:10',NULL,NULL,1219),('000000234173','7399042020001131','20190912110614','2','AMRU YAHYA AYYAS','000048500000','360','Biaya Registrasi','','00',NULL,NULL,'2019-09-12 11:06:37',NULL,NULL,1220),('110514003800','7399042020000935','20190912110514','2','RAHMA NUR AZIZA','000048500000','360','Biaya Registrasi','','00',NULL,NULL,'2019-09-12 11:10:22',NULL,NULL,1221),('000000012105','7399042020000844','20190912111238','1','SHAFIRA PUTRI CALLISTA','000048500000','360','Biaya Registrasi','','00',NULL,NULL,'2019-09-12 11:11:53',NULL,NULL,1222),('647210      ','7399042020001106','20190912113444','1','ANNISSA FARRAS FAHRURROZI','000048500000','360','Biaya Registrasi','','00',NULL,NULL,'2019-09-12 11:34:50',NULL,NULL,1223),('647298      ','7399042020001106','20190912113547','1','ANNISSA FARRAS FAHRURROZI','000048500000','360','Biaya Registrasi','','00',NULL,NULL,'2019-09-12 11:36:04',NULL,NULL,1224),('005301      ','7399042020001135','20190912124739','1','LUTHFI ADITYA FIRMANSYAH','000048500000','360','Biaya Registrasi','','00',NULL,NULL,'2019-09-12 12:47:44',NULL,NULL,1225),('000000716878','7399042020001107','20190912132629','1','NELSA AZIZAH MEYLANDA','000048500000','360','Biaya Registrasi','','00',NULL,NULL,'2019-09-12 13:26:35',NULL,NULL,1226),('000000301002','7399042020001134','20190912132951','1','PAMUGA WENING GALIH','000048500000','360','Biaya Registrasi','','00',NULL,NULL,'2019-09-12 13:29:57',NULL,NULL,1227),('000000301410','7399042020001134','20190912133007','1','PAMUGA WENING GALIH','000048500000','360','Biaya Registrasi','','00',NULL,NULL,'2019-09-12 13:30:13',NULL,NULL,1228),('000000306605','7399042020001134','20190912133337','1','PAMUGA WENING GALIH','000048500000','360','Biaya Registrasi','','00',NULL,NULL,'2019-09-12 13:33:43',NULL,NULL,1229),('742213      ','7399042020001018','20190912133531','1','MUHAMMAD AZMI RUSYDA AL-KINDI','000048500000','360','Biaya Registrasi','','00',NULL,NULL,'2019-09-12 13:35:37',NULL,NULL,1230),('009164      ','7399042020001093','20190912134026','1','LAUDZA\'I FATIH RISMANTO','000048500000','360','Biaya Registrasi','','00',NULL,NULL,'2019-09-12 13:40:43',NULL,NULL,1231),('000328331806','7399042020001018','20190912134050','1','MUHAMMAD AZMI RUSYDA AL-KINDI','000048500000','360','Biaya Registrasi','','00',NULL,NULL,'2019-09-12 13:41:02',NULL,NULL,1232),('134518006527','7399042020001137','20190912134518','2','TALITHA NISRIN NUR SHABRINA','000048500000','360','Biaya Registrasi','','00',NULL,NULL,'2019-09-12 13:50:26',NULL,NULL,1233),('134907006555','7399042020001137','20190912134907','2','TALITHA NISRIN NUR SHABRINA','000048500000','360','Biaya Registrasi','','00',NULL,NULL,'2019-09-12 13:54:15',NULL,NULL,1234),('748408      ','7399042019000341','20190912135513','1','NAZWA LUTFI AULIA','000048500000','360','Biaya Registrasi','','00',NULL,NULL,'2019-09-12 13:55:20',NULL,NULL,1235),('135330006615','7399042020000722','20190912135330','2','MEYLANNI PUTRI RISTIANTI','000048500000','360','Biaya Registrasi','','00',NULL,NULL,'2019-09-12 13:58:58',NULL,NULL,1236),('410652925501','7399042020001104','20190912150823','2','FARDIN ABDUL HAKIM','000048500000','360','Biaya Registrasi','','00',NULL,NULL,'2019-09-12 15:08:41',NULL,NULL,1237),('000000134273','7399042020001120','20190912153121','1','ABZARI FATIH HAUDA','000048500000','360','Biaya Registrasi','','00',NULL,NULL,'2019-09-12 15:39:59',NULL,NULL,1238),('000000604227','7399042020000806','20190912165756','1','HAULA SHOFINA RAHMAH','000048500000','360','Biaya Registrasi','','00',NULL,NULL,'2019-09-12 16:58:02',NULL,NULL,1239),('000000604362','7399042020000806','20190912165802','1','HAULA SHOFINA RAHMAH','000048500000','360','Biaya Registrasi','','00',NULL,NULL,'2019-09-12 16:58:14',NULL,NULL,1240),('000000606547','7399042020000806','20190912165934','1','HAULA SHOFINA RAHMAH','000048500000','360','Biaya Registrasi','','00',NULL,NULL,'2019-09-12 16:59:43',NULL,NULL,1241),('000328533979','7399042020001142','20190912173107','1','AZIZAH SHIDDIQAH MUZAWIR','000048500000','360','Biaya Registrasi','','00',NULL,NULL,'2019-09-12 17:31:15',NULL,NULL,1242),('000000272557','7399042020001143','20190912174815','2','DAANYA PUTRI WIDYADHANA','000048500000','360','Biaya Registrasi','','00',NULL,NULL,'2019-09-12 17:48:36',NULL,NULL,1243),('925511640845','7399042020001141','20190912183530','1','SELA NURALIYA FITRI','000048500000','360','Biaya Registrasi','','00',NULL,NULL,'2019-09-12 18:35:36',NULL,NULL,1244),('000000001164','7399042020000955','20190912184505','1','KHALIESAH FILZAH DIAZ','000048500000','360','Biaya Registrasi','','00',NULL,NULL,'2019-09-12 18:45:11',NULL,NULL,1245),('000000012590','7399042020001129','20190912191852','1','ALIYA TRI MAULIDA','000048500000','360','Biaya Registrasi','','00',NULL,NULL,'2019-09-12 19:18:31',NULL,NULL,1246),('000000624122','7399042020001144','20190912191917','1','AISA ANDINI SUSANTO','000048500000','360','Biaya Registrasi','','00',NULL,NULL,'2019-09-12 19:25:55',NULL,NULL,1247),('000000006542','7399042020001109','20190912192857','1','SALWA ARSY NUGROHO','000048500000','360','Biaya Registrasi','','00',NULL,NULL,'2019-09-12 19:29:09',NULL,NULL,1248),('000000923387','7399042020001147','20190912210534','1','RIFQI AUNUR RAHMAN','000048500000','360','Biaya Registrasi','','00',NULL,NULL,'2019-09-12 21:05:40',NULL,NULL,1249),('000000923845','7399042020001147','20190912210559','1','RIFQI AUNUR RAHMAN','000048500000','360','Biaya Registrasi','','00',NULL,NULL,'2019-09-12 21:06:05',NULL,NULL,1250),('000000925030','7399042020001147','20190912210708','1','RIFQI AUNUR RAHMAN','000048500000','360','Biaya Registrasi','','00',NULL,NULL,'2019-09-12 21:07:14',NULL,NULL,1251),('829278      ','7399042020001148','20190912213131','1','ABDEL DZAKY EL NAFY RAHMAN','000048500000','360','Biaya Registrasi','','00',NULL,NULL,'2019-09-12 21:31:37',NULL,NULL,1252),('963348      ','7399042020001014','20190912223213','1','FAKHRI ILMAN RAFIF','000048500000','360','Biaya Registrasi','','00',NULL,NULL,'2019-09-12 22:32:19',NULL,NULL,1253),('000000113391','7399042020001113','20190912230352','1','AHMAD SALMAN AL MAKKIY','000048500000','360','Biaya Registrasi','','00',NULL,NULL,'2019-09-12 23:03:58',NULL,NULL,1254),('000000113433','7399042020001113','20190912230357','1','AHMAD SALMAN AL MAKKIY','000048500000','360','Biaya Registrasi','','00',NULL,NULL,'2019-09-12 23:04:03',NULL,NULL,1255),('000000113861','7399042020001113','20190912230439','1','AHMAD SALMAN AL MAKKIY','000048500000','360','Biaya Registrasi','','00',NULL,NULL,'2019-09-12 23:04:45',NULL,NULL,1256),('000496      ','7399042020001132','20190913073013','1','ZAKINA RASTYARA SAPUTRA','000048500000','360','Biaya Registrasi','','00',NULL,NULL,'2019-09-13 07:30:21',NULL,NULL,1257),('206846297433','7399042020001150','20190913073031','1','SHABINA KHAIRUNNISA','000048500000','360','Biaya Registrasi','','00',NULL,NULL,'2019-09-13 07:30:38',NULL,NULL,1258),('206846302051','7399042020001150','20190913073110','1','SHABINA KHAIRUNNISA','000048500000','360','Biaya Registrasi','','00',NULL,NULL,'2019-09-13 07:31:16',NULL,NULL,1259),('081309000223','7399042020000722','20190913081309','2','MEYLANNI PUTRI RISTIANTI','000048500000','360','Biaya Registrasi','','00',NULL,NULL,'2019-09-13 08:18:18',NULL,NULL,1260),('000000005106','7399042020001027','20190913091203','1','AHMAD ZHAFRAN HAKIM','000048500000','360','Biaya Registrasi','','00',NULL,NULL,'2019-09-13 09:12:11',NULL,NULL,1261),('093934002103','7399042020000340','20190913093934','2','SAFA ARIANA FAIZA','000048500000','360','Biaya Registrasi','','00',NULL,NULL,'2019-09-13 09:44:43',NULL,NULL,1262),('597446      ','7399042020001152','20190913101227','1','RIFQI ZAKY ATSARI','000048500000','360','Biaya Registrasi','','00',NULL,NULL,'2019-09-13 10:12:34',NULL,NULL,1263),('279123      ','7399042020001155','20190913110732','1','TARISHA ALFIYA HASYA PUTRI','000048500000','360','Biaya Registrasi','','00',NULL,NULL,'2019-09-13 11:07:38',NULL,NULL,1264),('909130016573','7399042020000964','20190913124817','1','SAYEED MAULANA IBRAHIM','000048500000','360','Biaya Registrasi','','00',NULL,NULL,'2019-09-13 12:48:23',NULL,NULL,1265),('909130016784','7399042020000964','20190913125251','1','SAYEED MAULANA IBRAHIM','000048500000','360','Biaya Registrasi','','00',NULL,NULL,'2019-09-13 12:52:57',NULL,NULL,1266),('686549      ','7399042020001014','20190913125911','1','FAKHRI ILMAN RAFIF','000048500000','360','Biaya Registrasi','','00',NULL,NULL,'2019-09-13 12:59:17',NULL,NULL,1267),('728416      ','7399042020001161','20190913140906','1','KARIM ABDURRAHMAN AL KAHFI','000048500000','360','Biaya Registrasi','','00',NULL,NULL,'2019-09-13 14:09:12',NULL,NULL,1268),('000000005121','7399042020001158','20190913141222','1','FARIZAL RASYID','000048500000','360','Biaya Registrasi','','00',NULL,NULL,'2019-09-13 14:12:28',NULL,NULL,1269),('145135007217','7399042020001146','20190913145135','2','MUHAMMAD AZZAM RASYID ZAEN','000048500000','360','Biaya Registrasi','','00',NULL,NULL,'2019-09-13 14:56:44',NULL,NULL,1270),('145334007245','7399042020001146','20190913145334','2','MUHAMMAD AZZAM RASYID ZAEN','000048500000','360','Biaya Registrasi','','00',NULL,NULL,'2019-09-13 14:58:43',NULL,NULL,1271),('176731      ','7399042020000240','20190913164555','1','FIRAS YUANITA DAUD','000048500000','360','Biaya Registrasi','','00',NULL,NULL,'2019-09-13 16:46:02',NULL,NULL,1272),('615340      ','7399042020000964','20190913164922','1','SAYEED MAULANA IBRAHIM','000048500000','360','Biaya Registrasi','','00',NULL,NULL,'2019-09-13 16:49:33',NULL,NULL,1273),('615422      ','7399042020000964','20190913165307','1','SAYEED MAULANA IBRAHIM','000048500000','360','Biaya Registrasi','','00',NULL,NULL,'2019-09-13 16:53:13',NULL,NULL,1274),('615491      ','7399042020000964','20190913165639','1','SAYEED MAULANA IBRAHIM','000048500000','360','Biaya Registrasi','','00',NULL,NULL,'2019-09-13 16:56:46',NULL,NULL,1275),('615491      ','7399042020000964','20190913165656','1','SAYEED MAULANA IBRAHIM','000048500000','360','Biaya Registrasi','','00',NULL,NULL,'2019-09-13 16:57:02',NULL,NULL,1276),('615491      ','7399042020000964','20190913165711','1','SAYEED MAULANA IBRAHIM','000048500000','360','Biaya Registrasi','','00',NULL,NULL,'2019-09-13 16:57:17',NULL,NULL,1277),('909130026566','7399042020000964','20190913165907','1','SAYEED MAULANA IBRAHIM','000048500000','360','Biaya Registrasi','','00',NULL,NULL,'2019-09-13 16:59:13',NULL,NULL,1278),('909130026589','7399042020000964','20190913165937','1','SAYEED MAULANA IBRAHIM','000048500000','360','Biaya Registrasi','','00',NULL,NULL,'2019-09-13 16:59:44',NULL,NULL,1279),('000000375567','7399042020001154','20190913200500','2','AZKIYA SABILA SYAHIDAH','000048500000','360','Biaya Registrasi','','00',NULL,NULL,'2019-09-13 20:05:22',NULL,NULL,1280),('914111911037','7399042020001066','20190914032218','4','MUHAMMAD NAUFAL IRAWAN','000048500000','360','Biaya Registrasi','','00',NULL,NULL,'2019-09-14 03:22:41',NULL,NULL,1281),('914111911047','7399042020001066','20190914032910','4','MUHAMMAD NAUFAL IRAWAN','000048500000','360','Biaya Registrasi','','00',NULL,NULL,'2019-09-14 03:29:29',NULL,NULL,1282),('000000388565','7399042020001169','20190914053317','2','RAFA\' HANIFAH','000048500000','360','Biaya Registrasi','','00',NULL,NULL,'2019-09-14 05:33:39',NULL,NULL,1283),('000000732032','7399042020000695','20190914055204','1','NAILA AMANI SALSABILA','000048500000','360','Biaya Registrasi','','00',NULL,NULL,'2019-09-14 05:52:11',NULL,NULL,1284),('000000732335','7399042020000695','20190914055258','1','NAILA AMANI SALSABILA','000048500000','360','Biaya Registrasi','','00',NULL,NULL,'2019-09-14 05:53:05',NULL,NULL,1285),('000000734274','7399042020000695','20190914055813','1','NAILA AMANI SALSABILA','000048500000','360','Biaya Registrasi','','00',NULL,NULL,'2019-09-14 05:58:19',NULL,NULL,1286),('000000001462','7399042020001053','20190914080127','1','FAZZA ROBERTO KYASI','000048500000','360','Biaya Registrasi','','00',NULL,NULL,'2019-09-14 08:01:07',NULL,NULL,1287),('000000001464','7399042020001053','20190914080252','1','FAZZA ROBERTO KYASI','000048500000','360','Biaya Registrasi','','00',NULL,NULL,'2019-09-14 08:02:33',NULL,NULL,1288),('255105      ','7399042020001171','20190914090133','1','RHADISANANURA ALIFFYAH WIJAYA','000048500000','360','Biaya Registrasi','','00',NULL,NULL,'2019-09-14 09:01:42',NULL,NULL,1289),('000000008093','7399042020001170','20190914092252','1','FADIL RAHMAN','000048500000','360','Biaya Registrasi','','00',NULL,NULL,'2019-09-14 09:23:02',NULL,NULL,1290),('000000927730','7399042020001042','20190914093757','1','AZKA AVICENA ISHFI','000048500000','360','Biaya Registrasi','','00',NULL,NULL,'2019-09-14 09:38:05',NULL,NULL,1291),('000000927981','7399042020001042','20190914093807','1','AZKA AVICENA ISHFI','000048500000','360','Biaya Registrasi','','00',NULL,NULL,'2019-09-14 09:38:14',NULL,NULL,1292),('000000929853','7399042020001042','20190914093931','1','AZKA AVICENA ISHFI','000048500000','360','Biaya Registrasi','','00',NULL,NULL,'2019-09-14 09:39:38',NULL,NULL,1293),('000000405780','7399042020001178','20190914103028','2','ABDUL MUBDI\' AL-MUKARROM','000048500000','360','Biaya Registrasi','','00',NULL,NULL,'2019-09-14 10:30:52',NULL,NULL,1294),('000000204940','7399042020001180','20190914114443','1','MUHAMMAD WILDAN ZAHIR MURTAFI','000048500000','360','Biaya Registrasi','','00',NULL,NULL,'2019-09-14 11:44:51',NULL,NULL,1295),('000000205173','7399042020001180','20190914114455','1','MUHAMMAD WILDAN ZAHIR MURTAFI','000048500000','360','Biaya Registrasi','','00',NULL,NULL,'2019-09-14 11:45:02',NULL,NULL,1296),('000000208033','7399042020001180','20190914114700','1','MUHAMMAD WILDAN ZAHIR MURTAFI','000048500000','360','Biaya Registrasi','','00',NULL,NULL,'2019-09-14 11:47:07',NULL,NULL,1297),('000000417884','7399042020001185','20190914132545','2','AHMAD ROZAN FAIDHURRAHMAN','000048500000','360','Biaya Registrasi','','00',NULL,NULL,'2019-09-14 13:26:09',NULL,NULL,1298),('695774925701','7399042020000987','20190914142021','2','MUHAMMAD ALFI FAIZ GHADAVI','000048500000','360','Biaya Registrasi','','00',NULL,NULL,'2019-09-14 14:20:40',NULL,NULL,1299),('696038925701','7399042020000987','20190914142225','2','MUHAMMAD ALFI FAIZ GHADAVI','000048500000','360','Biaya Registrasi','','00',NULL,NULL,'2019-09-14 14:22:44',NULL,NULL,1300),('696154925701','7399042020000987','20190914142334','2','MUHAMMAD ALFI FAIZ GHADAVI','000048500000','360','Biaya Registrasi','','00',NULL,NULL,'2019-09-14 14:23:54',NULL,NULL,1301),('000000001468','7399042020001186','20190914145049','1','FERIZ NOYA MALIKA','000048500000','360','Biaya Registrasi','','00',NULL,NULL,'2019-09-14 14:41:24',NULL,NULL,1302),('707580      ','7399042020001149','20190914153349','1','MUHAMMAD NAUFAL AFKAR','000048500000','360','Biaya Registrasi','','00',NULL,NULL,'2019-09-14 15:33:56',NULL,NULL,1303),('707614      ','7399042020001149','20190914153416','1','MUHAMMAD NAUFAL AFKAR','000048500000','360','Biaya Registrasi','','00',NULL,NULL,'2019-09-14 15:34:34',NULL,NULL,1304),('000000713613','7399042020001188','20190914171030','1','FAKHRIYAH ALTHAFUZ ZAHRANIYA','000048500000','360','Biaya Registrasi','','00',NULL,NULL,'2019-09-14 17:10:01',NULL,NULL,1305),('000000713731','7399042020001188','20190914171025','1','FAKHRIYAH ALTHAFUZ ZAHRANIYA','000048500000','360','Biaya Registrasi','','00',NULL,NULL,'2019-09-14 17:10:16',NULL,NULL,1306),('000000716414','7399042020001188','20190914171801','1','FAKHRIYAH ALTHAFUZ ZAHRANIYA','000048500000','360','Biaya Registrasi','','00',NULL,NULL,'2019-09-14 17:17:31',NULL,NULL,1307),('000000716481','7399042020001188','20190914171811','1','FAKHRIYAH ALTHAFUZ ZAHRANIYA','000048500000','360','Biaya Registrasi','','00',NULL,NULL,'2019-09-14 17:17:41',NULL,NULL,1308),('770226      ','7399042020001191','20190914172820','1','DANISWARA FARAS SHIDQI','000048500000','360','Biaya Registrasi','','00',NULL,NULL,'2019-09-14 17:28:26',NULL,NULL,1309),('000000704663','7399042020001192','20190914175520','1','ALIVIA AJENG AZIZAH','000048500000','360','Biaya Registrasi','','00',NULL,NULL,'2019-09-14 17:55:26',NULL,NULL,1310),('000000795669','7399042020001195','20190914185926','1','AUFAA SHOFIYA DARLIS','000048500000','360','Biaya Registrasi','','00',NULL,NULL,'2019-09-14 18:59:33',NULL,NULL,1311),('000000796025','7399042020001195','20190914185941','1','AUFAA SHOFIYA DARLIS','000048500000','360','Biaya Registrasi','','00',NULL,NULL,'2019-09-14 18:59:48',NULL,NULL,1312),('000000796680','7399042020001195','20190914190011','1','AUFAA SHOFIYA DARLIS','000048500000','360','Biaya Registrasi','','00',NULL,NULL,'2019-09-14 19:00:18',NULL,NULL,1313),('000001875912','7399042020001193','20190914190029','1','MYSHA SRI WARDANI','000048500000','360','Biaya Registrasi','','00',NULL,NULL,'2019-09-14 19:00:36',NULL,NULL,1314),('000000009084','7399042020001194','20190914191418','1','MAULANA FATTAH MUTSABBIT','000048500000','360','Biaya Registrasi','','00',NULL,NULL,'2019-09-14 19:14:25',NULL,NULL,1315),('732693925701','7399042020000987','20190914192017','2','MUHAMMAD ALFI FAIZ GHADAVI','000048500000','360','Biaya Registrasi','','00',NULL,NULL,'2019-09-14 19:20:37',NULL,NULL,1316),('732794925701','7399042020000987','20190914192126','2','MUHAMMAD ALFI FAIZ GHADAVI','000048500000','360','Biaya Registrasi','','00',NULL,NULL,'2019-09-14 19:21:46',NULL,NULL,1317),('000000827683','7399042020001197','20190914192243','1','AFIRA AZZAHRA HUMAIRA','000048500000','360','Biaya Registrasi','','00',NULL,NULL,'2019-09-14 19:22:50',NULL,NULL,1318),('000000827983','7399042020001197','20190914192257','1','AFIRA AZZAHRA HUMAIRA','000048500000','360','Biaya Registrasi','','00',NULL,NULL,'2019-09-14 19:23:04',NULL,NULL,1319),('000000830258','7399042020001197','20190914192448','1','AFIRA AZZAHRA HUMAIRA','000048500000','360','Biaya Registrasi','','00',NULL,NULL,'2019-09-14 19:24:55',NULL,NULL,1320),('850136      ','7399042020001201','20190914205247','1','LUQMAN KHALID','000048500000','360','Biaya Registrasi','','00',NULL,NULL,'2019-09-14 20:52:54',NULL,NULL,1321),('703563      ','7399042020001207','20190914214551','1','FAIZAH BILQIS PUTRI WIBOWO','000048500000','360','Biaya Registrasi','','00',NULL,NULL,'2019-09-14 21:45:58',NULL,NULL,1322),('000330240559','7399042020001211','20190914224226','1','BIMA RAIS SEJATI','000048500000','360','Biaya Registrasi','','00',NULL,NULL,'2019-09-14 22:42:36',NULL,NULL,1323),('206867535498','7399042020001219','20190915070838','1','FATIHATUS SALMA','000048500000','360','Biaya Registrasi','','00',NULL,NULL,'2019-09-15 07:08:45',NULL,NULL,1324),('890569      ','7399042020001218','20190915070900','1','KAYLA IRTIKHA ZAHRA SAPUTRA','000048500000','360','Biaya Registrasi','','00',NULL,NULL,'2019-09-15 07:09:08',NULL,NULL,1325),('000935      ','7399042020000987','20190915081519','1','MUHAMMAD ALFI FAIZ GHADAVI','000048500000','360','Biaya Registrasi','','00',NULL,NULL,'2019-09-15 08:15:26',NULL,NULL,1326),('762954925801','7399042020000987','20190915082520','2','MUHAMMAD ALFI FAIZ GHADAVI','000025000000','360','Biaya Registrasi','','00',NULL,NULL,'2019-09-15 08:25:40',NULL,NULL,1327),('000000006963','7399042020001217','20190915085702','1','AULIA AZ ZAHRA ','000048500000','360','Biaya Registrasi','','00',NULL,NULL,'2019-09-15 08:57:10',NULL,NULL,1328),('000000301634','7399042020001223','20190915091011','1','FARAH AMALIA HAMIDAH','000048500000','360','Biaya Registrasi','','00',NULL,NULL,'2019-09-15 09:10:18',NULL,NULL,1329),('000000301812','7399042020001223','20190915091022','1','FARAH AMALIA HAMIDAH','000048500000','360','Biaya Registrasi','','00',NULL,NULL,'2019-09-15 09:10:29',NULL,NULL,1330),('000330371683','7399042020001133','20190915091047','1','MUHAMMAD FARIS AL FATIH','000048500000','360','Biaya Registrasi','','00',NULL,NULL,'2019-09-15 09:10:58',NULL,NULL,1331),('000000005327','7399042020001227','20190915100136','1','TSAABITAH PUTERI YUSUF','000048500000','360','Biaya Registrasi','','00',NULL,NULL,'2019-09-15 10:01:43',NULL,NULL,1332),('000000005916','7399042020001206','20190915102456','1','HANNY NURUL ISTIQOMAH','000048500000','360','Biaya Registrasi','','00',NULL,NULL,'2019-09-15 10:25:03',NULL,NULL,1333),('000000005918','7399042020001209','20190915102555','1','HAPPY HUSNUL KHOTIMAH ','000048500000','360','Biaya Registrasi','','00',NULL,NULL,'2019-09-15 10:26:08',NULL,NULL,1334),('428146      ','7399042020001228','20190915103740','1','GAMIEL RIFFAT ATHARI','000048500000','360','Biaya Registrasi','','00',NULL,NULL,'2019-09-15 10:37:48',NULL,NULL,1335),('962177      ','7399042020001196','20190915103836','1','KIRANI THALITA SASIKIRANA AMEL','000048500000','360','Biaya Registrasi','','00',NULL,NULL,'2019-09-15 10:38:48',NULL,NULL,1336),('422547      ','7399042020001229','20190915104218','1','ALYA AMANY SHIDQIA','000048500000','360','Biaya Registrasi','','00',NULL,NULL,'2019-09-15 10:42:26',NULL,NULL,1337),('942710      ','7399042020001229','20190915104253','1','ALYA AMANY SHIDQIA','000048500000','360','Biaya Registrasi','','00',NULL,NULL,'2019-09-15 10:43:01',NULL,NULL,1338),('000330444717','7399042020001133','20190915110324','1','MUHAMMAD FARIS AL FATIH','000048500000','360','Biaya Registrasi','','00',NULL,NULL,'2019-09-15 11:03:35',NULL,NULL,1339),('926648      ','7399042020001133','20190915110628','1','MUHAMMAD FARIS AL FATIH','000048500000','360','Biaya Registrasi','','00',NULL,NULL,'2019-09-15 11:06:35',NULL,NULL,1340),('482449      ','7399042020000545','20190915113720','1','RAFEYFA ASYLA ANDEZ','000048500000','360','Biaya Registrasi','','00',NULL,NULL,'2019-09-15 11:36:46',NULL,NULL,1341),('000000007557','7399042020001235','20190915121416','1','ANANDA DRIANDIKA SITEPU','000048500000','360','Biaya Registrasi','','00',NULL,NULL,'2019-09-15 12:14:23',NULL,NULL,1342),('509755      ','7399042020001238','20190915124441','1','MUHAMMAD EL HAQIY HAZBULLAH','000048500000','360','Biaya Registrasi','','00',NULL,NULL,'2019-09-15 12:46:42',NULL,NULL,1343),('000000015171','7399042020001216','20190915125057','1','MUHAMMAD FADHIL RIZKILLAH','000048500000','360','Biaya Registrasi','','00',NULL,NULL,'2019-09-15 12:47:45',NULL,NULL,1344),('000000565447','7399042020001223','20190915132353','1','FARAH AMALIA HAMIDAH','000048500000','360','Biaya Registrasi','','00',NULL,NULL,'2019-09-15 13:24:00',NULL,NULL,1345),('000000481746','7399042020001240','20190915134604','2','SYAUQI QISTHI NAFISAH','000048500000','360','Biaya Registrasi','','00',NULL,NULL,'2019-09-15 13:46:28',NULL,NULL,1346),('000007282110','7399042020001202','20190915135332','1','SALSABILLA ARIVA FEBIA','000048500000','360','Biaya Registrasi','','00',NULL,NULL,'2019-09-15 13:53:39',NULL,NULL,1347),('000000613669','7399042020001245','20190915141345','1','RATU NAURA SALSABILA','000048500000','360','Biaya Registrasi','','00',NULL,NULL,'2019-09-15 14:13:52',NULL,NULL,1348),('000000613857','7399042020001245','20190915141357','1','RATU NAURA SALSABILA','000048500000','360','Biaya Registrasi','','00',NULL,NULL,'2019-09-15 14:14:04',NULL,NULL,1349),('000000614640','7399042020001245','20190915141447','1','RATU NAURA SALSABILA','000048500000','360','Biaya Registrasi','','00',NULL,NULL,'2019-09-15 14:14:54',NULL,NULL,1350),('000000635095','7399042020001249','20190915143646','1','SAHLA ALTHAFUNNISA','000048500000','360','Biaya Registrasi','','00',NULL,NULL,'2019-09-15 14:36:53',NULL,NULL,1351),('000000635367','7399042020001249','20190915143704','1','SAHLA ALTHAFUNNISA','000048500000','360','Biaya Registrasi','','00',NULL,NULL,'2019-09-15 14:37:11',NULL,NULL,1352),('000000636012','7399042020001249','20190915143747','1','SAHLA ALTHAFUNNISA','000048500000','360','Biaya Registrasi','','00',NULL,NULL,'2019-09-15 14:37:54',NULL,NULL,1353),('000000636395','7399042020001249','20190915143814','1','SAHLA ALTHAFUNNISA','000048500000','360','Biaya Registrasi','','00',NULL,NULL,'2019-09-15 14:38:27',NULL,NULL,1354),('000000638477','7399042020001249','20190915144016','1','SAHLA ALTHAFUNNISA','000048500000','360','Biaya Registrasi','','00',NULL,NULL,'2019-09-15 14:40:24',NULL,NULL,1355),('006513      ','7399042020001233','20190915152028','1','RASYA FITRAWAN AZHARI PUTERA','000048500000','360','Biaya Registrasi','','00',NULL,NULL,'2019-09-15 15:20:35',NULL,NULL,1356),('000000015145','7399042020001252','20190915153348','1','ARSAF NAZIB MUBAROK ROSWENDI','000048500000','360','Biaya Registrasi','','00',NULL,NULL,'2019-09-15 15:33:28',NULL,NULL,1357),('007737      ','7399042020001252','20190915153931','1','ARSAF NAZIB MUBAROK ROSWENDI','000048500000','360','Biaya Registrasi','','00',NULL,NULL,'2019-09-15 15:39:38',NULL,NULL,1358),('001030      ','7399042020001231','20190915160502','1','M. IQBAL ALKAUSAR','000048500000','360','Biaya Registrasi','','00',NULL,NULL,'2019-09-15 16:05:09',NULL,NULL,1359),('753456      ','7399042020001253','20190915161508','1','CYNTHIA HASNA MAZAYA','000048500000','360','Biaya Registrasi','','00',NULL,NULL,'2019-09-15 16:15:16',NULL,NULL,1360),('000000687156','7399042020001256','20190915162058','1','EL AZMI NASHIRUL HAQ','000048500000','360','Biaya Registrasi','','00',NULL,NULL,'2019-09-15 16:20:54',NULL,NULL,1361),('443940      ','7399042020001257','20190915170208','1','DAANISH UTHMAN KAMIL','000048500000','360','Biaya Registrasi','','00',NULL,NULL,'2019-09-15 17:02:20',NULL,NULL,1362),('824527925801','7399042020001246','20190915173019','2','GHANIYA ZAHRA BUDIHARTO','000048500000','360','Biaya Registrasi','','00',NULL,NULL,'2019-09-15 17:31:08',NULL,NULL,1363),('594929      ','7399042020001260','20190915173814','1','HALWA SABRINA RASIN FIBAHRANI','000048500000','360','Biaya Registrasi','','00',NULL,NULL,'2019-09-15 17:38:21',NULL,NULL,1364),('000000001100','7399042020001248','20190915181951','1','TALITHA FAILASUFA FIRSTIA','000048500000','360','Biaya Registrasi','','00',NULL,NULL,'2019-09-15 18:20:02',NULL,NULL,1365),('000000498152','7399042020000359','20190915183629','2','MUHAMMAD HASYFIDZAL MAKINUN AM','000048500000','360','Biaya Registrasi','','00',NULL,NULL,'2019-09-15 18:36:56',NULL,NULL,1366),('000000002599','7399042020001210','20190915184131','1','MUHAMMAD RAYHAN MASJOFA','000048500000','360','Biaya Registrasi','','00',NULL,NULL,'2019-09-15 18:41:38',NULL,NULL,1367),('472650      ','7399042020001225','20190915190944','1','MAZZA SYADZWA MUTYA AM','000048500000','360','Biaya Registrasi','','00',NULL,NULL,'2019-09-15 19:11:56',NULL,NULL,1368),('692678      ','7399042020001225','20190915191030','1','MAZZA SYADZWA MUTYA AM','000048500000','360','Biaya Registrasi','','00',NULL,NULL,'2019-09-15 19:12:36',NULL,NULL,1369),('465305      ','7399042020001268','20190915192700','1','MUHAMMAD IRSYAD FARABI','000048500000','360','Biaya Registrasi','','00',NULL,NULL,'2019-09-15 19:27:13',NULL,NULL,1370),('725018      ','7399042020001268','20190915192817','1','MUHAMMAD IRSYAD FARABI','000048500000','360','Biaya Registrasi','','00',NULL,NULL,'2019-09-15 19:28:40',NULL,NULL,1371),('816363      ','7399042020001268','20190915192949','1','MUHAMMAD IRSYAD FARABI','000048500000','360','Biaya Registrasi','','00',NULL,NULL,'2019-09-15 19:29:57',NULL,NULL,1372),('465909      ','7399042020001268','20190915193047','1','MUHAMMAD IRSYAD FARABI','000048500000','360','Biaya Registrasi','','00',NULL,NULL,'2019-09-15 19:31:04',NULL,NULL,1373),('817149      ','7399042020001268','20190915193148','1','MUHAMMAD IRSYAD FARABI','000048500000','360','Biaya Registrasi','','00',NULL,NULL,'2019-09-15 19:31:55',NULL,NULL,1374),('466574      ','7399042020001268','20190915193519','1','MUHAMMAD IRSYAD FARABI','000048500000','360','Biaya Registrasi','','00',NULL,NULL,'2019-09-15 19:35:32',NULL,NULL,1375),('839528925801','7399042020001066','20190915194248','2','MUHAMMAD NAUFAL IRAWAN','000048500000','360','Biaya Registrasi','','00',NULL,NULL,'2019-09-15 19:43:13',NULL,NULL,1376),('839673925801','7399042020001066','20190915194358','2','MUHAMMAD NAUFAL IRAWAN','000048500000','360','Biaya Registrasi','','00',NULL,NULL,'2019-09-15 19:44:46',NULL,NULL,1377),('004221      ','7399042020001261','20190915194550','1','RAYNA ALFIANI','000048500000','360','Biaya Registrasi','','00',NULL,NULL,'2019-09-15 19:45:57',NULL,NULL,1378),('000000001577','7399042020001271','20190915202030','1','AISYAH RIDA NABILA','000048500000','360','Biaya Registrasi','','00',NULL,NULL,'2019-09-15 20:20:37',NULL,NULL,1379),('637403      ','7399042020000911','20190915202032','1','AISHA AYYA RATIANDARI','000048500000','360','Biaya Registrasi','','00',NULL,NULL,'2019-09-15 20:20:40',NULL,NULL,1380),('473883      ','7399042020001275','20190915203111','1','ZAHRA NASHITA PUTRI','000048500000','360','Biaya Registrasi','','00',NULL,NULL,'2019-09-15 20:31:19',NULL,NULL,1381),('000000104537','7399042020001276','20190915203648','1','ALIYA NADIRA SYIFA','000048500000','360','Biaya Registrasi','','00',NULL,NULL,'2019-09-15 20:36:56',NULL,NULL,1382),('000000104705','7399042020001276','20190915203659','1','ALIYA NADIRA SYIFA','000048500000','360','Biaya Registrasi','','00',NULL,NULL,'2019-09-15 20:37:06',NULL,NULL,1383),('000000105107','7399042020001276','20190915203726','1','ALIYA NADIRA SYIFA','000048500000','360','Biaya Registrasi','','00',NULL,NULL,'2019-09-15 20:37:33',NULL,NULL,1384),('000000116097','7399042020001277','20190915204845','1','FILZAH LATIFA AZIZ','000048500000','360','Biaya Registrasi','','00',NULL,NULL,'2019-09-15 20:48:53',NULL,NULL,1385),('000000116234','7399042020001277','20190915204854','1','FILZAH LATIFA AZIZ','000048500000','360','Biaya Registrasi','','00',NULL,NULL,'2019-09-15 20:49:01',NULL,NULL,1386),('000000116688','7399042020001277','20190915204922','1','FILZAH LATIFA AZIZ','000048500000','360','Biaya Registrasi','','00',NULL,NULL,'2019-09-15 20:49:29',NULL,NULL,1387),('000000005476','7399042020001227','20190915211419','1','TSAABITAH PUTERI YUSUF','000048500000','360','Biaya Registrasi','','00',NULL,NULL,'2019-09-15 21:14:27',NULL,NULL,1388),('720538      ','7399042020001280','20190916055034','1','RAJWA ALYA NABILA','000048500000','360','Biaya Registrasi','','00',NULL,NULL,'2019-09-16 05:50:42',NULL,NULL,1389),('694376      ','7399042020001281','20190916055242','1','MUHAMMAD HABIB AL FIKRI','000048500000','360','Biaya Registrasi','','00',NULL,NULL,'2019-09-16 05:52:49',NULL,NULL,1390),('893521      ','7399042020001166','20190916071807','1','AISYA SHAFIQA','000048500000','360','Biaya Registrasi','','00',NULL,NULL,'2019-09-16 07:18:14',NULL,NULL,1391),('000000006422','7399042020001266','20190916073757','1','GADIZA MARYAM WAHYUNINGTYAS','000048500000','360','Biaya Registrasi','','00',NULL,NULL,'2019-09-16 07:38:05',NULL,NULL,1392),('507814      ','7399042020001283','20190916083246','1','LIZIA NURNAYA ADHWA','000048500000','360','Biaya Registrasi','','00',NULL,NULL,'2019-09-16 08:33:18',NULL,NULL,1393),('919162      ','7399042020001283','20190916083912','1','LIZIA NURNAYA ADHWA','000048500000','360','Biaya Registrasi','','00',NULL,NULL,'2019-09-16 08:39:21',NULL,NULL,1394),('920884      ','7399042020001275','20190916084320','1','ZAHRA NASHITA PUTRI','000048500000','360','Biaya Registrasi','','00',NULL,NULL,'2019-09-16 08:43:29',NULL,NULL,1395),('000000006440','7399042020001266','20190916084645','1','GADIZA MARYAM WAHYUNINGTYAS','000048500000','360','Biaya Registrasi','','00',NULL,NULL,'2019-09-16 08:46:56',NULL,NULL,1396),('922388      ','7399042020001168','20190916084702','1','SULTAN MUHAMMAD NAUFAL REZFAN','000048500000','360','Biaya Registrasi','','00',NULL,NULL,'2019-09-16 08:47:31',NULL,NULL,1397),('510528      ','7399042020001168','20190916084826','1','SULTAN MUHAMMAD NAUFAL REZFAN','000048500000','360','Biaya Registrasi','','00',NULL,NULL,'2019-09-16 08:48:34',NULL,NULL,1398),('925772      ','7399042020001299','20190916085540','1','YASMIN NUR FATIHAH GUMELAR','000048500000','360','Biaya Registrasi','','00',NULL,NULL,'2019-09-16 08:55:48',NULL,NULL,1399),('925920      ','7399042020001299','20190916085557','1','YASMIN NUR FATIHAH GUMELAR','000048500000','360','Biaya Registrasi','','00',NULL,NULL,'2019-09-16 08:56:06',NULL,NULL,1400),('000000435282','7399042020001042','20190916085948','1','AZKA AVICENA ISHFI','000048500000','360','Biaya Registrasi','','00',NULL,NULL,'2019-09-16 08:59:56',NULL,NULL,1401),('542281      ','7399042020001238','20190916090313','1','MUHAMMAD EL HAQIY HAZBULLAH','000048500000','360','Biaya Registrasi','','00',NULL,NULL,'2019-09-16 09:05:41',NULL,NULL,1402),('000000005139','7399042020001301','20190916091253','1','KHANSA MEDINA PUTRI','000048500000','360','Biaya Registrasi','','00',NULL,NULL,'2019-09-16 09:13:01',NULL,NULL,1403),('777975      ','7399042020001305','20190916091956','1','KEISYA BALQIS AZKIA','000048500000','360','Biaya Registrasi','','00',NULL,NULL,'2019-09-16 09:20:04',NULL,NULL,1404),('000000466177','7399042020000748','20190916092011','1','ADZKA QONITA AL-QUDS','000048500000','360','Biaya Registrasi','','00',NULL,NULL,'2019-09-16 09:20:19',NULL,NULL,1405),('523294      ','7399042020001307','20190916093909','1','SULTHAN FATHIR AL HAFIZH','000048500000','360','Biaya Registrasi','','00',NULL,NULL,'2019-09-16 09:39:18',NULL,NULL,1406),('888586925901','7399042020001247','20190916094301','2','MUHAMMAD ADYARAKA RAMDHANI HAB','000048500000','360','Biaya Registrasi','','00',NULL,NULL,'2019-09-16 09:43:21',NULL,NULL,1407),('000000534097','7399042020001302','20190916094710','2','ATIKAH HANIFAH RAHMA','000048500000','360','Biaya Registrasi','','00',NULL,NULL,'2019-09-16 09:47:34',NULL,NULL,1408),('000000001670','7399042020001023','20190916094937','1','MUHAMMAD FAKHRI RAMADHAN','000048500000','360','Biaya Registrasi','','00',NULL,NULL,'2019-09-16 09:49:18',NULL,NULL,1409),('000000534344','7399042020001302','20190916094903','2','ATIKAH HANIFAH RAHMA','000048500000','360','Biaya Registrasi','','00',NULL,NULL,'2019-09-16 09:49:27',NULL,NULL,1410),('000000534638','7399042020001247','20190916095122','2','MUHAMMAD ADYARAKA RAMDHANI HAB','000048500000','360','Biaya Registrasi','','00',NULL,NULL,'2019-09-16 09:51:47',NULL,NULL,1411),('796907      ','7399042020001309','20190916095353','1','ANDREA GHINA FAKHIRA','000048500000','360','Biaya Registrasi','','00',NULL,NULL,'2019-09-16 09:54:01',NULL,NULL,1412),('000000534982','7399042020001247','20190916095432','2','MUHAMMAD ADYARAKA RAMDHANI HAB','000048500000','360','Biaya Registrasi','','00',NULL,NULL,'2019-09-16 09:54:55',NULL,NULL,1413),('961208      ','7399042020001168','20190916101651','1','SULTAN MUHAMMAD NAUFAL REZFAN','000048500000','360','Biaya Registrasi','','00',NULL,NULL,'2019-09-16 10:17:03',NULL,NULL,1414),('532756      ','7399042020001168','20190916101759','1','SULTAN MUHAMMAD NAUFAL REZFAN','000048500000','360','Biaya Registrasi','','00',NULL,NULL,'2019-09-16 10:18:07',NULL,NULL,1415),('807368      ','7399042020001310','20190916103730','1','SHABRINA KHAIRANA PUTRI','000048500000','360','Biaya Registrasi','','00',NULL,NULL,'2019-09-16 10:37:38',NULL,NULL,1416),('000000007878','7399042020001298','20190916110134','1','LUFTHI MUHAMMAD ALCOIFAN','000048500000','360','Biaya Registrasi','','00',NULL,NULL,'2019-09-16 11:01:42',NULL,NULL,1417),('000000638072','7399042020001042','20190916110507','1','AZKA AVICENA ISHFI','000048500000','360','Biaya Registrasi','','00',NULL,NULL,'2019-09-16 11:05:15',NULL,NULL,1418),('000000643519','7399042020001042','20190916110819','1','AZKA AVICENA ISHFI','000048500000','360','Biaya Registrasi','','00',NULL,NULL,'2019-09-16 11:08:33',NULL,NULL,1419),('000000644296','7399042020001042','20190916110846','1','AZKA AVICENA ISHFI','000048500000','360','Biaya Registrasi','','00',NULL,NULL,'2019-09-16 11:08:54',NULL,NULL,1420),('000000660238','7399042020001215','20190916111812','1','ZINEDIA ZALFA SYAHLA','000048500000','360','Biaya Registrasi','','00',NULL,NULL,'2019-09-16 11:18:20',NULL,NULL,1421),('000000660623','7399042020001215','20190916111826','1','ZINEDIA ZALFA SYAHLA','000048500000','360','Biaya Registrasi','','00',NULL,NULL,'2019-09-16 11:18:42',NULL,NULL,1422),('000000663173','7399042020001215','20190916111958','1','ZINEDIA ZALFA SYAHLA','000048500000','360','Biaya Registrasi','','00',NULL,NULL,'2019-09-16 11:20:06',NULL,NULL,1423),('000000002344','7399042020001279','20190916113310','1','RAISHADYA SYAHIRA DZAKWAN','000048500000','360','Biaya Registrasi','','00',NULL,NULL,'2019-09-16 11:33:19',NULL,NULL,1424),('000000003790','7399042020001244','20190916114425','1','AZMA INDANA ZULFA','000048500000','360','Biaya Registrasi','','00',NULL,NULL,'2019-09-16 11:44:33',NULL,NULL,1425),('000000009786','7399042020001244','20190916115428','1','AZMA INDANA ZULFA','000048500000','360','Biaya Registrasi','','00',NULL,NULL,'2019-09-16 11:54:36',NULL,NULL,1426),('873174      ','7399042020001317','20190916115632','1','KHADIJAH RIDWAN','000048500000','360','Biaya Registrasi','','00',NULL,NULL,'2019-09-16 11:56:39',NULL,NULL,1427),('001978      ','7399042020001315','20190916123553','1','ZAKIYA RAHMA AZZAHRA','000048500000','360','Biaya Registrasi','','00',NULL,NULL,'2019-09-16 12:36:01',NULL,NULL,1428),('000000002653','7399042020001320','20190916123622','1','MUHAMMAD DZADISSAKHA ATHAR','000048500000','360','Biaya Registrasi','','00',NULL,NULL,'2019-09-16 12:36:30',NULL,NULL,1429),('937037      ','7399042020001311','20190916124804','1','DHEVINA PERWANTIASIH','000048500000','360','Biaya Registrasi','','00',NULL,NULL,'2019-09-16 12:48:12',NULL,NULL,1430),('000000269271','7399042020001258','20190916124131','1','NIRWAN SULAIMAN FARIZ','000048500000','360','Biaya Registrasi','','00',NULL,NULL,'2019-09-16 12:48:19',NULL,NULL,1431),('000000272648','7399042020001258','20190916124727','1','NIRWAN SULAIMAN FARIZ','000048500000','360','Biaya Registrasi','','00',NULL,NULL,'2019-09-16 12:54:12',NULL,NULL,1432),('863905      ','7399042020001268','20190916125556','1','MUHAMMAD IRSYAD FARABI','000048500000','360','Biaya Registrasi','','00',NULL,NULL,'2019-09-16 12:56:08',NULL,NULL,1433),('944582      ','7399042020001268','20190916125650','1','MUHAMMAD IRSYAD FARABI','000048500000','360','Biaya Registrasi','','00',NULL,NULL,'2019-09-16 12:56:58',NULL,NULL,1434),('132531006613','7399042020001042','20190916132531','2','AZKA AVICENA ISHFI','000048500000','360','Biaya Registrasi','','00',NULL,NULL,'2019-09-16 13:30:45',NULL,NULL,1435),('000000000807','7399042020001324','20190916133633','1','ADARA PARAMITHA MAWUNTU','000048500000','360','Biaya Registrasi','','00',NULL,NULL,'2019-09-16 13:36:41',NULL,NULL,1436),('000000913877','7399042020001042','20190916135224','1','AZKA AVICENA ISHFI','000048500000','360','Biaya Registrasi','','00',NULL,NULL,'2019-09-16 13:52:32',NULL,NULL,1437),('135113007119','7399042020001123','20190916135113','2','MUHAMMAD FAKHRI ALFARISI','000025000000','360','Biaya Registrasi','','00',NULL,NULL,'2019-09-16 13:56:26',NULL,NULL,1438),('135414007187','7399042020001123','20190916135414','2','MUHAMMAD FAKHRI ALFARISI','000025000000','360','Biaya Registrasi','','00',NULL,NULL,'2019-09-16 13:59:28',NULL,NULL,1439),('000000931565','7399042020001042','20190916140312','1','AZKA AVICENA ISHFI','000048500000','360','Biaya Registrasi','','00',NULL,NULL,'2019-09-16 14:03:20',NULL,NULL,1440),('946930      ','7399042020001327','20190916141913','1','KAYLA RANAZAHIA LUKMANTORO','000048500000','360','Biaya Registrasi','','00',NULL,NULL,'2019-09-16 14:19:21',NULL,NULL,1441),('142455007857','7399042020001258','20190916142455','2','NIRWAN SULAIMAN FARIZ','000048500000','360','Biaya Registrasi','','00',NULL,NULL,'2019-09-16 14:30:27',NULL,NULL,1442),('005512      ','7399042020001232','20190916143043','1','JAVIER HAFIZH GIBRAN','000048500000','360','Biaya Registrasi','','00',NULL,NULL,'2019-09-16 14:31:17',NULL,NULL,1443),('142745007917','7399042020001321','20190916142745','2','MUHAMMAD ZAKY IMTIYAZ','000048500000','360','Biaya Registrasi','','00',NULL,NULL,'2019-09-16 14:32:58',NULL,NULL,1444),('938838925901','7399042020001265','20190916143302','2','ZAKI MUHAMMAD ABDEE AL HAKIMIY','000048500000','360','Biaya Registrasi','','00',NULL,NULL,'2019-09-16 14:33:23',NULL,NULL,1445),('166093      ','7399042020001330','20190916151616','1','RAKHA ALFARIZQIA','000048500000','360','Biaya Registrasi','','00',NULL,NULL,'2019-09-16 15:18:22',NULL,NULL,1446),('006731      ','7399042020001269','20190916151900','1','GHOFARI IZZUDIN AHMAD','000048500000','360','Biaya Registrasi','','00',NULL,NULL,'2019-09-16 15:19:07',NULL,NULL,1447),('657108      ','7399042020001024','20190916210615','1','IRHAM RIZKI ILAYYA','000048500000','360','Biaya Registrasi','','00',NULL,NULL,'2019-09-16 21:06:28',NULL,NULL,1448),('658193      ','7399042020001024','20190916210819','1','IRHAM RIZKI ILAYYA','000048500000','360','Biaya Registrasi','','00',NULL,NULL,'2019-09-16 21:08:27',NULL,NULL,1449),('217995      ','7399042020001346','20190916223850','1','RAMZY HERMAN SYAH','000048500000','360','Biaya Registrasi','','00',NULL,NULL,'2019-09-16 22:39:09',NULL,NULL,1450),('668650      ','7399042020001334','20190916224315','1','ALISYA AZ ZAHRO','000048500000','360','Biaya Registrasi','','00',NULL,NULL,'2019-09-16 22:43:23',NULL,NULL,1451),('219640      ','7399042020001346','20190916225122','1','RAMZY HERMAN SYAH','000048500000','360','Biaya Registrasi','','00',NULL,NULL,'2019-09-16 22:51:35',NULL,NULL,1452),('732493      ','7399042020001024','20190917072936','1','IRHAM RIZKI ILAYYA','000048500000','360','Biaya Registrasi','','00',NULL,NULL,'2019-09-17 07:29:44',NULL,NULL,1453),('072551000044','7399042020001314','20190917072551','2','MUHAMMAD IBRAHIM ATS TSAQOFI','000048500000','360','Biaya Registrasi','','00',NULL,NULL,'2019-09-17 07:31:06',NULL,NULL,1454),('000000900646','7399042020001354','20190917074116','1','MUHAMMAD ARDHI GHONIYUL ILMI','000048500000','360','Biaya Registrasi','','00',NULL,NULL,'2019-09-17 07:41:24',NULL,NULL,1455),('000000900710','7399042020001354','20190917074120','1','MUHAMMAD ARDHI GHONIYUL ILMI','000048500000','360','Biaya Registrasi','','00',NULL,NULL,'2019-09-17 07:41:33',NULL,NULL,1456),('000000901305','7399042020001354','20190917074157','1','MUHAMMAD ARDHI GHONIYUL ILMI','000048500000','360','Biaya Registrasi','','00',NULL,NULL,'2019-09-17 07:42:07',NULL,NULL,1457),('740405      ','7399042020001024','20190917080956','1','IRHAM RIZKI ILAYYA','000048500000','360','Biaya Registrasi','','00',NULL,NULL,'2019-09-17 08:10:04',NULL,NULL,1458),('740518      ','7399042020000215','20190917081232','1','AZKIA ZALFA NAIMA','000048500000','360','Biaya Registrasi','','00',NULL,NULL,'2019-09-17 08:12:42',NULL,NULL,1459),('740624      ','7399042020001305','20190917081450','1','KEISYA BALQIS AZKIA','000048500000','360','Biaya Registrasi','','00',NULL,NULL,'2019-09-17 08:15:00',NULL,NULL,1460),('000551      ','7399042020001232','20190917085205','1','JAVIER HAFIZH GIBRAN','000048500000','360','Biaya Registrasi','','00',NULL,NULL,'2019-09-17 08:52:14',NULL,NULL,1461),('085523000628','7399042020001208','20190917085523','2','EVA REVALINA MELIANA','000048500000','360','Biaya Registrasi','','00',NULL,NULL,'2019-09-17 09:00:38',NULL,NULL,1462),('085829000666','7399042020001208','20190917085829','2','EVA REVALINA MELIANA','000048500000','360','Biaya Registrasi','','00',NULL,NULL,'2019-09-17 09:03:44',NULL,NULL,1463),('000000005619','7399042020001319','20190917090629','1','DANISA NAIRA KAYYASA RAMBE','000048500000','360','Biaya Registrasi','','00',NULL,NULL,'2019-09-17 09:06:37',NULL,NULL,1464),('091147000891','7399042020001328','20190917091147','2','BAYU ABIMANYU','000048500000','360','Biaya Registrasi','','00',NULL,NULL,'2019-09-17 09:17:02',NULL,NULL,1465),('091204000894','7399042020001328','20190917091204','2','BAYU ABIMANYU','000048500000','360','Biaya Registrasi','','00',NULL,NULL,'2019-09-17 09:17:18',NULL,NULL,1466),('091611000923','7399042020001328','20190917091611','2','BAYU ABIMANYU','000048500000','360','Biaya Registrasi','','00',NULL,NULL,'2019-09-17 09:21:26',NULL,NULL,1467),('000000687740','7399042020001352','20190917092452','1','AISHA MALEEKA ZAHRA','000048500000','360','Biaya Registrasi','','00',NULL,NULL,'2019-09-17 09:31:38',NULL,NULL,1468),('000000172188','7399042020000740','20190917095303','1','DMITRI FATHI DHIYA ULHAQ MAYTO','000048500000','360','Biaya Registrasi','','00',NULL,NULL,'2019-09-17 09:53:11',NULL,NULL,1469),('000000172570','7399042020000740','20190917095318','1','DMITRI FATHI DHIYA ULHAQ MAYTO','000048500000','360','Biaya Registrasi','','00',NULL,NULL,'2019-09-17 09:53:27',NULL,NULL,1470),('000000006064','7399048080001346','20190917100419','1','RAMZY HERMAN SYAH','000048500000','360','Biaya Registrasi','','00',NULL,NULL,'2019-09-17 10:04:28',NULL,NULL,1471),('000000006065','7399042020001346','20190917100519','1','RAMZY HERMAN SYAH','000048500000','360','Biaya Registrasi','','00',NULL,NULL,'2019-09-17 10:05:27',NULL,NULL,1472),('000000197200','7399042020000740','20190917100845','1','DMITRI FATHI DHIYA ULHAQ MAYTO','000048500000','360','Biaya Registrasi','','00',NULL,NULL,'2019-09-17 10:08:53',NULL,NULL,1473),('000000575367','7399042020001357','20190917103310','1','KEYSHA AZZAHRA RUBYANTO','000048500000','360','Biaya Registrasi','','00',NULL,NULL,'2019-09-17 10:33:06',NULL,NULL,1474),('003051      ','7399042020000816','20190917114454','1','MUHAMMAD ATHIF SYAKIB NUR','000048500000','360','Biaya Registrasi','','00',NULL,NULL,'2019-09-17 10:45:02',NULL,NULL,1475),('105850002951','7399042020001017','20190917105850','2','ANARGYA ANANTYO RAHMADIAN','000048500000','360','Biaya Registrasi','','00',NULL,NULL,'2019-09-17 11:04:08',NULL,NULL,1476),('838421      ','7399042020001024','20190917111456','1','IRHAM RIZKI ILAYYA','000048500000','360','Biaya Registrasi','','00',NULL,NULL,'2019-09-17 11:15:04',NULL,NULL,1477),('098213      ','7399042020001359','20190917111722','1','MUHAMMAD BELVA ZULFAN FIRDAUS','000048500000','360','Biaya Registrasi','','00',NULL,NULL,'2019-09-17 11:16:49',NULL,NULL,1478),('000000001840','7399042020001254','20190917112738','1','FATIYA NAILAZZAHRA','000048500000','360','Biaya Registrasi','','00',NULL,NULL,'2019-09-17 11:27:46',NULL,NULL,1479),('000866      ','7399042020001220','20190917130337','1','ZILFA TAQIYYAH','000048500000','360','Biaya Registrasi','','00',NULL,NULL,'2019-09-17 13:03:49',NULL,NULL,1480),('000000080324','7399042020001313','20190917130912','1','MUHAMMAD DZIKRI HALIM','000048500000','360','Biaya Registrasi','','00',NULL,NULL,'2019-09-17 13:17:56',NULL,NULL,1481),('911968      ','7399042020001024','20190917134907','1','IRHAM RIZKI ILAYYA','000048500000','360','Biaya Registrasi','','00',NULL,NULL,'2019-09-17 13:49:15',NULL,NULL,1482),('000000650167','7399042020001044','20190917134854','2','MUHAMMAD SYAFIQ WIBOWO','000048500000','360','Biaya Registrasi','','00',NULL,NULL,'2019-09-17 13:49:18',NULL,NULL,1483),('000000650335','7399042020001044','20190917135107','2','MUHAMMAD SYAFIQ WIBOWO','000048500000','360','Biaya Registrasi','','00',NULL,NULL,'2019-09-17 13:51:31',NULL,NULL,1484),('000000003591','7399042020001360','20190917142451','1','ISHAK AHMAD SODIQIN','000048500000','360','Biaya Registrasi','','00',NULL,NULL,'2019-09-17 14:25:00',NULL,NULL,1485),('937167      ','7399042020001362','20190917143540','1','ZAHIRA MAGHFIROTUNNISA AKBAR','000048500000','360','Biaya Registrasi','','00',NULL,NULL,'2019-09-17 14:35:48',NULL,NULL,1486),('000146      ','7399042020001339','20190917144617','1','TIARA ANNISA MEDINATA','000048500000','360','Biaya Registrasi','','00',NULL,NULL,'2019-09-17 14:46:25',NULL,NULL,1487),('007310      ','7399042020001348','20190917151628','1','FATHIYAH RIZKI SALSABILLA','000048500000','360','Biaya Registrasi','','00',NULL,NULL,'2019-09-17 15:16:41',NULL,NULL,1488),('000000660607','7399042020001044','20190917154141','2','MUHAMMAD SYAFIQ WIBOWO','000048500000','360','Biaya Registrasi','','00',NULL,NULL,'2019-09-17 15:42:10',NULL,NULL,1489),('000000000056','7399042020001308','20190917163155','1','NAUFAL RAMADHAN','000048500000','360','Biaya Registrasi','','00',NULL,NULL,'2019-09-17 16:31:01',NULL,NULL,1490),('000000665323','7399042020001365','20190917163728','2','THIERY SHAFA PUTRI','000048500000','360','Biaya Registrasi','','00',NULL,NULL,'2019-09-17 16:37:52',NULL,NULL,1491),('894073      ','7399042020001364','20190917164500','1','FAHRIYAH VINA LEPAMAYA ','000048500000','360','Biaya Registrasi','','00',NULL,NULL,'2019-09-17 16:45:09',NULL,NULL,1492),('000665      ','7399042020001340','20190917185411','1','MEUTIA AZ ZAHRA','000048500000','360','Biaya Registrasi','','00',NULL,NULL,'2019-09-17 18:54:19',NULL,NULL,1493),('981463      ','7399042020000788','20190917194321','1','BAQIR MOCHAMAD ALAMSYAH','000048500000','360','Biaya Registrasi','','00',NULL,NULL,'2019-09-17 19:43:29',NULL,NULL,1494),('000840      ','7399042020001358','20190917201825','1','RAISHA AZKIYA ZALFA','000048500000','360','Biaya Registrasi','','00',NULL,NULL,'2019-09-17 20:18:34',NULL,NULL,1495),('610724      ','7399042020001370','20190917204933','1','DHIRGHAM TSAQIF PRIYONO','000048500000','360','Biaya Registrasi','','00',NULL,NULL,'2019-09-17 20:49:41',NULL,NULL,1496),('617798      ','7399042020001367','20190917212904','1','KEISHA ANINDYA RAMADHANI','000048500000','360','Biaya Registrasi','','00',NULL,NULL,'2019-09-17 21:29:17',NULL,NULL,1497),('144601926101','7399042020001024','20190918061724','2','IRHAM RIZKI ILAYYA','000048500000','360','Biaya Registrasi','','00',NULL,NULL,'2019-09-18 06:17:46',NULL,NULL,1498),('000000001837','7399042020001222','20190918062355','1','TAMIM ACHSANY RITZANJUE','000048500000','360','Biaya Registrasi','','00',NULL,NULL,'2019-09-18 06:20:42',NULL,NULL,1499),('000000002567','7399042020001024','20190918062510','1','IRHAM RIZKI ILAYYA','000048500000','360','Biaya Registrasi','','00',NULL,NULL,'2019-09-18 06:25:19',NULL,NULL,1500),('000000005863','7399042020001366','20190918062618','1','QUDS ABIMANYU RAS MUHAMMAD','000048500000','360','Biaya Registrasi','','00',NULL,NULL,'2019-09-18 06:26:27',NULL,NULL,1501),('000000006112','7399048080001020','20190918065743','1','SUBHAN ABDUL FATTAH AZIS','000048500000','360','Biaya Registrasi','','00',NULL,NULL,'2019-09-18 06:57:52',NULL,NULL,1502),('000000006114','7399042020001020','20190918065842','1','SUBHAN ABDUL FATTAH AZIS','000048500000','360','Biaya Registrasi','','00',NULL,NULL,'2019-09-18 06:58:50',NULL,NULL,1503),('000005230033','7399042020001264','20190918070142','1','SALSABILA SAFITRI','000048500000','360','Biaya Registrasi','','00',NULL,NULL,'2019-09-18 07:01:51',NULL,NULL,1504),('000000000008','7399042020001318','20190918074050','1','SYIFA HUSNIA ZAHRA','000048500000','360','Biaya Registrasi','','00',NULL,NULL,'2019-09-18 07:39:57',NULL,NULL,1505),('189780750130','7399042020001379','20190918075013','1','RIFA RAIHANA RAHMAN','000048500000','360','Biaya Registrasi','','00',NULL,NULL,'2019-09-18 07:50:22',NULL,NULL,1506),('000332615357','7399042020001382','20190918085646','1','NADIA AUNI JAMIL','000048500000','360','Biaya Registrasi','','00',NULL,NULL,'2019-09-18 08:56:59',NULL,NULL,1507),('000000708520','7399042020001024','20190918091320','2','IRHAM RIZKI ILAYYA','000048500000','360','Biaya Registrasi','','00',NULL,NULL,'2019-09-18 09:13:45',NULL,NULL,1508),('740090      ','7399042018000326','20190918091812','1','NAJLA NAYLA PUTRI','000048500000','360','Biaya Registrasi','','00',NULL,NULL,'2019-09-18 09:18:21',NULL,NULL,1509),('167567926101','7399042020001184','20190918092125','2','KRISNA HALIM','000048500000','360','Biaya Registrasi','','00',NULL,NULL,'2019-09-18 09:21:46',NULL,NULL,1510),('008237      ','7399042020001166','20190918103330','1','AISYA SHAFIQA','000048500000','360','Biaya Registrasi','','00',NULL,NULL,'2019-09-18 09:33:39',NULL,NULL,1511),('747718      ','7399042020001383','20190918094758','1','RAKA IMAM FADILLAH','000048500000','360','Biaya Registrasi','','00',NULL,NULL,'2019-09-18 09:48:07',NULL,NULL,1512),('206902823900','7399042020000409','20190918101557','1','FATHIYAH FILZAH FIRZANAH','000048500000','360','Biaya Registrasi','','00',NULL,NULL,'2019-09-18 10:16:18',NULL,NULL,1513),('102159002012','7399042020001024','20190918102159','2','IRHAM RIZKI ILAYYA','000048500000','360','Biaya Registrasi','','00',NULL,NULL,'2019-09-18 10:27:15',NULL,NULL,1514),('102249002030','7399042020001024','20190918102249','2','IRHAM RIZKI ILAYYA','000048500000','360','Biaya Registrasi','','00',NULL,NULL,'2019-09-18 10:28:05',NULL,NULL,1515),('778403      ','7399042020001386','20190918103008','1','AZKIA LABIBAH SYARIF','000048500000','360','Biaya Registrasi','','00',NULL,NULL,'2019-09-18 10:30:17',NULL,NULL,1516),('102605002084','7399042020001024','20190918102605','2','IRHAM RIZKI ILAYYA','000048500000','360','Biaya Registrasi','','00',NULL,NULL,'2019-09-18 10:31:21',NULL,NULL,1517),('779504      ','7399042020001388','20190918103155','1','AQILA LATHIFAH SYARIF','000048500000','360','Biaya Registrasi','','00',NULL,NULL,'2019-09-18 10:32:04',NULL,NULL,1518),('104241002429','7399042020001387','20190918104241','2','SITI AZKIAH FADILAH DAULAY','000048500000','360','Biaya Registrasi','','00',NULL,NULL,'2019-09-18 10:47:57',NULL,NULL,1519),('110850002919','7399042020001020','20190918110850','2','SUBHAN ABDUL FATTAH AZIS','000048500000','360','Biaya Registrasi','','00',NULL,NULL,'2019-09-18 11:14:06',NULL,NULL,1520),('111012002935','7399042020001020','20190918111012','2','SUBHAN ABDUL FATTAH AZIS','000048500000','360','Biaya Registrasi','','00',NULL,NULL,'2019-09-18 11:15:28',NULL,NULL,1521),('111256002975','7399042020001020','20190918111256','2','SUBHAN ABDUL FATTAH AZIS','000048500000','360','Biaya Registrasi','','00',NULL,NULL,'2019-09-18 11:18:12',NULL,NULL,1522),('000332741969','7399042020001389','20190918112214','1','DIMAS ARYA SYAHFITRA','000048500000','360','Biaya Registrasi','','00',NULL,NULL,'2019-09-18 11:22:36',NULL,NULL,1523),('000000724552','7399042020001341','20190918114754','2','RAISYA IZZATUL KHANSA','000048500000','360','Biaya Registrasi','','00',NULL,NULL,'2019-09-18 11:48:20',NULL,NULL,1524),('829711      ','7399042020001009','20190918122341','1','FATHIA MAHARANI PUTRI','000048500000','360','Biaya Registrasi','','00',NULL,NULL,'2019-09-18 12:23:50',NULL,NULL,1525),('834495      ','7399042020001009','20190918122508','1','FATHIA MAHARANI PUTRI','000048500000','360','Biaya Registrasi','','00',NULL,NULL,'2019-09-18 12:25:16',NULL,NULL,1526),('000000729457','7399042020001392','20190918124337','2','FATHIYYA NURRAHMAH','000048500000','360','Biaya Registrasi','','00',NULL,NULL,'2019-09-18 12:44:03',NULL,NULL,1527),('124146003922','7399042020001391','20190918124146','2','MUHAMMAD YAFI THUFAIL','000048500000','360','Biaya Registrasi','','00',NULL,NULL,'2019-09-18 12:47:02',NULL,NULL,1528),('124238003936','7399042020001024','20190918124238','2','IRHAM RIZKI ILAYYA','000025000000','360','Biaya Registrasi','','00',NULL,NULL,'2019-09-18 12:47:54',NULL,NULL,1529),('124348003958','7399042020001391','20190918124348','2','MUHAMMAD YAFI THUFAIL','000048500000','360','Biaya Registrasi','','00',NULL,NULL,'2019-09-18 12:49:04',NULL,NULL,1530),('124445003976','7399042020001391','20190918124445','2','MUHAMMAD YAFI THUFAIL','000048500000','360','Biaya Registrasi','','00',NULL,NULL,'2019-09-18 12:50:01',NULL,NULL,1531),('124704004014','7399042020001391','20190918124704','2','MUHAMMAD YAFI THUFAIL','000048500000','360','Biaya Registrasi','','00',NULL,NULL,'2019-09-18 12:52:20',NULL,NULL,1532),('659132      ','7399042020001336','20190918130853','1','RIZQY PRATAMA WIYANSYAH','000048500000','360','Biaya Registrasi','','00',NULL,NULL,'2019-09-18 13:10:52',NULL,NULL,1533),('866748      ','7399042020001238','20190918131911','1','MUHAMMAD EL HAQIY HAZBULLAH','000048500000','360','Biaya Registrasi','','00',NULL,NULL,'2019-09-18 13:19:20',NULL,NULL,1534),('901480      ','7399042020001316','20190918142900','1','SULTHAN AHSAN AMAL ARROSYID','000048500000','360','Biaya Registrasi','','00',NULL,NULL,'2019-09-18 14:29:09',NULL,NULL,1535),('000000018219','7399042020001381','20190918152401','1','SHAFANA SANAYA PUTRI','000048500000','360','Biaya Registrasi','','00',NULL,NULL,'2019-09-18 15:22:54',NULL,NULL,1536),('000006017134','7399042020001278','20190918152535','1','MUHAMMAD AFIQ SYAUQI','000048500000','360','Biaya Registrasi','','00',NULL,NULL,'2019-09-18 15:25:44',NULL,NULL,1537),('006437      ','7399042020001200','20190918154705','1','NADIVA HUMAIRA AZZAHRA','000048500000','360','Biaya Registrasi','','00',NULL,NULL,'2019-09-18 15:47:14',NULL,NULL,1538),('224972926101','7399042020001133','20190918154822','2','MUHAMMAD FARIS AL FATIH','000048500000','360','Biaya Registrasi','','00',NULL,NULL,'2019-09-18 15:48:44',NULL,NULL,1539),('000005810806','7399042020001259','20190918160610','1','HUMAYRA NUR FATIMA','000048500000','360','Biaya Registrasi','','00',NULL,NULL,'2019-09-18 16:06:19',NULL,NULL,1540),('000000342412','7399042020001372','20190918162642','1','ANINDITA NAYYARA ALIFIA PUTRI','000048500000','360','Biaya Registrasi','','00',NULL,NULL,'2019-09-18 16:26:51',NULL,NULL,1541),('000000342634','7399042020001372','20190918162650','1','ANINDITA NAYYARA ALIFIA PUTRI','000048500000','360','Biaya Registrasi','','00',NULL,NULL,'2019-09-18 16:26:59',NULL,NULL,1542),('000000343355','7399042020001372','20190918162718','1','ANINDITA NAYYARA ALIFIA PUTRI','000048500000','360','Biaya Registrasi','','00',NULL,NULL,'2019-09-18 16:27:27',NULL,NULL,1543),('000000002648','7399042020001363','20190918163852','1','MUHAMMAD AMMAR BAHI','000048500000','360','Biaya Registrasi','','00',NULL,NULL,'2019-09-18 16:39:01',NULL,NULL,1544),('974895      ','7399042020001138','20190918165727','1','SYAMIL SHALAHUDDIN','000048500000','360','Biaya Registrasi','','00',NULL,NULL,'2019-09-18 16:57:42',NULL,NULL,1545),('978220      ','7399042020001138','20190918165821','1','SYAMIL SHALAHUDDIN','000048500000','360','Biaya Registrasi','','00',NULL,NULL,'2019-09-18 16:58:30',NULL,NULL,1546),('000000255716','7399042020001371','20190918170831','1','AZALIA MAHESWARI PRANOTO','000048500000','360','Biaya Registrasi','','00',NULL,NULL,'2019-09-18 17:08:27',NULL,NULL,1547),('000000018180','7399042020001368','20190918172848','1','HANIF ASH-SHIDDIQ','000048500000','360','Biaya Registrasi','','00',NULL,NULL,'2019-09-18 17:28:29',NULL,NULL,1548),('000000002277','7399042020001025','20190918181310','1','MUHAMMAD FAATIH DZULQARNAIN ','000025000000','360','Biaya Registrasi','','00',NULL,NULL,'2019-09-18 18:13:19',NULL,NULL,1549),('000000009348','7399042020001332','20190918185533','1','ZALFA ALLIYAH PUTRI','000048500000','360','Biaya Registrasi','','00',NULL,NULL,'2019-09-18 18:55:41',NULL,NULL,1550),('000000605970','7399042020001032','20190918194026','1','MUHAMMAD FAUZAN HAFIDZ','000048500000','360','Biaya Registrasi','','00',NULL,NULL,'2019-09-18 19:40:34',NULL,NULL,1551),('000000606268','7399042020001032','20190918194040','1','MUHAMMAD FAUZAN HAFIDZ','000048500000','360','Biaya Registrasi','','00',NULL,NULL,'2019-09-18 19:40:48',NULL,NULL,1552),('000000608265','7399042020001032','20190918194215','1','MUHAMMAD FAUZAN HAFIDZ','000048500000','360','Biaya Registrasi','','00',NULL,NULL,'2019-09-18 19:42:24',NULL,NULL,1553),('571419      ','7399042020001401','20190918205118','1','ATHAILAH SACHIO','000048500000','360','Biaya Registrasi','','00',NULL,NULL,'2019-09-18 20:51:27',NULL,NULL,1554),('236589      ','7399042020000986','20190918213136','1','ATTAILLAH MOZA FALAGY','000025000000','360','Biaya Registrasi','','00',NULL,NULL,'2019-09-18 21:33:23',NULL,NULL,1555),('000000737504','7399042020001277','20190918213631','1','FILZAH LATIFA AZIZ','000048500000','360','Biaya Registrasi','','00',NULL,NULL,'2019-09-18 21:36:40',NULL,NULL,1556),('000000740175','7399042020001402','20190918213925','1','FAYYADH AMRULLAH','000048500000','360','Biaya Registrasi','','00',NULL,NULL,'2019-09-18 21:39:34',NULL,NULL,1557),('000000740477','7399042020001402','20190918213945','1','FAYYADH AMRULLAH','000048500000','360','Biaya Registrasi','','00',NULL,NULL,'2019-09-18 21:39:54',NULL,NULL,1558),('000000743027','7399042020001402','20190918214244','1','FAYYADH AMRULLAH','000048500000','360','Biaya Registrasi','','00',NULL,NULL,'2019-09-18 21:42:53',NULL,NULL,1559),('000000000192','7399042020001403','20190919053032','1','AFIFAH ISNI NAZIHA','000048500000','360','Biaya Registrasi','','00',NULL,NULL,'2019-09-19 05:29:25',NULL,NULL,1560),('009129      ','7399042020001405','20190919070231','1','FATHIYA HASNA','000048500000','360','Biaya Registrasi','','00',NULL,NULL,'2019-09-19 07:02:40',NULL,NULL,1561),('000000923427','7399042020001406','20190919070602','1','CALULLA NAKEISHA LESMANA','000048500000','360','Biaya Registrasi','','00',NULL,NULL,'2019-09-19 07:06:11',NULL,NULL,1562),('000000923520','7399042020001406','20190919070610','1','CALULLA NAKEISHA LESMANA','000048500000','360','Biaya Registrasi','','00',NULL,NULL,'2019-09-19 07:06:19',NULL,NULL,1563),('000000923817','7399042020001406','20190919070636','1','CALULLA NAKEISHA LESMANA','000048500000','360','Biaya Registrasi','','00',NULL,NULL,'2019-09-19 07:06:45',NULL,NULL,1564),('000000009198','7399042020001404','20190919071958','1','PUTRY NABILLA JENFANIAR','000048500000','360','Biaya Registrasi','','00',NULL,NULL,'2019-09-19 07:20:07',NULL,NULL,1565),('000009566141','7399042020001409','20190919085233','1','JIILAAN TSURAYYA NARESHWARY','000048500000','360','Biaya Registrasi','','00',NULL,NULL,'2019-09-19 08:52:42',NULL,NULL,1566),('000000008887','7399042020001322','20190919085655','1','KHALILA AMALASARI','000048500000','360','Biaya Registrasi','','00',NULL,NULL,'2019-09-19 08:57:04',NULL,NULL,1567),('004240      ','7399042020001398','20190919090909','1','FARUQ RABBANI DHIYAULHAQ','000048500000','360','Biaya Registrasi','','00',NULL,NULL,'2019-09-19 09:09:37',NULL,NULL,1568),('091603001001','7399042020001042','20190919091603','2','AZKA AVICENA ISHFI','000048500000','360','Biaya Registrasi','','00',NULL,NULL,'2019-09-19 09:39:45',NULL,NULL,1569),('091652001015','7399042020001042','20190919091652','2','AZKA AVICENA ISHFI','000048500000','360','Biaya Registrasi','','00',NULL,NULL,'2019-09-19 09:42:02',NULL,NULL,1570),('000000190451','7399042020001410','20190919093412','1','MUHAMMAD PRAJA PRATAMA','000048500000','360','Biaya Registrasi','','00',NULL,NULL,'2019-09-19 09:43:06',NULL,NULL,1571),('000000192111','7399042020001410','20190919093519','1','MUHAMMAD PRAJA PRATAMA','000048500000','360','Biaya Registrasi','','00',NULL,NULL,'2019-09-19 09:45:07',NULL,NULL,1572),('093831001365','7399042020001042','20190919093831','2','AZKA AVICENA ISHFI','000048500000','360','Biaya Registrasi','','00',NULL,NULL,'2019-09-19 09:45:31',NULL,NULL,1573),('094144001421','7399042020001042','20190919094144','2','AZKA AVICENA ISHFI','000048500000','360','Biaya Registrasi','','00',NULL,NULL,'2019-09-19 09:47:01',NULL,NULL,1574),('094413001476','7399042020001153','20190919094413','2','SABRINA ANINDYA SYAHLA','000048500000','360','Biaya Registrasi','','00',NULL,NULL,'2019-09-19 09:49:30',NULL,NULL,1575),('720328      ','7399042020000259','20190919094954','1','ALYA DIANTY UTAMI','000048500000','360','Biaya Registrasi','','00',NULL,NULL,'2019-09-19 09:50:06',NULL,NULL,1576),('920004      ','7399042020000853','20190919111112','1','NONA NAJWA AMALIA','000048500000','360','Biaya Registrasi','','00',NULL,NULL,'2019-09-19 11:14:00',NULL,NULL,1577),('920039      ','7399042020000853','20190919111128','1','NONA NAJWA AMALIA','000048500000','360','Biaya Registrasi','','00',NULL,NULL,'2019-09-19 11:14:16',NULL,NULL,1578),('000000362904','7399042020001417','20190919112715','1','MUHAMMAD RAFIF ASYEGAFF','000048500000','360','Biaya Registrasi','','00',NULL,NULL,'2019-09-19 11:27:25',NULL,NULL,1579),('000000363331','7399042020001417','20190919112732','1','MUHAMMAD RAFIF ASYEGAFF','000048500000','360','Biaya Registrasi','','00',NULL,NULL,'2019-09-19 11:27:41',NULL,NULL,1580),('000000364173','7399042020001417','20190919112804','1','MUHAMMAD RAFIF ASYEGAFF','000048500000','360','Biaya Registrasi','','00',NULL,NULL,'2019-09-19 11:28:13',NULL,NULL,1581),('000000811281','7399042020001411','20190919120342','2','RAISSA NURUL QOLBY','000048500000','360','Biaya Registrasi','','00',NULL,NULL,'2019-09-19 12:04:09',NULL,NULL,1582),('000333542307','7399042020001418','20190919121449','1','ATHALLA TEGAR KUSUMA','000048500000','360','Biaya Registrasi','','00',NULL,NULL,'2019-09-19 12:15:04',NULL,NULL,1583),('919111932705','7399042020001136','20190919123211','4','RAZANAH HAJAR','000048500000','360','Biaya Registrasi','','00',NULL,NULL,'2019-09-19 12:32:33',NULL,NULL,1584),('919111932733','7399042020001136','20190919124023','4','RAZANAH HAJAR','000048500000','360','Biaya Registrasi','','00',NULL,NULL,'2019-09-19 12:40:45',NULL,NULL,1585),('919111932748','7399042020001136','20190919124328','4','RAZANAH HAJAR','000048500000','360','Biaya Registrasi','','00',NULL,NULL,'2019-09-19 12:43:50',NULL,NULL,1586),('117139      ','7399042020001419','20190919124712','1','JIHAD ABIYYU MUSYAFFA\'','000048500000','360','Biaya Registrasi','','00',NULL,NULL,'2019-09-19 12:47:21',NULL,NULL,1587),('336865926201','7399042020001045','20190919133521','2','MUHAMMAD ARDHI AFDE MALINTING','000048500000','360','Biaya Registrasi','','00',NULL,NULL,'2019-09-19 13:35:43',NULL,NULL,1588),('336998926201','7399042020001045','20190919133621','2','MUHAMMAD ARDHI AFDE MALINTING','000048500000','360','Biaya Registrasi','','00',NULL,NULL,'2019-09-19 13:36:43',NULL,NULL,1589),('004056      ','7399042020001408','20190919143115','1','REFNALDY VEHRIZAL MIZAN GOESMA','000048500000','360','Biaya Registrasi','','00',NULL,NULL,'2019-09-19 14:31:25',NULL,NULL,1590),('000000001876','7399042020001410','20190919144941','1','MUHAMMAD PRAJA PRATAMA','000048500000','360','Biaya Registrasi','','00',NULL,NULL,'2019-09-19 14:56:54',NULL,NULL,1591),('000000667733','7399042020001410','20190919145218','1','MUHAMMAD PRAJA PRATAMA','000048500000','360','Biaya Registrasi','','00',NULL,NULL,'2019-09-19 15:03:33',NULL,NULL,1592),('000000668518','7399042020001410','20190919145249','1','MUHAMMAD PRAJA PRATAMA','000048500000','360','Biaya Registrasi','','00',NULL,NULL,'2019-09-19 15:03:33',NULL,NULL,1593),('000000001878','7399042020001410','20190919145447','1','MUHAMMAD PRAJA PRATAMA','000048500000','360','Biaya Registrasi','','00',NULL,NULL,'2019-09-19 15:04:08',NULL,NULL,1594),('150621006306','7399042020001410','20190919150621','2','MUHAMMAD PRAJA PRATAMA','000048500000','360','Biaya Registrasi','','00',NULL,NULL,'2019-09-19 15:11:39',NULL,NULL,1595),('000000009638','7399042020001427','20190919193742','1','MUHAMMAD TEGAR JAUHAR KHOLILI','000048500000','360','Biaya Registrasi','','00',NULL,NULL,'2019-09-19 18:39:25',NULL,NULL,1596),('000000158150','7399042020001342','20190919193830','1','RATU FAIHA SALSABILLA RAHMADIN','000048500000','360','Biaya Registrasi','','00',NULL,NULL,'2019-09-19 19:38:44',NULL,NULL,1597),('000000158449','7399042020001342','20190919193844','1','RATU FAIHA SALSABILLA RAHMADIN','000048500000','360','Biaya Registrasi','','00',NULL,NULL,'2019-09-19 19:38:54',NULL,NULL,1598),('000000159230','7399042020001342','20190919193921','1','RATU FAIHA SALSABILLA RAHMADIN','000048500000','360','Biaya Registrasi','','00',NULL,NULL,'2019-09-19 19:39:30',NULL,NULL,1599),('000000850732','7399042020001035','20190919200507','2','MUHAMMAD FACHRI ABDURAFI','000048500000','360','Biaya Registrasi','','00',NULL,NULL,'2019-09-19 20:05:32',NULL,NULL,1600),('000000850874','7399042020001035','20190919200752','2','MUHAMMAD FACHRI ABDURAFI','000048500000','360','Biaya Registrasi','','00',NULL,NULL,'2019-09-19 20:08:18',NULL,NULL,1601),('009473      ','7399042020001429','20190919203503','1','ZAHRA RAHMANIA FAISAL','000048500000','360','Biaya Registrasi','','00',NULL,NULL,'2019-09-19 20:35:13',NULL,NULL,1602),('000000007912','7399042020001414','20190920081054','1','SHABRINA GHAISANI SUSANTO','000048500000','360','Biaya Registrasi','','00',NULL,NULL,'2019-09-20 08:11:04',NULL,NULL,1603),('000000006622','7399042020001042','20190920082144','1','AZKA AVICENA ISHFI','000025000000','360','Biaya Registrasi','','00',NULL,NULL,'2019-09-20 08:21:53',NULL,NULL,1604),('638287      ','7399042020001434','20190920083824','1','AYU NABILA MAJID','000048500000','360','Biaya Registrasi','','00',NULL,NULL,'2019-09-20 08:38:34',NULL,NULL,1605),('000000877329','7399042020001440','20190920085416','2','ABDURRAHMAN ZUFAR','000048500000','360','Biaya Registrasi','','00',NULL,NULL,'2019-09-20 08:54:43',NULL,NULL,1606),('000000646964','7399042020001235','20190920093009','1','ANANDA DRIANDIKA SITEPU','000048500000','360','Biaya Registrasi','','00',NULL,NULL,'2019-09-20 09:30:19',NULL,NULL,1607),('000000647311','7399042020001235','20190920093023','1','ANANDA DRIANDIKA SITEPU','000048500000','360','Biaya Registrasi','','00',NULL,NULL,'2019-09-20 09:30:33',NULL,NULL,1608),('000000648010','7399042020001235','20190920093051','1','ANANDA DRIANDIKA SITEPU','000048500000','360','Biaya Registrasi','','00',NULL,NULL,'2019-09-20 09:31:00',NULL,NULL,1609),('000000648394','7399042020001235','20190920093105','1','ANANDA DRIANDIKA SITEPU','000048500000','360','Biaya Registrasi','','00',NULL,NULL,'2019-09-20 09:31:15',NULL,NULL,1610),('000000002685','7399042020001441','20190920102551','1','DZIHNI KHARIDA GHAISANI','000048500000','360','Biaya Registrasi','','00',NULL,NULL,'2019-09-20 10:26:01',NULL,NULL,1611),('000334284657','7399042020001133','20190920111547','1','MUHAMMAD FARIS AL FATIH','000025000000','360','Biaya Registrasi','','00',NULL,NULL,'2019-09-20 11:16:03',NULL,NULL,1612),('000000020155','7399042020001423','20190920122923','1','MUHAMMAD DZAKY MUHANNA','000048500000','360','Biaya Registrasi','','00',NULL,NULL,'2019-09-20 12:19:54',NULL,NULL,1613),('785060      ','7399042020001284','20190920125332','1','DAFFA ALFATHAN MAJID','000048500000','360','Biaya Registrasi','','00',NULL,NULL,'2019-09-20 12:53:42',NULL,NULL,1614),('760931      ','7399042020001284','20190920125423','1','DAFFA ALFATHAN MAJID','000048500000','360','Biaya Registrasi','','00',NULL,NULL,'2019-09-20 12:54:33',NULL,NULL,1615),('762814      ','7399042020001284','20190920130654','1','DAFFA ALFATHAN MAJID','000048500000','360','Biaya Registrasi','','00',NULL,NULL,'2019-09-20 13:07:04',NULL,NULL,1616),('000000295560','7399042020001430','20190920131618','1','MUHAMMAD HAIKAL MALIK','000048500000','360','Biaya Registrasi','','00',NULL,NULL,'2019-09-20 13:23:08',NULL,NULL,1617),('140110004667','7399042020001436','20190920140110','2','MUHAMMAD FAIZ ALFARUQ','000048500000','360','Biaya Registrasi','','00',NULL,NULL,'2019-09-20 14:06:45',NULL,NULL,1618),('141149004869','7399042020001373','20190920141149','2','AVERROES AL QUSYAIRI','000048500000','360','Biaya Registrasi','','00',NULL,NULL,'2019-09-20 14:17:08',NULL,NULL,1619),('000000001467','7399042020000392','20190920142600','1','AHMAD DEEDAD AL RAZI','000048500000','360','Biaya Registrasi','','00',NULL,NULL,'2019-09-20 14:26:10',NULL,NULL,1620),('000000001469','7399042020000392','20190920142709','1','AHMAD DEEDAD AL RAZI','000048500000','360','Biaya Registrasi','','00',NULL,NULL,'2019-09-20 14:27:18',NULL,NULL,1621),('000000002633','7399042020000969','20190920142748','1','MUHAMMAD FAQIHUDDIN ARHAM','000048500000','360','Biaya Registrasi','','00',NULL,NULL,'2019-09-20 14:28:10',NULL,NULL,1622),('143005005283','7399042020001443','20190920143005','2','MUHAMMAD RASYID HAKIM','000048500000','360','Biaya Registrasi','','00',NULL,NULL,'2019-09-20 14:35:29',NULL,NULL,1623),('145651005806','7399042020000392','20190920145651','2','AHMAD DEEDAD AL RAZI','000048500000','360','Biaya Registrasi','','00',NULL,NULL,'2019-09-20 15:02:09',NULL,NULL,1624),('849983      ','7399042020001446','20190920152117','1','RAID LENDRA PRINGGANDANI','000048500000','360','Biaya Registrasi','','00',NULL,NULL,'2019-09-20 15:21:27',NULL,NULL,1625),('862656      ','7399042020001446','20190920152323','1','RAID LENDRA PRINGGANDANI','000048500000','360','Biaya Registrasi','','00',NULL,NULL,'2019-09-20 15:23:43',NULL,NULL,1626),('909200025488','7399042020001446','20190920153351','1','RAID LENDRA PRINGGANDANI','000048500000','360','Biaya Registrasi','','00',NULL,NULL,'2019-09-20 15:34:02',NULL,NULL,1627),('909200025519','7399042020001446','20190920153417','1','RAID LENDRA PRINGGANDANI','000048500000','360','Biaya Registrasi','','00',NULL,NULL,'2019-09-20 15:34:27',NULL,NULL,1628),('909200025547','7399042020001446','20190920153512','1','RAID LENDRA PRINGGANDANI','000048500000','360','Biaya Registrasi','','00',NULL,NULL,'2019-09-20 15:35:21',NULL,NULL,1629),('909200025547','7399042020001446','20190920153513','1','RAID LENDRA PRINGGANDANI','000048500000','360','Biaya Registrasi','','00',NULL,NULL,'2019-09-20 15:35:23',NULL,NULL,1630),('909200025890','7399042020001446','20190920154448','1','RAID LENDRA PRINGGANDANI','000048500000','360','Biaya Registrasi','','00',NULL,NULL,'2019-09-20 15:44:58',NULL,NULL,1631),('909200025890','7399042020001446','20190920154450','1','RAID LENDRA PRINGGANDANI','000048500000','360','Biaya Registrasi','','00',NULL,NULL,'2019-09-20 15:45:01',NULL,NULL,1632),('000000007421','7399042020001449','20190920164630','1','HAMDAN ZULFA','000048500000','360','Biaya Registrasi','','00',NULL,NULL,'2019-09-20 16:46:46',NULL,NULL,1633),('863243      ','7399042020001282','20190920170928','1','MUHAMAD AZMI ZULFADHLI','000048500000','360','Biaya Registrasi','','00',NULL,NULL,'2019-09-20 17:11:27',NULL,NULL,1634),('465337      ','7399042020001282','20190920171123','1','MUHAMAD AZMI ZULFADHLI','000048500000','360','Biaya Registrasi','','00',NULL,NULL,'2019-09-20 17:13:22',NULL,NULL,1635),('000000731644','7399042020001455','20190920200658','1','MUHAMMAD ZAKIYY MUJAHID','000048500000','360','Biaya Registrasi','','00',NULL,NULL,'2019-09-20 20:07:08',NULL,NULL,1636),('000000732080','7399042020001455','20190920200718','1','MUHAMMAD ZAKIYY MUJAHID','000048500000','360','Biaya Registrasi','','00',NULL,NULL,'2019-09-20 20:07:28',NULL,NULL,1637),('000000733080','7399042020001455','20190920200807','1','MUHAMMAD ZAKIYY MUJAHID','000048500000','360','Biaya Registrasi','','00',NULL,NULL,'2019-09-20 20:08:17',NULL,NULL,1638),('000000009118','7399042020001456','20190920201442','1','ABDUL AZIZ SOBANDI','000048500000','360','Biaya Registrasi','','00',NULL,NULL,'2019-09-20 20:14:52',NULL,NULL,1639),('000000943573','7399042020001356','20190920204101','2','RAIHAN RAFI PRASOJO','000048500000','360','Biaya Registrasi','','00',NULL,NULL,'2019-09-20 20:41:27',NULL,NULL,1640),('000000944293','7399042020001356','20190920205210','2','RAIHAN RAFI PRASOJO','000048500000','360','Biaya Registrasi','','00',NULL,NULL,'2019-09-20 20:52:36',NULL,NULL,1641),('534140      ','7399042020001458','20190920213245','1','KHEISA SHAFIRA ANANDITA','000048500000','360','Biaya Registrasi','','00',NULL,NULL,'2019-09-20 21:32:55',NULL,NULL,1642),('589705      ','7399042020001284','20190921064947','1','DAFFA ALFATHAN MAJID','000048500000','360','Biaya Registrasi','','00',NULL,NULL,'2019-09-21 06:49:57',NULL,NULL,1643),('924933      ','7399042020001450','20190921073042','1','MUHAMMAD SULAIMAN RASYID','000048500000','360','Biaya Registrasi','','00',NULL,NULL,'2019-09-21 07:30:53',NULL,NULL,1644),('926653      ','7399042020001450','20190921073348','1','MUHAMMAD SULAIMAN RASYID','000048500000','360','Biaya Registrasi','','00',NULL,NULL,'2019-09-21 07:33:58',NULL,NULL,1645),('000000962688','7399042020001464','20190921080638','2','MUHAMMAD RAZZAN MUSYAFFA DHAFI','000048500000','360','Biaya Registrasi','','00',NULL,NULL,'2019-09-21 08:07:05',NULL,NULL,1646),('637651      ','7399042020001466','20190921090408','1','DURRANI DIYYAULHAQ EFFENDI','000048500000','360','Biaya Registrasi','','00',NULL,NULL,'2019-09-21 09:04:18',NULL,NULL,1647),('436797      ','7399042020001303','20190921090704','1','MUHAMMAD IRFANNY PRIYADI','000048500000','360','Biaya Registrasi','','00',NULL,NULL,'2019-09-21 09:07:14',NULL,NULL,1648),('437061      ','7399042020001303','20190921090847','1','MUHAMMAD IRFANNY PRIYADI','000048500000','360','Biaya Registrasi','','00',NULL,NULL,'2019-09-21 09:08:58',NULL,NULL,1649),('909210006355','7399042020001446','20190921092759','1','RAID LENDRA PRINGGANDANI','000048500000','360','Biaya Registrasi','','00',NULL,NULL,'2019-09-21 09:28:09',NULL,NULL,1650),('909210006355','7399042020001446','20190921092801','1','RAID LENDRA PRINGGANDANI','000048500000','360','Biaya Registrasi','','00',NULL,NULL,'2019-09-21 09:28:11',NULL,NULL,1651),('806211      ','7399042020001466','20190921104010','1','DURRANI DIYYAULHAQ EFFENDI','000048500000','360','Biaya Registrasi','','00',NULL,NULL,'2019-09-21 10:40:22',NULL,NULL,1652),('000000979453','7399042020001356','20190921120348','2','RAIHAN RAFI PRASOJO','000025000000','360','Biaya Registrasi','','00',NULL,NULL,'2019-09-21 12:04:17',NULL,NULL,1653),('000000979548','7399042020001356','20190921120517','2','RAIHAN RAFI PRASOJO','000025000000','360','Biaya Registrasi','','00',NULL,NULL,'2019-09-21 12:05:45',NULL,NULL,1654),('000008751785','7399042020001448','20190921121111','1','NAAILA SYIFA PUTRI YAWANSYAH','000048500000','360','Biaya Registrasi','','00',NULL,NULL,'2019-09-21 12:11:21',NULL,NULL,1655),('000000000591','7399042020001422','20190921121406','1','KHANSSA NURAZIZA','000048500000','360','Biaya Registrasi','','00',NULL,NULL,'2019-09-21 12:14:16',NULL,NULL,1656),('606025926401','7399042020000624','20190921122244','2','KOMARUDIN CHALIL','000048500000','360','Biaya Registrasi','','00',NULL,NULL,'2019-09-21 12:23:08',NULL,NULL,1657),('856462      ','7399042020001175','20190921124157','1','MUHAMMAD NAABIL GHAZALAH','000048500000','360','Biaya Registrasi','','00',NULL,NULL,'2019-09-21 12:42:07',NULL,NULL,1658),('000000726292','7399042020001444','20190921142503','1','MAYLAFFASYA AULIA SYARIFA','000048500000','360','Biaya Registrasi','','00',NULL,NULL,'2019-09-21 14:25:14',NULL,NULL,1659),('814409      ','7399042020001344','20190921152533','1','DAFFA IRSANDY PUTRA','000048500000','360','Biaya Registrasi','','00',NULL,NULL,'2019-09-21 15:25:43',NULL,NULL,1660),('000000995458','7399042020001473','20190921161142','2','NAFISA GHAIDA PURNOMO','000048500000','360','Biaya Registrasi','','00',NULL,NULL,'2019-09-21 16:12:11',NULL,NULL,1661),('000000995600','7399042020001473','20190921161406','2','NAFISA GHAIDA PURNOMO','000048500000','360','Biaya Registrasi','','00',NULL,NULL,'2019-09-21 16:14:34',NULL,NULL,1662),('000000896202','7399042020001442','20190921164333','1','SAHLA ATHIYYAH SYA\'BAN','000048500000','360','Biaya Registrasi','','00',NULL,NULL,'2019-09-21 16:50:26',NULL,NULL,1663),('645259926401','7399042020001482','20190921174158','2','MUHAMMAD HANIF RAIHAN','000048500000','360','Biaya Registrasi','','00',NULL,NULL,'2019-09-21 17:42:21',NULL,NULL,1664),('206943022983','7399042020001486','20190921183126','1','ADISTY AZKAYSA','000048500000','360','Biaya Registrasi','','00',NULL,NULL,'2019-09-21 18:31:36',NULL,NULL,1665),('537217      ','7399042020001205','20190921184309','1','ZEIDRA RAJA KAAMIL FIRDAWS','000048500000','360','Biaya Registrasi','','00',NULL,NULL,'2019-09-21 18:43:20',NULL,NULL,1666),('000000021500','7399042020001468','20190921193302','1','IRVANA OZZA AL-ZAKIYA','000048500000','360','Biaya Registrasi','','00',NULL,NULL,'2019-09-21 19:31:54',NULL,NULL,1667),('011992      ','7399042020001487','20190921194240','1','SABRINA AMALIA SHALIHA','000048500000','360','Biaya Registrasi','','00',NULL,NULL,'2019-09-21 19:42:50',NULL,NULL,1668),('000000005475','7399042020001485','20190921195117','1','MUHAMMAD FADHLI ASSHIDDIQ','000048500000','360','Biaya Registrasi','','00',NULL,NULL,'2019-09-21 19:51:33',NULL,NULL,1669),('000000007854','7399042020001282','20190921201216','1','MUHAMAD AZMI ZULFADHLI','000048500000','360','Biaya Registrasi','','00',NULL,NULL,'2019-09-21 20:12:27',NULL,NULL,1670),('000000021288','7399042020001282','20190921203500','1','MUHAMAD AZMI ZULFADHLI','000048500000','360','Biaya Registrasi','','00',NULL,NULL,'2019-09-21 20:25:30',NULL,NULL,1671),('000000305692','7399042020001490','20190921211036','1','PRABU DANIYAL RAYYAN PRATAMA','000048500000','360','Biaya Registrasi','','00',NULL,NULL,'2019-09-21 21:10:46',NULL,NULL,1672),('000000000197','7399042020001488','20190921214142','1','MUHAMMAD IHSAN NAJIB','000048500000','360','Biaya Registrasi','','00',NULL,NULL,'2019-09-21 21:41:52',NULL,NULL,1673),('000000005913','7399042020001481','20190921214711','1','M JIBRIL RAHMAN ALFARIZI ','000048500000','360','Biaya Registrasi','','00',NULL,NULL,'2019-09-21 21:47:22',NULL,NULL,1674),('000000005915','7399042020001491','20190921214903','1','FADILLAH RAHMANIA AZZAHRA','000048500000','360','Biaya Registrasi','','00',NULL,NULL,'2019-09-21 21:49:13',NULL,NULL,1675),('569147      ','7399042020001493','20190921230954','1','AL GHOZY AKBAR ATHAURRAHMAN','000048500000','360','Biaya Registrasi','','00',NULL,NULL,'2019-09-21 23:10:04',NULL,NULL,1676),('062142      ','7399042020001494','20190921233737','1','MUHAMMAD AZKA AL FATIH','000048500000','360','Biaya Registrasi','','00',NULL,NULL,'2019-09-21 23:37:48',NULL,NULL,1677),('684817926501','7399042020001492','20190922080707','2','AISYAH AZMA NABILA','000048500000','360','Biaya Registrasi','','00',NULL,NULL,'2019-09-22 08:07:31',NULL,NULL,1678),('000000005914','7399042020001471','20190922084927','1','MUHAMMAD FADHLAN AZIS','000048500000','360','Biaya Registrasi','','00',NULL,NULL,'2019-09-22 08:49:38',NULL,NULL,1679),('000000007015','7399042020001479','20190922092033','1','NADIA AMIRA KHANSA','000048500000','360','Biaya Registrasi','','00',NULL,NULL,'2019-09-22 09:20:44',NULL,NULL,1680),('000000617738','7399042020001504','20190922092126','1','ZINEDINE PUTERI MAARIP','000048500000','360','Biaya Registrasi','','00',NULL,NULL,'2019-09-22 09:21:36',NULL,NULL,1681),('000000617894','7399042020001504','20190922092137','1','ZINEDINE PUTERI MAARIP','000048500000','360','Biaya Registrasi','','00',NULL,NULL,'2019-09-22 09:21:47',NULL,NULL,1682),('000000618194','7399042020001504','20190922092157','1','ZINEDINE PUTERI MAARIP','000048500000','360','Biaya Registrasi','','00',NULL,NULL,'2019-09-22 09:22:08',NULL,NULL,1683),('000000008666','7399042020001499','20190922093326','1','MUHAMMAD FAIRUZ ZUHAIR','000048500000','360','Biaya Registrasi','','00',NULL,NULL,'2019-09-22 09:33:37',NULL,NULL,1684),('938123      ','7399042020001282','20190922095602','1','MUHAMAD AZMI ZULFADHLI','000025000000','360','Biaya Registrasi','','00',NULL,NULL,'2019-09-22 09:57:59',NULL,NULL,1685),('538325      ','7399042020001507','20190922101628','1','AVICENA FALISHA KEIHAN','000048500000','360','Biaya Registrasi','','00',NULL,NULL,'2019-09-22 10:16:38',NULL,NULL,1686),('603969      ','7399042020001508','20190922103446','1','RAFLI RABBANI ALAUDDY','000048500000','360','Biaya Registrasi','','00',NULL,NULL,'2019-09-22 10:34:57',NULL,NULL,1687),('000000004245','7399042020001509','20190922122000','1','AISYAH ZAHRA','000048500000','360','Biaya Registrasi','','00',NULL,NULL,'2019-09-22 12:20:11',NULL,NULL,1688),('000000048960','7399042020001483','20190922152806','2','ANNISA AZZAHRATUL ILMI','000048500000','360','Biaya Registrasi','','00',NULL,NULL,'2019-09-22 15:28:34',NULL,NULL,1689),('000000051015','7399042020001523','20190922160602','2','KEEFA ALI AZMI','000048500000','360','Biaya Registrasi','','00',NULL,NULL,'2019-09-22 16:06:37',NULL,NULL,1690),('249306      ','7399042020001525','20190922164457','1','FADLILLAH BIQI','000048500000','360','Biaya Registrasi','','00',NULL,NULL,'2019-09-22 16:46:54',NULL,NULL,1691),('002444      ','7399042020001513','20190922170341','1','RAISHA ZAHRANA NADIA PUTRI','000048500000','360','Biaya Registrasi','','00',NULL,NULL,'2019-09-22 17:03:52',NULL,NULL,1692),('006606      ','7399042020001527','20190922174433','1','THALITA RAISYA KAYLA','000048500000','360','Biaya Registrasi','','00',NULL,NULL,'2019-09-22 17:44:44',NULL,NULL,1693),('000000057426','7399042020001529','20190922180141','2','IBRAHIM MUFID','000048500000','360','Biaya Registrasi','','00',NULL,NULL,'2019-09-22 18:02:10',NULL,NULL,1694),('000000057585','7399042020001528','20190922180503','2','BUKHARI MUFID','000048500000','360','Biaya Registrasi','','00',NULL,NULL,'2019-09-22 18:05:30',NULL,NULL,1695),('206952352491','7399042020001531','20190922184520','1','AZKA AULIA ALFISA','000048500000','360','Biaya Registrasi','','00',NULL,NULL,'2019-09-22 18:45:31',NULL,NULL,1696),('206952373185','7399042020001531','20190922184737','1','AZKA AULIA ALFISA','000048500000','360','Biaya Registrasi','','00',NULL,NULL,'2019-09-22 18:47:48',NULL,NULL,1697),('000336073763','7399042020001534','20190922203559','1','MARYAM KHAIRUNNISA','000048500000','360','Biaya Registrasi','','00',NULL,NULL,'2019-09-22 20:36:18',NULL,NULL,1698),('000000003483','7399042020001533','20190922204653','1','SALSABILA MUJAHIDAH','000048500000','360','Biaya Registrasi','','00',NULL,NULL,'2019-09-22 20:47:04',NULL,NULL,1699),('000000389925','7399042020001536','20190922204659','1','ANNISA FALIA','000048500000','360','Biaya Registrasi','','00',NULL,NULL,'2019-09-22 20:47:10',NULL,NULL,1700),('000000390057','7399042020001536','20190922204708','1','ANNISA FALIA','000048500000','360','Biaya Registrasi','','00',NULL,NULL,'2019-09-22 20:47:19',NULL,NULL,1701),('000000390494','7399042020001536','20190922204738','1','ANNISA FALIA','000048500000','360','Biaya Registrasi','','00',NULL,NULL,'2019-09-22 20:47:49',NULL,NULL,1702),('000000006075','7399042020001535','20190922205139','1','SYIFA SALSABILA FITRIYAH','000048500000','360','Biaya Registrasi','','00',NULL,NULL,'2019-09-22 20:51:50',NULL,NULL,1703),('000336103236','7399042020001541','20190922215110','1','NAURA IZZATI ','000048500000','360','Biaya Registrasi','','00',NULL,NULL,'2019-09-22 21:51:29',NULL,NULL,1704),('000000460741','7399042020001542','20190922222338','1','FALISHA YUSRINA','000048500000','360','Biaya Registrasi','','00',NULL,NULL,'2019-09-22 22:23:49',NULL,NULL,1705),('000000460874','7399042020001542','20190922222353','1','FALISHA YUSRINA','000048500000','360','Biaya Registrasi','','00',NULL,NULL,'2019-09-22 22:24:04',NULL,NULL,1706),('000000461683','7399042020001542','20190922222518','1','FALISHA YUSRINA','000048500000','360','Biaya Registrasi','','00',NULL,NULL,'2019-09-22 22:25:29',NULL,NULL,1707),('763568      ','7399042020001539','20190922232942','1','AHMAD RASYID IBADURRAHMAN','000048500000','360','Biaya Registrasi','','00',NULL,NULL,'2019-09-22 23:29:53',NULL,NULL,1708),('787437      ','7399042020001543','20190923054717','1','VANIA AZARIA SUHENDRA','000048500000','360','Biaya Registrasi','','00',NULL,NULL,'2019-09-23 05:47:28',NULL,NULL,1709),('005462      ','7399042020001437','20190923075901','1','ABDULLAH AZZAM RAHMAN','000025000000','360','Biaya Registrasi','','00',NULL,NULL,'2019-09-23 06:59:12',NULL,NULL,1710),('000000005033','7399042020000988','20190923072242','1','GHAZIE MUHAMMAD FAQIA DIEN ','000025000000','360','Biaya Registrasi','','00',NULL,NULL,'2019-09-23 07:22:53',NULL,NULL,1711),('000000000062','7399042020001545','20190923075227','1','MUHAMMAD ABID ALHAKIM','000048500000','360','Biaya Registrasi','','00',NULL,NULL,'2019-09-23 07:52:28',NULL,NULL,1712),('359523      ','7399042020001546','20190923081304','1','MUHAMMAD FAYYADH ABDURRAHMAN','000048500000','360','Biaya Registrasi','','00',NULL,NULL,'2019-09-23 08:15:56',NULL,NULL,1713),('359534      ','7399042020001546','20190923081312','1','MUHAMMAD FAYYADH ABDURRAHMAN','000048500000','360','Biaya Registrasi','','00',NULL,NULL,'2019-09-23 08:16:05',NULL,NULL,1714),('826515      ','7399042020001446','20190923082128','1','RAID LENDRA PRINGGANDANI','000048500000','360','Biaya Registrasi','','00',NULL,NULL,'2019-09-23 08:21:39',NULL,NULL,1715),('000000007713','7399042020001539','20190923082730','1','AHMAD RASYID IBADURRAHMAN','000048500000','360','Biaya Registrasi','','00',NULL,NULL,'2019-09-23 08:27:42',NULL,NULL,1716),('000000592595','7399042020001547','20190923084445','1','AIDA KHAIRUNNISA','000048500000','360','Biaya Registrasi','','00',NULL,NULL,'2019-09-23 08:44:41',NULL,NULL,1717),('000000002353','7399042020001548','20190923094103','1','LUTHFI SAESAR WINARTO ','000048500000','360','Biaya Registrasi','','00',NULL,NULL,'2019-09-23 09:31:32',NULL,NULL,1718),('190923838135','7399042020001550','20190923093151','1','NAUFAL RIFKI SAFRIANTO','000048500000','360','Biaya Registrasi','','00',NULL,NULL,'2019-09-23 09:32:05',NULL,NULL,1719),('000000760175','7399042020001549','20190923094026','1','ALMER ABRAR RASTAFARRAS KARLAN','000048500000','360','Biaya Registrasi','','00',NULL,NULL,'2019-09-23 09:40:37',NULL,NULL,1720),('000000760543','7399042020001549','20190923094040','1','ALMER ABRAR RASTAFARRAS KARLAN','000048500000','360','Biaya Registrasi','','00',NULL,NULL,'2019-09-23 09:40:52',NULL,NULL,1721),('000000761092','7399042020001549','20190923094102','1','ALMER ABRAR RASTAFARRAS KARLAN','000048500000','360','Biaya Registrasi','','00',NULL,NULL,'2019-09-23 09:41:13',NULL,NULL,1722),('000000767753','7399042020001032','20190923094520','1','MUHAMMAD FAUZAN HAFIDZ','000048500000','360','Biaya Registrasi','','00',NULL,NULL,'2019-09-23 09:45:31',NULL,NULL,1723),('000000768807','7399042020001549','20190923094558','1','ALMER ABRAR RASTAFARRAS KARLAN','000048500000','360','Biaya Registrasi','','00',NULL,NULL,'2019-09-23 09:46:10',NULL,NULL,1724),('864584      ','7399042020001552','20190923094615','1','MUHAMMAD ROFA ANDINATA','000048500000','360','Biaya Registrasi','','00',NULL,NULL,'2019-09-23 09:46:26',NULL,NULL,1725),('000000769282','7399042020001549','20190923094617','1','ALMER ABRAR RASTAFARRAS KARLAN','000048500000','360','Biaya Registrasi','','00',NULL,NULL,'2019-09-23 09:46:28',NULL,NULL,1726),('000000770506','7399042020001549','20190923094706','1','ALMER ABRAR RASTAFARRAS KARLAN','000048500000','360','Biaya Registrasi','','00',NULL,NULL,'2019-09-23 09:47:17',NULL,NULL,1727),('003872      ','7399042020001554','20190923095637','1','RASYA SYAHID ARROYAN','000048500000','360','Biaya Registrasi','','00',NULL,NULL,'2019-09-23 09:56:48',NULL,NULL,1728),('100617001896','7399042020001518','20190923100617','2','SALMA RAHADATUL AISYI','000048500000','360','Biaya Registrasi','','00',NULL,NULL,'2019-09-23 10:11:40',NULL,NULL,1729),('103318002388','7399042020001032','20190923103318','2','MUHAMMAD FAUZAN HAFIDZ','000048500000','360','Biaya Registrasi','','00',NULL,NULL,'2019-09-23 10:38:40',NULL,NULL,1730),('103610002461','7399042020001032','20190923103610','2','MUHAMMAD FAUZAN HAFIDZ','000048500000','360','Biaya Registrasi','','00',NULL,NULL,'2019-09-23 10:41:33',NULL,NULL,1731),('000000897668','7399042020001032','20190923110544','1','MUHAMMAD FAUZAN HAFIDZ','000048500000','360','Biaya Registrasi','','00',NULL,NULL,'2019-09-23 11:05:55',NULL,NULL,1732),('770979      ','7399042020001557','20190923110644','1','AHMAD NAJWAN MUZAYYAN','000048500000','360','Biaya Registrasi','','00',NULL,NULL,'2019-09-23 11:06:55',NULL,NULL,1733),('000000003136','7399042020000329','20190923111009','1','FAUZAN ALI RAHMAN','000048500000','360','Biaya Registrasi','','00',NULL,NULL,'2019-09-23 11:10:20',NULL,NULL,1734),('771524      ','7399042020001559','20190923113232','1','AHZA AR RAFI','000048500000','360','Biaya Registrasi','','00',NULL,NULL,'2019-09-23 11:32:44',NULL,NULL,1735),('000000023242','7399042020001394','20190923114221','1','MUHAMMAD UMAR AUFA','000048500000','360','Biaya Registrasi','','00',NULL,NULL,'2019-09-23 11:39:22',NULL,NULL,1736),('059490      ','7399042020001560','20190923114012','1','AIZAR AL FAYYAD','000048500000','360','Biaya Registrasi','','00',NULL,NULL,'2019-09-23 11:39:40',NULL,NULL,1737),('000000023244','7399042020001394','20190923114400','1','MUHAMMAD UMAR AUFA','000048500000','360','Biaya Registrasi','','00',NULL,NULL,'2019-09-23 11:41:01',NULL,NULL,1738),('003944      ','7399042020001561','20190923114451','1','ADHIA SYIFA RAMADHANI','000048500000','360','Biaya Registrasi','','00',NULL,NULL,'2019-09-23 11:45:02',NULL,NULL,1739),('000336417671','7399042020001407','20190923114556','1','MOHAMMAD LANTIPTRENGGINAS','000048500000','360','Biaya Registrasi','','00',NULL,NULL,'2019-09-23 11:46:08',NULL,NULL,1740),('000336420327','7399042020001407','20190923114856','1','MOHAMMAD LANTIPTRENGGINAS','000048500000','360','Biaya Registrasi','','00',NULL,NULL,'2019-09-23 11:49:08',NULL,NULL,1741),('942400      ','7399042020001284','20190923115031','1','DAFFA ALFATHAN MAJID','000048500000','360','Biaya Registrasi','','00',NULL,NULL,'2019-09-23 11:50:42',NULL,NULL,1742),('089355      ','7399042020001500','20190923115043','1','MUHAMMAD HAFIDZ ','000048500000','360','Biaya Registrasi','','00',NULL,NULL,'2019-09-23 11:50:54',NULL,NULL,1743),('943019      ','7399042020001284','20190923115124','1','DAFFA ALFATHAN MAJID','000048500000','360','Biaya Registrasi','','00',NULL,NULL,'2019-09-23 11:51:35',NULL,NULL,1744),('001992      ','7399042020001564','20190923115715','1','TRIBUANA GADING PINASTI','000048500000','360','Biaya Registrasi','','00',NULL,NULL,'2019-09-23 11:57:26',NULL,NULL,1745),('000000991638','7399042020001032','20190923120311','1','MUHAMMAD FAUZAN HAFIDZ','000025000000','360','Biaya Registrasi','','00',NULL,NULL,'2019-09-23 12:03:22',NULL,NULL,1746),('005184      ','7399042020001566','20190923130314','1','YASSER FAHMI MAR\'IE','000048500000','360','Biaya Registrasi','','00',NULL,NULL,'2019-09-23 13:03:26',NULL,NULL,1747),('000000009823','7399042020001556','20190923132446','1','MAZAYA JASMINE CALISTA','000048500000','360','Biaya Registrasi','','00',NULL,NULL,'2019-09-23 13:24:58',NULL,NULL,1748),('000000009825','7399042020001558','20190923132547','1','MASAYU SYADZA LUTHFIYAH','000048500000','360','Biaya Registrasi','','00',NULL,NULL,'2019-09-23 13:25:58',NULL,NULL,1749),('000000242844','7399042020001568','20190923133857','1','VALDIS ADIRAN FATIH','000048500000','360','Biaya Registrasi','','00',NULL,NULL,'2019-09-23 13:39:08',NULL,NULL,1750),('000000243401','7399042020001568','20190923133916','1','VALDIS ADIRAN FATIH','000048500000','360','Biaya Registrasi','','00',NULL,NULL,'2019-09-23 13:39:27',NULL,NULL,1751),('000000244091','7399042020001568','20190923133942','1','VALDIS ADIRAN FATIH','000048500000','360','Biaya Registrasi','','00',NULL,NULL,'2019-09-23 13:39:58',NULL,NULL,1752),('206960628575','7399042020001567','20190923140423','1','AZIE HIDAYULLAH','000048500000','360','Biaya Registrasi','','00',NULL,NULL,'2019-09-23 14:04:34',NULL,NULL,1753),('000000636547','7399042020001538','20190923142405','1','NIDA HANIFAH','000048500000','360','Biaya Registrasi','','00',NULL,NULL,'2019-09-23 14:30:59',NULL,NULL,1754),('000000006522','7399042020001530','20190923143258','1','ANDHINI CARISSA LUTHFIA MANNAG','000048500000','360','Biaya Registrasi','','00',NULL,NULL,'2019-09-23 14:33:09',NULL,NULL,1755),('000000007399','7399042020001570','20190923154127','1','MUHAMMAD LUTHFIE ALZANAQI','000048500000','360','Biaya Registrasi','','00',NULL,NULL,'2019-09-23 15:41:38',NULL,NULL,1756),('858323926601','7399042828881446','20190923155149','2','','','','','','15',NULL,NULL,'2019-09-23 15:52:14',NULL,NULL,1757),('858552926601','7399042020001446','20190923155248','2','RAID LENDRA PRINGGANDANI','000025000000','360','Biaya Registrasi','','00',NULL,NULL,'2019-09-23 15:53:13',NULL,NULL,1758),('400403      ','7399042020001085','20190923155313','1','WILLIAM TAN NATANEGARA','000048500000','360','Biaya Registrasi','','00',NULL,NULL,'2019-09-23 15:53:24',NULL,NULL,1759),('858687926601','7399042020001446','20190923155340','2','RAID LENDRA PRINGGANDANI','000025000000','360','Biaya Registrasi','','00',NULL,NULL,'2019-09-23 15:54:05',NULL,NULL,1760),('000000023396','7399042020000830','20190923180246','1','MUHAMAD TAHER HUSIN KASTARI','000048500000','360','Biaya Registrasi','','00',NULL,NULL,'2019-09-23 17:53:15',NULL,NULL,1761),('000000765652','7399042020001575','20190923193014','1','PUSPA ANISSA','000048500000','360','Biaya Registrasi','','00',NULL,NULL,'2019-09-23 19:30:32',NULL,NULL,1762),('000000766567','7399042020001575','20190923193056','1','PUSPA ANISSA','000048500000','360','Biaya Registrasi','','00',NULL,NULL,'2019-09-23 19:31:09',NULL,NULL,1763),('000000767361','7399042020001575','20190923193132','1','PUSPA ANISSA','000048500000','360','Biaya Registrasi','','00',NULL,NULL,'2019-09-23 19:31:55',NULL,NULL,1764),('000000768600','7399042020001575','20190923193227','1','PUSPA ANISSA','000048500000','360','Biaya Registrasi','','00',NULL,NULL,'2019-09-23 19:32:44',NULL,NULL,1765),('875950      ','7399042020001502','20190923204013','1','KUSNANDAR','000048500000','360','Biaya Registrasi','','00',NULL,NULL,'2019-09-23 20:40:28',NULL,NULL,1766),('000000720745','7399042020001580','20190923205340','1','KAYLA HANIFA FAUZIAH','000048500000','360','Biaya Registrasi','','00',NULL,NULL,'2019-09-23 20:53:37',NULL,NULL,1767),('000000892985','7399042020001578','20190923211352','1','NAURA PUTRI FATHIA','000048500000','360','Biaya Registrasi','','00',NULL,NULL,'2019-09-23 21:14:04',NULL,NULL,1768),('000000893205','7399042020001578','20190923211404','1','NAURA PUTRI FATHIA','000048500000','360','Biaya Registrasi','','00',NULL,NULL,'2019-09-23 21:14:18',NULL,NULL,1769),('000000893575','7399042020001578','20190923211426','1','NAURA PUTRI FATHIA','000048500000','360','Biaya Registrasi','','00',NULL,NULL,'2019-09-23 21:14:43',NULL,NULL,1770),('731539      ','7399042020001582','20190923225806','1','KEYNAIYA NADZWA ASKOLANI','000048500000','360','Biaya Registrasi','','00',NULL,NULL,'2019-09-23 22:58:17',NULL,NULL,1771),('000000184111','7399042020001578','20190924064537','1','NAURA PUTRI FATHIA','000048500000','360','Biaya Registrasi','','00',NULL,NULL,'2019-09-24 06:45:49',NULL,NULL,1772),('000000008042','7399042020001544','20190924071052','1','ASSYFA SABRINA MONDA','000048500000','360','Biaya Registrasi','','00',NULL,NULL,'2019-09-24 07:11:05',NULL,NULL,1773),('000336990085','7399042020001577','20190924075250','1','FATHIYA SHIREEN KAYYISA','000048500000','360','Biaya Registrasi','','00',NULL,NULL,'2019-09-24 07:53:08',NULL,NULL,1774),('797734      ','7399042020001585','20190924080334','1','HAFIDZ ZUHAYR SHIDDIQ','000048500000','360','Biaya Registrasi','','00',NULL,NULL,'2019-09-24 08:03:48',NULL,NULL,1775),('492082      ','7399042020001590','20190924083250','1','RAISYA AZZUKHRUF','000048500000','360','Biaya Registrasi','','00',NULL,NULL,'2019-09-24 08:35:47',NULL,NULL,1776),('492133      ','7399042020001590','20190924083317','1','RAISYA AZZUKHRUF','000048500000','360','Biaya Registrasi','','00',NULL,NULL,'2019-09-24 08:36:11',NULL,NULL,1777),('540780      ','7399042020001565','20190924083908','1','QOLBIYATUN NURUL FAJRIYAH','000048500000','360','Biaya Registrasi','','00',NULL,NULL,'2019-09-24 08:39:26',NULL,NULL,1778),('000337039603','7399042020001407','20190924085845','1','MOHAMMAD LANTIPTRENGGINAS','000048500000','360','Biaya Registrasi','','00',NULL,NULL,'2019-09-24 08:58:57',NULL,NULL,1779),('206968361220','7399042020001274','20190924090019','1','AHMAD ZUHDAN ANWAT','000048500000','360','Biaya Registrasi','','00',NULL,NULL,'2019-09-24 09:00:30',NULL,NULL,1780),('588396      ','7399042020001592','20190924092137','1','CATHLEA CHALISA HAKIM','000048500000','360','Biaya Registrasi','','00',NULL,NULL,'2019-09-24 09:24:34',NULL,NULL,1781),('548400      ','7399042020001592','20190924092159','1','CATHLEA CHALISA HAKIM','000048500000','360','Biaya Registrasi','','00',NULL,NULL,'2019-09-24 09:25:26',NULL,NULL,1782),('368468      ','7399042020001592','20190924092257','1','CATHLEA CHALISA HAKIM','000048500000','360','Biaya Registrasi','','00',NULL,NULL,'2019-09-24 09:25:55',NULL,NULL,1783),('206968656729','7399042020001274','20190924092537','1','AHMAD ZUHDAN ANWAT','000048500000','360','Biaya Registrasi','','00',NULL,NULL,'2019-09-24 09:25:56',NULL,NULL,1784),('828475      ','7399042020001592','20190924092318','1','CATHLEA CHALISA HAKIM','000048500000','360','Biaya Registrasi','','00',NULL,NULL,'2019-09-24 09:26:21',NULL,NULL,1785),('835615      ','7399042020001274','20190924092946','1','AHMAD ZUHDAN ANWAT','000048500000','360','Biaya Registrasi','','00',NULL,NULL,'2019-09-24 09:30:00',NULL,NULL,1786),('000337152350','7399042020001407','20190924111017','1','MOHAMMAD LANTIPTRENGGINAS','000025000000','360','Biaya Registrasi','','00',NULL,NULL,'2019-09-24 11:10:36',NULL,NULL,1787),('000000533328','7399042020001607','20190924111939','1','RAIF OMAR SYAFIQ','000048500000','360','Biaya Registrasi','','00',NULL,NULL,'2019-09-24 11:19:51',NULL,NULL,1788),('000000533444','7399042020001607','20190924111944','1','RAIF OMAR SYAFIQ','000048500000','360','Biaya Registrasi','','00',NULL,NULL,'2019-09-24 11:19:56',NULL,NULL,1789),('006974      ','7399042020001588','20190924131333','1','SALMA SALSABILA','000048500000','360','Biaya Registrasi','','00',NULL,NULL,'2019-09-24 13:13:50',NULL,NULL,1790),('133004004282','7399042020001573','20190924133004','2','RAIHANUM PUTRI DINATA','000048500000','360','Biaya Registrasi','','00',NULL,NULL,'2019-09-24 13:35:33',NULL,NULL,1791),('974740926701','7399042020001576','20190924141138','2','FAIRUZ ALEYDA FIRZANAH','000048500000','360','Biaya Registrasi','','00',NULL,NULL,'2019-09-24 14:12:03',NULL,NULL,1792),('974887926701','7399042020001576','20190924141240','2','FAIRUZ ALEYDA FIRZANAH','000048500000','360','Biaya Registrasi','','00',NULL,NULL,'2019-09-24 14:13:06',NULL,NULL,1793),('210493      ','7399042020000446','20190924141338','1','ZAHRA ALEXANDRA VEISHA','000048500000','360','Biaya Registrasi','','00',NULL,NULL,'2019-09-24 14:13:50',NULL,NULL,1794),('000000114916','7399042020001613','20190924142350','1','AZIZAH NUR SYA\'BANI','000048500000','360','Biaya Registrasi','','00',NULL,NULL,'2019-09-24 14:30:46',NULL,NULL,1795),('006824      ','7399042020001617','20190924153416','1','M. NAUFAL GALIH NUGROHO','000048500000','360','Biaya Registrasi','','00',NULL,NULL,'2019-09-24 15:34:28',NULL,NULL,1796),('000000001748','7399042020001616','20190924153644','1','KABILA STALSTA ARIFIN','000048500000','360','Biaya Registrasi','','00',NULL,NULL,'2019-09-24 15:36:59',NULL,NULL,1797),('000000009338','7399042020001445','20190924154139','1','MUHAMMAD FAIRUZ MUSYAFFA','000048500000','360','Biaya Registrasi','','00',NULL,NULL,'2019-09-24 15:41:51',NULL,NULL,1798),('000337391081','7399042020001621','20190924161336','1','SYAKIRA ARIANNA YUSUF','000048500000','360','Biaya Registrasi','','00',NULL,NULL,'2019-09-24 16:13:49',NULL,NULL,1799),('000009137149','7399042020001412','20190924173118','1','YUSUF AHMED NAJIH','000025000000','360','Biaya Registrasi','','00',NULL,NULL,'2019-09-24 17:31:30',NULL,NULL,1800),('007149926701','7399042020001623','20190924180344','2','MUHAMMAD IKHSAN SYAHPUTRA ','000048500000','360','Biaya Registrasi','','00',NULL,NULL,'2019-09-24 18:04:13',NULL,NULL,1801),('000000024679','7399042020001610','20190924184701','1','AQILA SYA\'BANI ABDURRAHMAN','000048500000','360','Biaya Registrasi','','00',NULL,NULL,'2019-09-24 18:43:50',NULL,NULL,1802),('000000024681','7399042020001610','20190924184913','1','AQILA SYA\'BANI ABDURRAHMAN','000048500000','360','Biaya Registrasi','','00',NULL,NULL,'2019-09-24 18:46:01',NULL,NULL,1803),('000000024699','7399042020001620','20190924214253','1','HILYA \'AINI YASYFA\'','000048500000','360','Biaya Registrasi','','00',NULL,NULL,'2019-09-24 21:39:41',NULL,NULL,1804),('657842      ','7399042020001345','20190924232033','1','MUHAMMAD HILMY RIZA SANTOSO','000048500000','360','Biaya Registrasi','','00',NULL,NULL,'2019-09-24 23:20:45',NULL,NULL,1805),('703966      ','7399042020001167','20190925060758','1','HASYA TALITHA AGHNIYA ','000048500000','360','Biaya Registrasi','','00',NULL,NULL,'2019-09-25 06:08:11',NULL,NULL,1806),('000000714868','7399042020001627','20190925070326','1','MUHAMMAD ROLAN AFRIDO','000048500000','360','Biaya Registrasi','','00',NULL,NULL,'2019-09-25 07:03:39',NULL,NULL,1807),('000000715735','7399042020001627','20190925070409','1','MUHAMMAD ROLAN AFRIDO','000048500000','360','Biaya Registrasi','','00',NULL,NULL,'2019-09-25 07:04:21',NULL,NULL,1808),('000000006908','7399042020001537','20190925070446','1','FIRDAN AFWAN ADZKARY','000048500000','360','Biaya Registrasi','','00',NULL,NULL,'2019-09-25 07:04:59',NULL,NULL,1809),('000000716962','7399042020001627','20190925070513','1','MUHAMMAD ROLAN AFRIDO','000048500000','360','Biaya Registrasi','','00',NULL,NULL,'2019-09-25 07:05:25',NULL,NULL,1810),('000000717211','7399042020001627','20190925070526','1','MUHAMMAD ROLAN AFRIDO','000048500000','360','Biaya Registrasi','','00',NULL,NULL,'2019-09-25 07:05:38',NULL,NULL,1811),('000000717798','7399042020001627','20190925070557','1','MUHAMMAD ROLAN AFRIDO','000048500000','360','Biaya Registrasi','','00',NULL,NULL,'2019-09-25 07:06:09',NULL,NULL,1812),('000148      ','7399042020001351','20190925070621','1','KAHLA ARSYABA','000048500000','360','Biaya Registrasi','','00',NULL,NULL,'2019-09-25 07:06:34',NULL,NULL,1813),('000152      ','7399042020001351','20190925070859','1','KAHLA ARSYABA','000048500000','360','Biaya Registrasi','','00',NULL,NULL,'2019-09-25 07:09:12',NULL,NULL,1814),('000000006376','7399042020001537','20190925071721','1','FIRDAN AFWAN ADZKARY','000048500000','360','Biaya Registrasi','','00',NULL,NULL,'2019-09-25 07:17:34',NULL,NULL,1815),('776095      ','7399042020000312','20190925084816','1','ARIKA NAYSILA RAMDHANI','000048500000','360','Biaya Registrasi','','00',NULL,NULL,'2019-09-25 08:48:29',NULL,NULL,1816),('092500028423','7399042020001586','20190925092227','1','RENGGANIS PUTRI KUNAIFI','000048500000','360','Biaya Registrasi','','00',NULL,NULL,'2019-09-25 09:00:47',NULL,NULL,1817),('925111956987','7399042020001586','20190925090126','4','RENGGANIS PUTRI KUNAIFI','000048500000','360','Biaya Registrasi','','00',NULL,NULL,'2019-09-25 09:01:52',NULL,NULL,1818),('092500028528','7399042020001586','20190925092632','1','RENGGANIS PUTRI KUNAIFI','000048500000','360','Biaya Registrasi','','00',NULL,NULL,'2019-09-25 09:04:41',NULL,NULL,1819),('925111957089','7399042020001586','20190925091626','4','RENGGANIS PUTRI KUNAIFI','000048500000','360','Biaya Registrasi','','00',NULL,NULL,'2019-09-25 09:16:52',NULL,NULL,1820),('000000282392','7399042020001630','20190925092537','2','NAJWA YAMENIA ALFAIQ','000048500000','360','Biaya Registrasi','','00',NULL,NULL,'2019-09-25 09:26:06',NULL,NULL,1821),('000000000050','7399042020001629','20190925093420','1','ABDURRAHMAN FAIZ RIDWAN','000048500000','360','Biaya Registrasi','','00',NULL,NULL,'2019-09-25 09:34:32',NULL,NULL,1822),('000000006588','7399042020001629','20190925093754','1','ABDURRAHMAN FAIZ RIDWAN','000048500000','360','Biaya Registrasi','','00',NULL,NULL,'2019-09-25 09:38:07',NULL,NULL,1823),('093343001232','7399042020000139','20190925093343','2','MEIZY ARIANDY PRADITYA','000048500000','360','Biaya Registrasi','','00',NULL,NULL,'2019-09-25 09:39:14',NULL,NULL,1824),('000000006590','7399042020001629','20190925093859','1','ABDURRAHMAN FAIZ RIDWAN','000048500000','360','Biaya Registrasi','','00',NULL,NULL,'2019-09-25 09:39:14',NULL,NULL,1825),('093415001244','7399042020001394','20190925093415','2','MUHAMMAD UMAR AUFA','000025000000','360','Biaya Registrasi','','00',NULL,NULL,'2019-09-25 09:39:42',NULL,NULL,1826),('000000002530','7399042020001632','20190925095501','1','MUHAMMAD FAYDHIL IMAN','000048500000','360','Biaya Registrasi','','00',NULL,NULL,'2019-09-25 09:45:28',NULL,NULL,1827),('881018      ','7399042020001484','20190925095117','1','MUHAMMAD AZZAM SYAMIL','000048500000','360','Biaya Registrasi','','00',NULL,NULL,'2019-09-25 09:51:30',NULL,NULL,1828),('000000004029','7399042020000524','20190925110715','1','MUSA RASYABAN','000048500000','360','Biaya Registrasi','','00',NULL,NULL,'2019-09-25 11:07:27',NULL,NULL,1829),('000000002390','7399042020001581','20190925123700','1','NURUL FADILAH HASIBUAN','000048500000','360','Biaya Registrasi','','00',NULL,NULL,'2019-09-25 12:37:13',NULL,NULL,1830),('000000002392','7399042020001583','20190925123921','1','AHMAD FAUZI PULUNGAN','000048500000','360','Biaya Registrasi','','00',NULL,NULL,'2019-09-25 12:39:34',NULL,NULL,1831),('159093      ','7399042020001638','20190925134706','1','ALISHA HANUNAH RASALHAGUE','000048500000','360','Biaya Registrasi','','00',NULL,NULL,'2019-09-25 13:47:19',NULL,NULL,1832),('618553      ','7399042020001638','20190925134728','1','ALISHA HANUNAH RASALHAGUE','000048500000','360','Biaya Registrasi','','00',NULL,NULL,'2019-09-25 13:47:41',NULL,NULL,1833),('000000004235','7399042020001631','20190925135655','1','RIZQIA SHAIZA ANDINI','000048500000','360','Biaya Registrasi','','00',NULL,NULL,'2019-09-25 13:57:08',NULL,NULL,1834),('611543      ','7399042020001639','20190925142705','1','ATHADHIA HANA WIBOWO','000048500000','360','Biaya Registrasi','','00',NULL,NULL,'2019-09-25 14:27:17',NULL,NULL,1835),('003122      ','7399042020001637','20190925145818','1','MUHAMMAD FADHLI PRADITA RIDLO','000048500000','360','Biaya Registrasi','','00',NULL,NULL,'2019-09-25 14:58:31',NULL,NULL,1836),('000000343952','7399042020001642','20190925154807','2','DINDA RESTU PUTRI','000048500000','360','Biaya Registrasi','','00',NULL,NULL,'2019-09-25 15:48:43',NULL,NULL,1837),('000000009062','7399042020001644','20190925161857','1','','','','','','15',NULL,NULL,'2019-09-25 16:19:09',NULL,NULL,1838),('000000001209','7399042020001641','20190925162056','1','MOZAILLA AULIA RAHMAH RIYANTO','000048500000','360','Biaya Registrasi','','00',NULL,NULL,'2019-09-25 16:21:09',NULL,NULL,1839),('000000731750','7399042020001497','20190925163043','1','MUHAMAD HASBI KHADAFI','000048500000','360','Biaya Registrasi','','00',NULL,NULL,'2019-09-25 16:37:41',NULL,NULL,1840),('561914      ','7399042020001376','20190925172334','1','MUHAMMAD SALMAN AL-FARISI','000048500000','360','Biaya Registrasi','','00',NULL,NULL,'2019-09-25 17:23:04',NULL,NULL,1841),('000000006695','7399042020001629','20190925172327','1','ABDURRAHMAN FAIZ RIDWAN','000048500000','360','Biaya Registrasi','','00',NULL,NULL,'2019-09-25 17:23:40',NULL,NULL,1842),('000000006698','7399042020001629','20190925172502','1','ABDURRAHMAN FAIZ RIDWAN','000048500000','360','Biaya Registrasi','','00',NULL,NULL,'2019-09-25 17:25:15',NULL,NULL,1843),('000000006700','7399042020001629','20190925172553','1','ABDURRAHMAN FAIZ RIDWAN','000048500000','360','Biaya Registrasi','','00',NULL,NULL,'2019-09-25 17:26:06',NULL,NULL,1844),('001596      ','7399042020001521','20190925181720','1','ALFIA RAHMA SOVITANAYA','000048500000','360','Biaya Registrasi','','00',NULL,NULL,'2019-09-25 18:17:32',NULL,NULL,1845),('000338461287','7399042020001541','20190925183732','1','NAURA IZZATI ','000048500000','360','Biaya Registrasi','','00',NULL,NULL,'2019-09-25 18:37:46',NULL,NULL,1846),('000000006723','7399042020001629','20190925185345','1','ABDURRAHMAN FAIZ RIDWAN','000048500000','360','Biaya Registrasi','','00',NULL,NULL,'2019-09-25 18:53:57',NULL,NULL,1847),('000000003091','7399042020001644','20190925190239','1','DEFDAVA ANANDHIA HARYADI','000048500000','360','Biaya Registrasi','','00',NULL,NULL,'2019-09-25 19:02:52',NULL,NULL,1848),('000000025898','7399042020001650','20190925212459','1','NADIA FADILLAH SARI','000048500000','360','Biaya Registrasi','','00',NULL,NULL,'2019-09-25 21:23:55',NULL,NULL,1849),('000000006789','7399042020001629','20190925221826','1','ABDURRAHMAN FAIZ RIDWAN','000048500000','360','Biaya Registrasi','','00',NULL,NULL,'2019-09-25 22:18:39',NULL,NULL,1850),('000000693476','7399042020001658','20190926070736','1','NAMIRA SYARFALYAA WINARTO','000048500000','360','Biaya Registrasi','','00',NULL,NULL,'2019-09-26 07:07:49',NULL,NULL,1851),('000000693597','7399042020001658','20190926070743','1','NAMIRA SYARFALYAA WINARTO','000048500000','360','Biaya Registrasi','','00',NULL,NULL,'2019-09-26 07:07:56',NULL,NULL,1852),('000000694631','7399042020001659','20190926070849','1','SHANDRYNA NAAZMUTIA WINARTO','000048500000','360','Biaya Registrasi','','00',NULL,NULL,'2019-09-26 07:09:02',NULL,NULL,1853),('000000694714','7399042020001659','20190926070854','1','SHANDRYNA NAAZMUTIA WINARTO','000048500000','360','Biaya Registrasi','','00',NULL,NULL,'2019-09-26 07:09:07',NULL,NULL,1854),('000000695076','7399042020001658','20190926070916','1','NAMIRA SYARFALYAA WINARTO','000048500000','360','Biaya Registrasi','','00',NULL,NULL,'2019-09-26 07:09:29',NULL,NULL,1855),('000000695493','7399042020001659','20190926070943','1','SHANDRYNA NAAZMUTIA WINARTO','000048500000','360','Biaya Registrasi','','00',NULL,NULL,'2019-09-26 07:09:56',NULL,NULL,1856),('000000007389','7399042020000905','20190926071634','1','MOHAMAD GARIN ATHAR','000048500000','360','Biaya Registrasi','','00',NULL,NULL,'2019-09-26 07:16:47',NULL,NULL,1857),('991760      ','7399042020001660','20190926072739','1','KEISHA AULIA AZKA','000048500000','360','Biaya Registrasi','','00',NULL,NULL,'2019-09-26 07:27:51',NULL,NULL,1858),('239192926901','7399042020001224','20190926074920','2','ALYA SAFFANAH PUTRI HARDIANSYA','000048500000','360','Biaya Registrasi','','00',NULL,NULL,'2019-09-26 07:49:47',NULL,NULL,1859),('000000408160','7399042020001224','20190926075209','2','ALYA SAFFANAH PUTRI HARDIANSYA','000048500000','360','Biaya Registrasi','','00',NULL,NULL,'2019-09-26 07:52:39',NULL,NULL,1860),('512299      ','7399042020001646','20190926080432','1','RAINA ZALFA SYAKIRA','000048500000','360','Biaya Registrasi','','00',NULL,NULL,'2019-09-26 08:04:44',NULL,NULL,1861),('000000006846','7399042020001629','20190926080440','1','ABDURRAHMAN FAIZ RIDWAN','000048500000','360','Biaya Registrasi','','00',NULL,NULL,'2019-09-26 08:04:53',NULL,NULL,1862),('099144      ','7399042020001662','20190926083455','1','ASYRAFI DAFA SATRIA DIRGANTARA','000048500000','360','Biaya Registrasi','','00',NULL,NULL,'2019-09-26 08:35:09',NULL,NULL,1863),('868955      ','7399042020001662','20190926083528','1','ASYRAFI DAFA SATRIA DIRGANTARA','000048500000','360','Biaya Registrasi','','00',NULL,NULL,'2019-09-26 08:35:41',NULL,NULL,1864),('000338923224','7399042020001664','20190926092213','1','MUHAMMAD ASH SHIDQY','000048500000','360','Biaya Registrasi','','00',NULL,NULL,'2019-09-26 09:22:27',NULL,NULL,1865),('091920000995','7399042020001663','20190926091920','2','HALENA LEVINA FARICA','000048500000','360','Biaya Registrasi','','00',NULL,NULL,'2019-09-26 09:24:47',NULL,NULL,1866),('000000026137','7399042020001176','20190926093800','1','AHMAD DZAKI','000048500000','360','Biaya Registrasi','','00',NULL,NULL,'2019-09-26 09:28:27',NULL,NULL,1867),('000338934851','7399042020001664','20190926093227','1','MUHAMMAD ASH SHIDQY','000048500000','360','Biaya Registrasi','','00',NULL,NULL,'2019-09-26 09:32:42',NULL,NULL,1868),('000338950057','7399042020001665','20190926094607','1','ASTI ASH SHIDQY','000048500000','360','Biaya Registrasi','','00',NULL,NULL,'2019-09-26 09:46:22',NULL,NULL,1869),('000000946869','7399042020001438','20190926095800','1','MUHAMMAD IZZAH RAHMATULLAH SUK','000048500000','360','Biaya Registrasi','','00',NULL,NULL,'2019-09-26 09:58:13',NULL,NULL,1870),('000000953847','7399042020001438','20190926100204','1','MUHAMMAD IZZAH RAHMATULLAH SUK','000048500000','360','Biaya Registrasi','','00',NULL,NULL,'2019-09-26 10:02:17',NULL,NULL,1871),('100844001762','7399042020001629','20190926100844','2','ABDURRAHMAN FAIZ RIDWAN','000048500000','360','Biaya Registrasi','','00',NULL,NULL,'2019-09-26 10:14:11',NULL,NULL,1872),('000000122161','7399042020001668','20190926103940','1','LATISYA MALIKA','000048500000','360','Biaya Registrasi','','00',NULL,NULL,'2019-09-26 10:39:53',NULL,NULL,1873),('000000122385','7399042020001668','20190926103947','1','LATISYA MALIKA','000048500000','360','Biaya Registrasi','','00',NULL,NULL,'2019-09-26 10:40:00',NULL,NULL,1874),('000000122887','7399042020001668','20190926104004','1','LATISYA MALIKA','000048500000','360','Biaya Registrasi','','00',NULL,NULL,'2019-09-26 10:40:17',NULL,NULL,1875),('666531      ','7399042020001667','20190926120116','1','IRFAN RANGGA MIFTAHURRIZQI','000048500000','360','Biaya Registrasi','','00',NULL,NULL,'2019-09-26 12:01:30',NULL,NULL,1876),('000000318165','7399042020001674','20190926122942','1','MUHAMMAD HARITS RASYID','000048500000','360','Biaya Registrasi','','00',NULL,NULL,'2019-09-26 12:29:55',NULL,NULL,1877),('000000318426','7399042020001674','20190926122951','1','MUHAMMAD HARITS RASYID','000048500000','360','Biaya Registrasi','','00',NULL,NULL,'2019-09-26 12:30:03',NULL,NULL,1878),('000000319435','7399042020001674','20190926123026','1','MUHAMMAD HARITS RASYID','000048500000','360','Biaya Registrasi','','00',NULL,NULL,'2019-09-26 12:30:38',NULL,NULL,1879),('000000006987','7399042020001629','20190926141759','1','ABDURRAHMAN FAIZ RIDWAN','000025000000','360','Biaya Registrasi','','00',NULL,NULL,'2019-09-26 14:18:12',NULL,NULL,1880),('000000005123','7399042020001661','20190926142627','1','RIZQA SHAIZA ANDANI','000048500000','360','Biaya Registrasi','','00',NULL,NULL,'2019-09-26 14:26:40',NULL,NULL,1881),('442274      ','7399042020001684','20190926150542','1','VIRGIAWAN AKMAL HANIF RABBANI','000048500000','360','Biaya Registrasi','','00',NULL,NULL,'2019-09-26 15:05:55',NULL,NULL,1882),('000000026166','7399042020001675','20190926161228','1','GHUMAYDA NAURA FATHIYAH','000048500000','360','Biaya Registrasi','','00',NULL,NULL,'2019-09-26 16:02:55',NULL,NULL,1883),('000339460941','7399042020001541','20190926174442','1','NAURA IZZATI ','000048500000','360','Biaya Registrasi','','00',NULL,NULL,'2019-09-26 17:44:57',NULL,NULL,1884),('000000026596','7399042020001622','20190926175149','1','KAFKA NAFISA PRIHADIAN','000048500000','360','Biaya Registrasi','','00',NULL,NULL,'2019-09-26 17:50:39',NULL,NULL,1885),('000000998528','7399042020001505','20190926180959','1','IVANARIEL RAVENDRA WIKRAM','000048500000','360','Biaya Registrasi','','00',NULL,NULL,'2019-09-26 18:10:00',NULL,NULL,1886),('007699      ','7399042020001643','20190926202549','1','WAFI CENDIKIA ALFATH','000048500000','360','Biaya Registrasi','','00',NULL,NULL,'2019-09-26 19:26:02',NULL,NULL,1887),('000000026200','7399042020001174','20190926193445','1','ADAM BIL HAQ AL MAGHRIBI','000048500000','360','Biaya Registrasi','','00',NULL,NULL,'2019-09-26 19:33:35',NULL,NULL,1888),('000000026202','7399042020001173','20190926193539','1','NABIL AL ABYAZ PUTRA MAGHRIBI','000048500000','360','Biaya Registrasi','','00',NULL,NULL,'2019-09-26 19:34:30',NULL,NULL,1889),('190926475821','7399042020001692','20190926211044','1','HANIIFAH','000048500000','360','Biaya Registrasi','','00',NULL,NULL,'2019-09-26 21:11:01',NULL,NULL,1890),('000000515911','7399042020001611','20190927053126','2','FIKRI SYAKIR MUJADDID','000048500000','360','Biaya Registrasi','','00',NULL,NULL,'2019-09-27 05:32:07',NULL,NULL,1891),('000000515932','7399042020001611','20190927053150','2','FIKRI SYAKIR MUJADDID','000048500000','360','Biaya Registrasi','','00',NULL,NULL,'2019-09-27 05:32:20',NULL,NULL,1892),('000000516109','7399042020001611','20190927053539','2','FIKRI SYAKIR MUJADDID','000048500000','360','Biaya Registrasi','','00',NULL,NULL,'2019-09-27 05:36:09',NULL,NULL,1893),('000339755234','7399042020001462','20190927063657','1','SALMAA MADINA Q','000048500000','360','Biaya Registrasi','','00',NULL,NULL,'2019-09-27 06:37:13',NULL,NULL,1894),('000339770101','7399042020001463','20190927070008','1','F4WW4Z HILMI A','000048500000','360','Biaya Registrasi','','00',NULL,NULL,'2019-09-27 07:00:24',NULL,NULL,1895),('659314      ','7399042020001698','20190927074134','1','KINANTI SHAWTA ABDI RAMADHAN','000048500000','360','Biaya Registrasi','','00',NULL,NULL,'2019-09-27 07:41:47',NULL,NULL,1896),('000000539945','7399042020001611','20190927092946','2','FIKRI SYAKIR MUJADDID','000048500000','360','Biaya Registrasi','','00',NULL,NULL,'2019-09-27 09:30:16',NULL,NULL,1897),('000000540857','7399042020001611','20190927093322','2','FIKRI SYAKIR MUJADDID','000048500000','360','Biaya Registrasi','','00',NULL,NULL,'2019-09-27 09:33:54',NULL,NULL,1898),('693372      ','7399042020001604','20190927093927','1','MUHAMMAD ATHALLAH GHOZY SOEMAN','000048500000','360','Biaya Registrasi','','00',NULL,NULL,'2019-09-27 09:39:40',NULL,NULL,1899),('006769      ','7399042020001703','20190927105933','1','MUHAMMAD ALIMUDDIN AL BIMAWY','000048500000','360','Biaya Registrasi','','00',NULL,NULL,'2019-09-27 09:59:47',NULL,NULL,1900),('000005825960','7399042020001705','20190927103402','1','HAPPY NASHWA ALIYA','000048500000','360','Biaya Registrasi','','00',NULL,NULL,'2019-09-27 10:34:15',NULL,NULL,1901),('000000916570','7399042020001704','20190927103750','1','ALYSSA RAMADHANI','000048500000','360','Biaya Registrasi','','00',NULL,NULL,'2019-09-27 10:38:04',NULL,NULL,1902),('000000916963','7399042020001704','20190927103800','1','ALYSSA RAMADHANI','000048500000','360','Biaya Registrasi','','00',NULL,NULL,'2019-09-27 10:38:14',NULL,NULL,1903),('000000918385','7399042020001704','20190927103838','1','ALYSSA RAMADHANI','000048500000','360','Biaya Registrasi','','00',NULL,NULL,'2019-09-27 10:38:52',NULL,NULL,1904),('000000919008','7399042020001704','20190927103856','1','ALYSSA RAMADHANI','000048500000','360','Biaya Registrasi','','00',NULL,NULL,'2019-09-27 10:39:09',NULL,NULL,1905),('733507      ','7399042020001604','20190927104405','1','MUHAMMAD ATHALLAH GHOZY SOEMAN','000048500000','360','Biaya Registrasi','','00',NULL,NULL,'2019-09-27 10:44:18',NULL,NULL,1906),('244836      ','7399042020001306','20190927105102','1','AQILA MUTIA AZZAHRA','000048500000','360','Biaya Registrasi','','00',NULL,NULL,'2019-09-27 10:51:15',NULL,NULL,1907),('000000005650','7399042020001400','20190927111148','1','ALLYSA PUTRI NAHIRAH','000048500000','360','Biaya Registrasi','','00',NULL,NULL,'2019-09-27 11:12:01',NULL,NULL,1908),('793379      ','7399042020001707','20190927114958','1','YUSUF FIRAS MULYAWAN','000048500000','360','Biaya Registrasi','','00',NULL,NULL,'2019-09-27 11:50:11',NULL,NULL,1909),('000000000855','7399042020001667','20190927122401','1','IRFAN RANGGA MIFTAHURRIZQI','000048500000','360','Biaya Registrasi','','00',NULL,NULL,'2019-09-27 12:24:15',NULL,NULL,1910),('000000000862','7399042020001667','20190927122901','1','IRFAN RANGGA MIFTAHURRIZQI','000048500000','360','Biaya Registrasi','','00',NULL,NULL,'2019-09-27 12:29:15',NULL,NULL,1911),('815610      ','7399042020001667','20190927123438','1','IRFAN RANGGA MIFTAHURRIZQI','000048500000','360','Biaya Registrasi','','00',NULL,NULL,'2019-09-27 12:34:51',NULL,NULL,1912),('000340116076','7399042020001708','20190927123929','1','FARAH NINDYA PRAMESTI','000048500000','360','Biaya Registrasi','','00',NULL,NULL,'2019-09-27 12:39:50',NULL,NULL,1913),('466348927001','7399042020001700','20190927125511','2','MUHAMMAD HAFIDZ','000048500000','360','Biaya Registrasi','','00',NULL,NULL,'2019-09-27 12:55:38',NULL,NULL,1914),('466522927001','7399042020001700','20190927125605','2','MUHAMMAD HAFIDZ','000048500000','360','Biaya Registrasi','','00',NULL,NULL,'2019-09-27 12:56:32',NULL,NULL,1915),('000000004361','7399042020001667','20190927131748','1','IRFAN RANGGA MIFTAHURRIZQI','000048500000','360','Biaya Registrasi','','00',NULL,NULL,'2019-09-27 13:18:02',NULL,NULL,1916),('000000575051','7399042020001710','20190927132634','2','NAJLA NAILA PUTRI RAHMIA','000048500000','360','Biaya Registrasi','','00',NULL,NULL,'2019-09-27 13:27:04',NULL,NULL,1917),('000000009680','7399042020001697','20190927135944','1','FUAISYATA ASSYATILA','000048500000','360','Biaya Registrasi','','00',NULL,NULL,'2019-09-27 13:59:58',NULL,NULL,1918),('000000581558','7399042020001710','20190927140957','2','NAJLA NAILA PUTRI RAHMIA','000048500000','360','Biaya Registrasi','','00',NULL,NULL,'2019-09-27 14:10:27',NULL,NULL,1919),('005962      ','7399042020001604','20190927141236','1','MUHAMMAD ATHALLAH GHOZY SOEMAN','000048500000','360','Biaya Registrasi','','00',NULL,NULL,'2019-09-27 14:12:49',NULL,NULL,1920),('005964      ','7399042020001604','20190927141342','1','MUHAMMAD ATHALLAH GHOZY SOEMAN','000048500000','360','Biaya Registrasi','','00',NULL,NULL,'2019-09-27 14:14:01',NULL,NULL,1921),('000000000954','7399042020001604','20190927141535','1','MUHAMMAD ATHALLAH GHOZY SOEMAN','000048500000','360','Biaya Registrasi','','00',NULL,NULL,'2019-09-27 14:15:48',NULL,NULL,1922),('000000489593','7399042020001694','20190927143154','1','RAMA ADITYA PUTRA ','000048500000','360','Biaya Registrasi','','00',NULL,NULL,'2019-09-27 14:32:07',NULL,NULL,1923),('000000490244','7399042020001694','20190927143213','1','RAMA ADITYA PUTRA ','000048500000','360','Biaya Registrasi','','00',NULL,NULL,'2019-09-27 14:32:26',NULL,NULL,1924),('000000493067','7399042020001691','20190927143331','1','RAHMA AULIA PUTRI ','000048500000','360','Biaya Registrasi','','00',NULL,NULL,'2019-09-27 14:33:44',NULL,NULL,1925),('000000493349','7399042020001691','20190927143340','1','RAHMA AULIA PUTRI ','000048500000','360','Biaya Registrasi','','00',NULL,NULL,'2019-09-27 14:33:54',NULL,NULL,1926),('000000495715','7399042020001691','20190927143449','1','RAHMA AULIA PUTRI ','000048500000','360','Biaya Registrasi','','00',NULL,NULL,'2019-09-27 14:35:02',NULL,NULL,1927),('000000498608','7399042020001694','20190927143613','1','RAMA ADITYA PUTRA ','000048500000','360','Biaya Registrasi','','00',NULL,NULL,'2019-09-27 14:36:26',NULL,NULL,1928),('000000009539','7399042020001435','20190927150430','1','KAVIN ZIY SULTHON','000048500000','360','Biaya Registrasi','','00',NULL,NULL,'2019-09-27 15:04:44',NULL,NULL,1929),('088604      ','7399042020001714','20190927151740','1','MUHAMMAD ALDEN PRABASWARA','000048500000','360','Biaya Registrasi','','00',NULL,NULL,'2019-09-27 15:17:54',NULL,NULL,1930),('000000004422','7399042020001667','20190927154030','1','IRFAN RANGGA MIFTAHURRIZQI','000025000000','360','Biaya Registrasi','','00',NULL,NULL,'2019-09-27 15:40:43',NULL,NULL,1931),('000000758073','7399042020001607','20190927164500','1','RAIF OMAR SYAFIQ','000048500000','360','Biaya Registrasi','','00',NULL,NULL,'2019-09-27 16:45:25',NULL,NULL,1932),('003683      ','7399042020001715','20190927164939','1','GHAZY HASAN FATHURROHMAN','000048500000','360','Biaya Registrasi','','00',NULL,NULL,'2019-09-27 16:49:53',NULL,NULL,1933),('000000992261','7399042020001719','20190927185134','1','MADINAH ADITYA WIJAYA','000048500000','360','Biaya Registrasi','','00',NULL,NULL,'2019-09-27 18:51:48',NULL,NULL,1934),('000000992380','7399042020001719','20190927185138','1','MADINAH ADITYA WIJAYA','000048500000','360','Biaya Registrasi','','00',NULL,NULL,'2019-09-27 18:51:52',NULL,NULL,1935),('000000993209','7399042020001719','20190927185205','1','MADINAH ADITYA WIJAYA','000048500000','360','Biaya Registrasi','','00',NULL,NULL,'2019-09-27 18:52:20',NULL,NULL,1936),('000000925393','7399042020001690','20190927192830','1','WIJDAAN ALTHOOF JAENURI','000048500000','360','Biaya Registrasi','','00',NULL,NULL,'2019-09-27 19:35:30',NULL,NULL,1937),('011207      ','7399042020001606','20190927202412','1','SALMA HANIFAH RIDWANSYAH','000048500000','360','Biaya Registrasi','','00',NULL,NULL,'2019-09-27 20:24:24',NULL,NULL,1938),('668529      ','7399042020001725','20190927204254','1','FAKHYRA SYAUQINA MAHENDRASTHI','000048500000','360','Biaya Registrasi','','00',NULL,NULL,'2019-09-27 20:43:08',NULL,NULL,1939),('006497      ','7399042020001495','20190927210314','1','MAYSA KIRANINA','000048500000','360','Biaya Registrasi','','00',NULL,NULL,'2019-09-27 21:03:28',NULL,NULL,1940),('000000639047','7399042020001713','20190927224629','2','KEYLA NINDIA SARIAMAH','000048500000','360','Biaya Registrasi','','00',NULL,NULL,'2019-09-27 22:47:01',NULL,NULL,1941),('088210      ','7399042020001728','20190928000720','1','NISRINA SYIFA RAMADHANI','000048500000','360','Biaya Registrasi','','00',NULL,NULL,'2019-09-28 00:07:34',NULL,NULL,1942),('000006690971','7399042020001729','20190928052452','1','AZALEA AURA TATA NEGARA','000048500000','360','Biaya Registrasi','','00',NULL,NULL,'2019-09-28 05:25:06',NULL,NULL,1943),('000340820149','7399042020001731','20190928060845','1','ZILDA AINUN TAZKIA','000048500000','360','Biaya Registrasi','','00',NULL,NULL,'2019-09-28 06:09:01',NULL,NULL,1944),('774946      ','7399042020001101','20190928065255','1','FAQIH AL&RSQUO;ABQORIY','000048500000','360','Biaya Registrasi','','00',NULL,NULL,'2019-09-28 06:53:08',NULL,NULL,1945),('873209      ','7399042020001101','20190928065710','1','FAQIH AL&RSQUO;ABQORIY','000048500000','360','Biaya Registrasi','','00',NULL,NULL,'2019-09-28 06:57:23',NULL,NULL,1946),('000000625458','7399042020001101','20190928070212','1','FAQIH AL&RSQUO;ABQORIY','000048500000','360','Biaya Registrasi','','00',NULL,NULL,'2019-09-28 07:02:26',NULL,NULL,1947),('000000652812','7399042020001733','20190928072315','2','IBRAHIM','000048500000','360','Biaya Registrasi','','00',NULL,NULL,'2019-09-28 07:23:47',NULL,NULL,1948),('000000652902','7399042020001733','20190928072450','2','IBRAHIM','000048500000','360','Biaya Registrasi','','00',NULL,NULL,'2019-09-28 07:25:22',NULL,NULL,1949),('000340869580','7399042020001735','20190928072539','1','AKHDAN RAFIE ANAQI','000048500000','360','Biaya Registrasi','','00',NULL,NULL,'2019-09-28 07:25:56',NULL,NULL,1950),('000000028110','7399042020001736','20190928082237','1','HELGA AURELLIA','000048500000','360','Biaya Registrasi','','00',NULL,NULL,'2019-09-28 08:19:26',NULL,NULL,1951),('000340930813','7399042020001555','20190928083816','1','NAJMI ALIAS FATINAH','000048500000','360','Biaya Registrasi','','00',NULL,NULL,'2019-09-28 08:38:33',NULL,NULL,1952),('000000659997','7399042020001702','20190928085030','2','AQILA BALQIS MULYANA','000048500000','360','Biaya Registrasi','','00',NULL,NULL,'2019-09-28 08:51:07',NULL,NULL,1953),('000000801364','7399042020001438','20190928090254','1','MUHAMMAD IZZAH RAHMATULLAH SUK','000048500000','360','Biaya Registrasi','','00',NULL,NULL,'2019-09-28 09:03:08',NULL,NULL,1954),('000000872800','7399042020001604','20190928094044','1','MUHAMMAD ATHALLAH GHOZY SOEMAN','000048500000','360','Biaya Registrasi','','00',NULL,NULL,'2019-09-28 09:40:58',NULL,NULL,1955),('000000873299','7399042020001604','20190928094101','1','MUHAMMAD ATHALLAH GHOZY SOEMAN','000048500000','360','Biaya Registrasi','','00',NULL,NULL,'2019-09-28 09:41:15',NULL,NULL,1956),('000340990623','7399042020001740','20190928094240','1','FAIZ RINDRA ATHALLAH','000048500000','360','Biaya Registrasi','','00',NULL,NULL,'2019-09-28 09:42:56',NULL,NULL,1957),('000000877930','7399042020001604','20190928094322','1','MUHAMMAD ATHALLAH GHOZY SOEMAN','000048500000','360','Biaya Registrasi','','00',NULL,NULL,'2019-09-28 09:43:36',NULL,NULL,1958),('882180      ','7399042020001604','20190928094842','1','MUHAMMAD ATHALLAH GHOZY SOEMAN','000048500000','360','Biaya Registrasi','','00',NULL,NULL,'2019-09-28 09:48:55',NULL,NULL,1959),('000000008057','7399042020001701','20190928102831','1','TAMAN HATI INSAN GAIB','000048500000','360','Biaya Registrasi','','00',NULL,NULL,'2019-09-28 10:28:45',NULL,NULL,1960),('003633      ','7399042020001453','20190928110644','1','MUHAMMAD NASYWAN AULIA ILMI','000048500000','360','Biaya Registrasi','','00',NULL,NULL,'2019-09-28 11:06:58',NULL,NULL,1961),('000000171135','7399042020001569','20190928112102','1','ZAHWA ALIYA NADIRA','000048500000','360','Biaya Registrasi','','00',NULL,NULL,'2019-09-28 11:21:16',NULL,NULL,1962),('000000674680','7399042020001738','20190928112524','2','ABDUL FAQIH','000048500000','360','Biaya Registrasi','','00',NULL,NULL,'2019-09-28 11:25:56',NULL,NULL,1963),('000000674994','7399042020001738','20190928112927','2','ABDUL FAQIH','000048500000','360','Biaya Registrasi','','00',NULL,NULL,'2019-09-28 11:30:00',NULL,NULL,1964),('000000675641','7399042020001738','20190928113629','2','ABDUL FAQIH','000048500000','360','Biaya Registrasi','','00',NULL,NULL,'2019-09-28 11:36:59',NULL,NULL,1965),('948298      ','7399042020001604','20190928121136','1','MUHAMMAD ATHALLAH GHOZY SOEMAN','000025000000','360','Biaya Registrasi','','00',NULL,NULL,'2019-09-28 12:11:50',NULL,NULL,1966),('000000003469','7399042020001652','20190928123136','1','AZMI SULAIMAN QUSH','000048500000','360','Biaya Registrasi','','00',NULL,NULL,'2019-09-28 12:31:50',NULL,NULL,1967),('000391839298','7399042020001633','20190928130330','1','AZRI AN-NUBI','000048500000','360','Biaya Registrasi','','00',NULL,NULL,'2019-09-28 13:03:44',NULL,NULL,1968),('000391839323','7399042020001633','20190928130520','1','AZRI AN-NUBI','000048500000','360','Biaya Registrasi','','00',NULL,NULL,'2019-09-28 13:05:34',NULL,NULL,1969),('503195      ','7399042020001734','20190928131539','1','NIKEISHA HASNA KAMILA','000048500000','360','Biaya Registrasi','','00',NULL,NULL,'2019-09-28 13:16:08',NULL,NULL,1970),('996347      ','7399042020001734','20190928131927','1','NIKEISHA HASNA KAMILA','000048500000','360','Biaya Registrasi','','00',NULL,NULL,'2019-09-28 13:19:56',NULL,NULL,1971),('000000684836','7399042020001738','20190928132535','2','ABDUL FAQIH','000025000000','360','Biaya Registrasi','','00',NULL,NULL,'2019-09-28 13:26:05',NULL,NULL,1972),('005717      ','7399042020001745','20190928145204','1','FARIZ AHMAD WIJAKSARA','000048500000','360','Biaya Registrasi','','00',NULL,NULL,'2019-09-28 13:52:18',NULL,NULL,1973),('000000007789','7399042020001633','20190928140909','1','AZRI AN-NUBI','000048500000','360','Biaya Registrasi','','00',NULL,NULL,'2019-09-28 14:09:24',NULL,NULL,1974),('000000007791','7399042020001633','20190928141039','1','AZRI AN-NUBI','000048500000','360','Biaya Registrasi','','00',NULL,NULL,'2019-09-28 14:10:53',NULL,NULL,1975),('000000001927','7399042020001745','20190928141216','1','FARIZ AHMAD WIJAKSARA','000048500000','360','Biaya Registrasi','','00',NULL,NULL,'2019-09-28 14:12:30',NULL,NULL,1976),('207022756132','7399042020001746','20190928152722','1','ATHAYA AHZA MAULANA','000048500000','360','Biaya Registrasi','','00',NULL,NULL,'2019-09-28 15:27:36',NULL,NULL,1977),('000000681058','7399042020001775','20190928161016','1','','','','','','15',NULL,NULL,'2019-09-28 16:10:30',NULL,NULL,1978),('000000685742','7399042020001775','20190928161302','1','','','','','','15',NULL,NULL,'2019-09-28 16:13:16',NULL,NULL,1979),('000000687934','7399042020001757','20190928161418','1','ZAHRA KA\'AMILA PUTRI MUDASIR','000048500000','360','Biaya Registrasi','','00',NULL,NULL,'2019-09-28 16:14:33',NULL,NULL,1980),('000000688525','7399042020001757','20190928161439','1','ZAHRA KA\'AMILA PUTRI MUDASIR','000048500000','360','Biaya Registrasi','','00',NULL,NULL,'2019-09-28 16:15:05',NULL,NULL,1981),('000000688940','7399042020001757','20190928161454','1','ZAHRA KA\'AMILA PUTRI MUDASIR','000048500000','360','Biaya Registrasi','','00',NULL,NULL,'2019-09-28 16:15:08',NULL,NULL,1982),('000000689620','7399042020001757','20190928161518','1','ZAHRA KA\'AMILA PUTRI MUDASIR','000048500000','360','Biaya Registrasi','','00',NULL,NULL,'2019-09-28 16:15:33',NULL,NULL,1983),('000000719715','7399042020001760','20190928163208','1','ZAHRA KA\'AMILA PUTRI MUDASIR','000048500000','360','Biaya Registrasi','','00',NULL,NULL,'2019-09-28 16:32:23',NULL,NULL,1984),('000000720233','7399042020001760','20190928163225','1','ZAHRA KA\'AMILA PUTRI MUDASIR','000048500000','360','Biaya Registrasi','','00',NULL,NULL,'2019-09-28 16:32:39',NULL,NULL,1985),('000000721025','7399042020001760','20190928163251','1','ZAHRA KA\'AMILA PUTRI MUDASIR','000048500000','360','Biaya Registrasi','','00',NULL,NULL,'2019-09-28 16:33:05',NULL,NULL,1986),('602584      ','7399042020001718','20190928164112','1','DANISHA BUSAINA AZRA','000048500000','360','Biaya Registrasi','','00',NULL,NULL,'2019-09-28 16:41:26',NULL,NULL,1987),('206477      ','7399042020001765','20190928172624','1','FALISHA NADIRA RIZKY','000048500000','360','Biaya Registrasi','','00',NULL,NULL,'2019-09-28 17:29:23',NULL,NULL,1988),('206541      ','7399042020001765','20190928172658','1','FALISHA NADIRA RIZKY','000048500000','360','Biaya Registrasi','','00',NULL,NULL,'2019-09-28 17:29:57',NULL,NULL,1989),('000000001251','7399042020001750','20190928174908','1','HASNA TAQIYYAH','000048500000','360','Biaya Registrasi','','00',NULL,NULL,'2019-09-28 17:49:22',NULL,NULL,1990),('000000000745','7399042020001763','20190928182139','1','ADILA SAFWANAH MAULIDA','000048500000','360','Biaya Registrasi','','00',NULL,NULL,'2019-09-28 18:21:53',NULL,NULL,1991),('000007451872','7399042020001772','20190928184644','1','MUHAMMAD NAZMI HABIBURRAHMAN A','000048500000','360','Biaya Registrasi','','00',NULL,NULL,'2019-09-28 18:46:58',NULL,NULL,1992),('000000135285','7399042020001774','20190928193243','1','DAFFA AL AKRAM','000048500000','360','Biaya Registrasi','','00',NULL,NULL,'2019-09-28 19:32:57',NULL,NULL,1993),('000000135867','7399042020001774','20190928193304','1','DAFFA AL AKRAM','000048500000','360','Biaya Registrasi','','00',NULL,NULL,'2019-09-28 19:33:18',NULL,NULL,1994),('000000137510','7399042020001774','20190928193406','1','DAFFA AL AKRAM','000048500000','360','Biaya Registrasi','','00',NULL,NULL,'2019-09-28 19:34:20',NULL,NULL,1995),('000000137720','7399042020001774','20190928193413','1','DAFFA AL AKRAM','000048500000','360','Biaya Registrasi','','00',NULL,NULL,'2019-09-28 19:34:27',NULL,NULL,1996),('000000065436','7399042020000657','20190928194819','1','MARSHA KHANZAHIRA MUMTAZA','000048500000','360','Biaya Registrasi','','00',NULL,NULL,'2019-09-28 19:55:21',NULL,NULL,1997),('000000180148','7399042020001776','20190928200123','1','SYAKILA SYAHLA','000048500000','360','Biaya Registrasi','','00',NULL,NULL,'2019-09-28 20:01:37',NULL,NULL,1998),('000000180373','7399042020001776','20190928200132','1','SYAKILA SYAHLA','000048500000','360','Biaya Registrasi','','00',NULL,NULL,'2019-09-28 20:01:46',NULL,NULL,1999),('000000180830','7399042020001776','20190928200150','1','SYAKILA SYAHLA','000048500000','360','Biaya Registrasi','','00',NULL,NULL,'2019-09-28 20:02:04',NULL,NULL,2000),('000000006268','7399042020001766','20190928200542','1','AURIGA AQEELA FAKIH','000048500000','360','Biaya Registrasi','','00',NULL,NULL,'2019-09-28 20:05:56',NULL,NULL,2001),('006879      ','7399042020001781','20190928204045','1','KGS FAHRI AKBAR','000048500000','360','Biaya Registrasi','','00',NULL,NULL,'2019-09-28 20:40:59',NULL,NULL,2002),('006881      ','7399042020001782','20190928204202','1','KGS FADIL AKBAR','000048500000','360','Biaya Registrasi','','00',NULL,NULL,'2019-09-28 20:42:16',NULL,NULL,2003),('000000007979','7399042020001767','20190928204718','1','RATU RAISSA NAILA SYARIEF','000048500000','360','Biaya Registrasi','','00',NULL,NULL,'2019-09-28 20:47:33',NULL,NULL,2004),('000000002537','7399042020001780','20190928205046','1','ANJUM EL MUMTAZ','000048500000','360','Biaya Registrasi','','00',NULL,NULL,'2019-09-28 20:51:00',NULL,NULL,2005),('603726      ','7399042020001785','20190928213510','1','MUHAMMAD RAIHAN IHSAN','000048500000','360','Biaya Registrasi','','00',NULL,NULL,'2019-09-28 21:35:24',NULL,NULL,2006),('410264      ','7399042020001785','20190928213532','1','MUHAMMAD RAIHAN IHSAN','000048500000','360','Biaya Registrasi','','00',NULL,NULL,'2019-09-28 21:35:46',NULL,NULL,2007),('000341648794','7399042020001688','20190929032711','1','MUHAMMAD GHIFARI MAULANA','000048500000','360','Biaya Registrasi','','00',NULL,NULL,'2019-09-29 03:27:29',NULL,NULL,2008),('000000732669','7399042020001792','20190929061717','2','HAFSHAH ASLITA NUR\'AFIYAH','000048500000','360','Biaya Registrasi','','00',NULL,NULL,'2019-09-29 06:17:48',NULL,NULL,2009),('000000522562','7399042020001788','20190929061737','1','FILZAH HANUN RAMDHANI','000048500000','360','Biaya Registrasi','','00',NULL,NULL,'2019-09-29 06:17:51',NULL,NULL,2010),('000000522599','7399042020001788','20190929061742','1','FILZAH HANUN RAMDHANI','000048500000','360','Biaya Registrasi','','00',NULL,NULL,'2019-09-29 06:17:56',NULL,NULL,2011),('000000523148','7399042020001788','20190929061845','1','FILZAH HANUN RAMDHANI','000048500000','360','Biaya Registrasi','','00',NULL,NULL,'2019-09-29 06:18:59',NULL,NULL,2012),('000000732872','7399042020001792','20190929062111','2','HAFSHAH ASLITA NUR\'AFIYAH','000048500000','360','Biaya Registrasi','','00',NULL,NULL,'2019-09-29 06:21:42',NULL,NULL,2013),('000000002955','7399042020001498','20190929070127','1','SHOFWAN HARITS MUZAKKI','000048500000','360','Biaya Registrasi','','00',NULL,NULL,'2019-09-29 07:00:17',NULL,NULL,2014),('000000002919','7399042020001737','20190929071119','1','AHMAD FADLY HIBATULLLAH','000048500000','360','Biaya Registrasi','','00',NULL,NULL,'2019-09-29 07:11:34',NULL,NULL,2015),('946645      ','7399042020001756','20190929072911','1','DZAKY ALMER JAMAIL WIDODO','000048500000','360','Biaya Registrasi','','00',NULL,NULL,'2019-09-29 07:29:25',NULL,NULL,2016),('000000098744','7399042020001797','20190929091026','1','GIZZA YASMIN RAMADHANI','000048500000','360','Biaya Registrasi','','00',NULL,NULL,'2019-09-29 09:17:28',NULL,NULL,2017),('000000721547','7399042020001802','20190929095543','1','AZKA KHAIRUNNISA','000048500000','360','Biaya Registrasi','','00',NULL,NULL,'2019-09-29 09:55:57',NULL,NULL,2018),('000000721691','7399042020001802','20190929095549','1','AZKA KHAIRUNNISA','000048500000','360','Biaya Registrasi','','00',NULL,NULL,'2019-09-29 09:56:04',NULL,NULL,2019),('000000722508','7399042020001802','20190929095629','1','AZKA KHAIRUNNISA','000048500000','360','Biaya Registrasi','','00',NULL,NULL,'2019-09-29 09:56:43',NULL,NULL,2020),('000000722728','7399042020001802','20190929095639','1','AZKA KHAIRUNNISA','000048500000','360','Biaya Registrasi','','00',NULL,NULL,'2019-09-29 09:56:54',NULL,NULL,2021),('863118      ','7399042020000234','20190929100103','1','KIRANA CHIQUITA ARDELIA','000048500000','360','Biaya Registrasi','','00',NULL,NULL,'2019-09-29 10:01:17',NULL,NULL,2022),('003532      ','7399042020001790','20190929102209','1','NAWFAL IZAZ IBNU FAKIH','000048500000','360','Biaya Registrasi','','00',NULL,NULL,'2019-09-29 10:22:23',NULL,NULL,2023),('000000029195','7399042020001807','20190929103608','1','DZAKY ANJALU NURRAHMAN','000048500000','360','Biaya Registrasi','','00',NULL,NULL,'2019-09-29 10:35:51',NULL,NULL,2024),('000000785402','7399042020001809','20190929104246','1','FITRI ANNISA NAURA','000048500000','360','Biaya Registrasi','','00',NULL,NULL,'2019-09-29 10:43:00',NULL,NULL,2025),('000000785834','7399042020001809','20190929104304','1','FITRI ANNISA NAURA','000048500000','360','Biaya Registrasi','','00',NULL,NULL,'2019-09-29 10:43:18',NULL,NULL,2026),('000000787565','7399042020001809','20190929104418','1','FITRI ANNISA NAURA','000048500000','360','Biaya Registrasi','','00',NULL,NULL,'2019-09-29 10:44:32',NULL,NULL,2027),('000000787843','7399042020001809','20190929104429','1','FITRI ANNISA NAURA','000048500000','360','Biaya Registrasi','','00',NULL,NULL,'2019-09-29 10:44:43',NULL,NULL,2028),